058
CXUS53 KGRB 031253
CLSRHI
CLIMATE REPORT
NATIONAL WEATHER SERVICE GREEN BAY
652 AM CST TUE MAR 3 2020
...THE RHINELANDER WI WINTER CLIMATE SUMMARY FROM 12/1/2019 TO
2/29/2020...
CLIMATE NORMAL PERIOD 1981 TO 2010
CLIMATE RECORD PERIOD 1908 TO 2020
WEATHER OBSERVED NORMAL DEPART LAST YEAR`S
VALUE DATE(S) VALUE FROM VALUE DATE(S)
NORMAL
................................................................
TEMPERATURE (F)
RECORD
HIGH 62 12/02/1998
LOW -42 02/03/1996
HIGHEST 45 02/23 48 -3 45 01/04
LOWEST -25 02/14 -27 2 -30 01/31
AVG. MAXIMUM 26.4 24.2 2.2 21.3
AVG. MINIMUM 8.9 6.0 2.9 1.5
MEAN 17.7 15.1 2.6 11.4
DAYS MAX >= 90 0 0.0 0.0 0
DAYS MAX <= 32 69 70.1 -1.1 50
DAYS MIN <= 32 90 88.6 1.4 59
DAYS MIN <= 0 24 30.5 -6.5 27
PRECIPITATION (INCHES)
RECORD
MAXIMUM 7.94 2005
MINIMUM 0.93 1958
TOTALS 5.68 3.48 2.20 6.00
DAILY AVG. 0.06 0.04 0.02 0.11
DAYS >= .01 28 MM MM 26
DAYS >= .10 16 MM MM 11
DAYS >= .50 2 MM MM 3
DAYS >= 1.00 1 MM MM 2
SNOWFALL (INCHES)
RECORDS
TOTAL 79.0 1969
24 HR TOTAL MM
TOTALS 52.9 MM MM 71.1
SINCE 7/1 71.0 MM MM 87.9
DAYS >= TRACE 44 MM MM 38
DAYS >= 1.0 15 MM MM 12
GREATEST
SNOW DEPTH 21 01/25 34 02/27
01/24 02/24
02/26
24 HR TOTAL 8.9 12/30
DEGREE_DAYS
HEATING TOTAL 4281 4488 -207 3149
SINCE 7/1 6488 6666 -178 6517
COOLING TOTAL 0 0 0 0
SINCE 1/1 0 0 0 0
FREEZE DATES
RECORD
EARLIEST 08/27/1915
LATEST 07/30/1928
EARLIEST 09/23
LATEST 05/20
.................................................................
WIND (MPH)
AVERAGE WIND SPEED 7.6
HIGHEST WIND SPEED/DIRECTION 28/260 DATE 02/23
HIGHEST GUST SPEED/DIRECTION 42/270 DATE 01/05
SKY COVER
POSSIBLE SUNSHINE (PERCENT) MM
AVERAGE SKY COVER 0.60
NUMBER OF DAYS FAIR 22
NUMBER OF DAYS PC 23
NUMBER OF DAYS CLOUDY 46
AVERAGE RH (PERCENT) 77
- INDICATES NEGATIVE NUMBERS.
R INDICATES RECORD WAS SET OR TIED.
MM INDICATES DATA IS MISSING.
T INDICATES TRACE AMOUNT.
$$
ECKBERG