000
CXUS55 KRIW 011010
CF6RIW
PRELIMINARY LOCAL CLIMATOLOGICAL DATA (WS FORM: F-6)
STATION: RIVERTON WY
MONTH: JUNE
YEAR: 2022
LATITUDE: 43 2 N
LONGITUDE: 108 27 W
TEMPERATURE IN F: :PCPN: SNOW: WIND :SUNSHINE: SKY :PK WND
================================================================================
1 2 3 4 5 6A 6B 7 8 9 10 11 12 13 14 15 16 17 18
12Z AVG MX 2MIN
DY MAX MIN AVG DEP HDD CDD WTR SNW DPTH SPD SPD DIR MIN PSBL S-S WX SPD DR
================================================================================
1 63 36 50 -9 15 0 0.00 0.0 0 4.7 12 50 M M 2 16 70
2 70 41 56 -3 9 0 T 0.0 0 7.0 23 10 M M 2 31 20
3 72 45 59 0 6 0 0.04 0.0 0 5.2 15 310 M M 2 3 19 280
4 75 47 61 1 4 0 T 0.0 0 8.6 23 290 M M 1 30 280
5 74 50 62 2 3 0 0.01 0.0 0 12.0 35 290 M M 1 48 290
6 74 50 62 2 3 0 0.00 0.0 0 12.9 25 280 M M 0 35 290
7 72 44 58 -3 7 0 0.00 0.0 0 8.1 22 210 M M 1 28 300
8 76 39 58 -3 7 0 0.00 0.0 0 5.3 15 310 M M 2 20 300
9 81 55 68 7 0 3 0.00 0.0 0 6.7 13 70 M M 1 20 50
10 87 52 70 8 0 5 0.00 0.0 0 8.4 22 260 M M 0 29 260
11 92 57 75 13 0 10 0.00 0.0 0 11.3 30 290 M M 0 41 260
12 91 51 71 9 0 6 0.00 0.0 0 8.9 28 50 M M 0 37 50
13 66 48 57 -5 8 0 T 0.0 0 13.4 39 260 M M 3 55 250
14 62 38 50 -13 15 0 0.00 0.0 0 16.5 35 270 M M 1 47 260
15 75 39 57 -6 8 0 0.00 0.0 0 15.8 39 290 M M 0 49 290
16 90 47 69 5 0 4 0.00 0.0 0 7.9 17 160 M M 0 22 180
17 93 47 70 6 0 5 T 0.0 0 8.9 36 270 M M 0 3 43 270
18 91 65 78 14 0 13 T 0.0 0 15.5 37 270 M M 2 54 280
19 77 48 63 -1 2 0 T 0.0 0 14.0 37 200 M M 3 47 200
20 71 45 58 -7 7 0 T 0.0 0 11.7 31 270 M M 3 3 38 260
21 76 42 59 -6 6 0 0.00 0.0 0 9.1 22 270 M M 0 29 280
22 86 43 65 -1 0 0 0.00 0.0 0 7.8 17 310 M M 0 23 310
23 84 52 68 2 0 3 T 0.0 0 12.7 29 220 M M 1 39 220
24 83 50 67 1 0 2 0.01 0.0 0 13.7 33 20 M M 2 46 30
25 70 49 60 -6 5 0 0.00 0.0 0 9.5 22 10 M M 4 31 20
26 77 47 62 -5 3 0 0.00 0.0 0 6.9 12 100 M M 1 16 90
27 87 50 69 2 0 4 0.00 0.0 0 6.9 13 50 M M 0 21 110
28 90 52 71 3 0 6 T 0.0 0 7.6 36 330 M M 0 3 54 330
29 90 62 76 8 0 11 0.00 0.0 0 12.7 35 280 M M 0 44 270
30 87 57 72 4 0 7 0.00 0.0 0 10.3 24 60 M M 0 35 60
================================================================================
SM 2382 1448 108 79 0.06 0.0 300.0 M 32
================================================================================
AV 79.4 48.3 10.0 FASTST M M 1 MAX(MPH)
MISC ----> # 39 260 55 250
================================================================================
NOTES:
# LAST OF SEVERAL OCCURRENCES
COLUMN 17 PEAK WIND IN M.P.H.
PRELIMINARY LOCAL CLIMATOLOGICAL DATA (WS FORM: F-6) , PAGE 2
STATION: RIVERTON WY
MONTH: JUNE
YEAR: 2022
LATITUDE: 43 2 N
LONGITUDE: 108 27 W
[TEMPERATURE DATA] [PRECIPITATION DATA] SYMBOLS USED IN COLUMN 16
AVERAGE MONTHLY: 63.8 TOTAL FOR MONTH: 0.06 1 = FOG OR MIST
DPTR FM NORMAL: 0.4 DPTR FM NORMAL: -0.88 2 = FOG REDUCING VISIBILITY
HIGHEST: 93 ON 17 GRTST 24HR 0.04 ON 2- 3 TO 1/4 MILE OR LESS
LOWEST: 36 ON 1 3 = THUNDER
SNOW, ICE PELLETS, HAIL 4 = ICE PELLETS
TOTAL MONTH: 0.0 INCH 5 = HAIL
GRTST 24HR 0.0 6 = FREEZING RAIN OR DRIZZLE
GRTST DEPTH: 0 7 = DUSTSTORM OR SANDSTORM:
VSBY 1/2 MILE OR LESS
8 = SMOKE OR HAZE
[NO. OF DAYS WITH] [WEATHER - DAYS WITH] 9 = BLOWING SNOW
X = TORNADO
MAX 32 OR BELOW: 0 0.01 INCH OR MORE: 3
MAX 90 OR ABOVE: 7 0.10 INCH OR MORE: 0
MIN 32 OR BELOW: 0 0.50 INCH OR MORE: 0
MIN 0 OR BELOW: 0 1.00 INCH OR MORE: 0
[HDD (BASE 65) ]
TOTAL THIS MO. 108 CLEAR (SCALE 0-3) 29
DPTR FM NORMAL -7 PTCLDY (SCALE 4-7) 1
TOTAL FM JUL 1 7275 CLOUDY (SCALE 8-10) 0
DPTR FM NORMAL -652
[CDD (BASE 65) ]
TOTAL THIS MO. 79
DPTR FM NORMAL 12 [PRESSURE DATA]
TOTAL FM JAN 1 81 HIGHEST SLP 30.37 ON 26
DPTR FM NORMAL 6 LOWEST SLP 29.42 ON 12
[REMARKS]
#FINAL-06-22#