000
CXUS55 KRIW 022341
CF6RIW
PRELIMINARY LOCAL CLIMATOLOGICAL DATA (WS FORM: F-6)
STATION: RIVERTON WY
MONTH: NOVEMBER
YEAR: 2020
LATITUDE: 43 2 N
LONGITUDE: 108 27 W
TEMPERATURE IN F: :PCPN: SNOW: WIND :SUNSHINE: SKY :PK WND
================================================================================
1 2 3 4 5 6A 6B 7 8 9 10 11 12 13 14 15 16 17 18
12Z AVG MX 2MIN
DY MAX MIN AVG DEP HDD CDD WTR SNW DPTH SPD SPD DIR MIN PSBL S-S WX SPD DR
================================================================================
1 58 22 40 2 25 0 0.00 0.0 0 4.7 12 230 M M 0 13 230
2 63 25 44 6 21 0 0.00 0.0 0 2.5 8 250 M M 0 9 260
3 67 31 49 12 16 0 0.00 0.0 0 6.1 17 280 M M 0 21 290
4 65 40 53 16 12 0 0.00 0.0 0 9.6 18 300 M M 0 23 300
5 69 39 54 18 11 0 0.00 0.0 0 7.3 18 300 M M 0 22 290
6 59 33 46 10 19 0 0.00 0.0 0 5.2 12 170 M M 0 16 180
7 63 38 51 16 14 0 0.05 0.0 0 14.9 33 210 M M 2 1 45 200
8 44 19 32 -2 33 0 T 0.0 0 12.7 26 230 M M 1 35 210
9 28 18 23 -11 42 0 T T 0 5.9 18 50 M M 6 24 50
10 38 17 28 -5 37 0 0.00 0.0 0 16.8 31 290 M M 3 42 300
11 41 12 27 -6 38 0 0.00 0.0 0 7.4 22 300 M M 1 29 290
12 36 7 22 -10 43 0 0.00 0.0 0 8.1 14 280 M M 0 20 270
13 50 10 30 -2 35 0 0.00 0.0 0 10.0 40 220 M M 1 50 220
14 39 11 25 -6 40 0 0.00 0.0 0 21.8 53 280 M M 1 8 69 270
15 50 13 32 1 33 0 0.00 0.0 0 8.5 20 300 M M 0 27 300
16 55 26 41 11 24 0 0.00 0.0 0 6.7 14 250 M M 0 16 200
17 59 25 42 12 23 0 0.00 0.0 0 8.0 25 180 M M 0 36 200
18 62 34 48 19 17 0 0.00 0.0 0 9.6 29 220 M M 1 39 220
19 48 23 36 8 29 0 0.00 0.0 0 12.0 29 260 M M 1 37 250
20 43 16 30 2 35 0 0.00 0.0 0 8.9 16 300 M M 0 20 300
21 38 9 24 -3 41 0 0.00 0.0 0 6.7 16 290 M M 0 20 300
22 35 4 20 -7 45 0 0.00 0.0 0 5.8 12 300 M M 0 14 40
23 38 13 26 0 39 0 0.00 0.0 0 4.7 13 230 M M 1 13 240
24 42 16 29 3 36 0 0.00 0.0 0 10.2 28 300 M M 1 38 310
25 41 11 26 1 39 0 0.00 0.0 0 6.1 15 290 M M 0 18 250
26 39 13 26 1 39 0 0.00 0.0 0 9.6 28 300 M M 0 36 290
27 36 8 22 -2 43 0 0.00 0.0 0 4.4 15 270 M M 0 18 270
28 39 9 24 0 41 0 0.00 0.0 0 4.7 13 300 M M 0 16 350
29 38 11 25 1 40 0 0.00 0.0 0 3.7 9 120 M M 0 14 110
30 37 4 21 -2 44 0 0.00 0.0 0 3.8 18 300 M M 0 23 290
================================================================================
SM 1420 557 954 0 0.05 T 246.4 M 19
================================================================================
AV 47.3 18.6 8.2 FASTST M M 1 MAX(MPH)
MISC ----> 53 280 69 270
================================================================================
NOTES:
# LAST OF SEVERAL OCCURRENCES
COLUMN 17 PEAK WIND IN M.P.H.
PRELIMINARY LOCAL CLIMATOLOGICAL DATA (WS FORM: F-6) , PAGE 2
STATION: RIVERTON WY
MONTH: NOVEMBER
YEAR: 2020
LATITUDE: 43 2 N
LONGITUDE: 108 27 W
[TEMPERATURE DATA] [PRECIPITATION DATA] SYMBOLS USED IN COLUMN 16
AVERAGE MONTHLY: 33.0 TOTAL FOR MONTH: 0.05 1 = FOG OR MIST
DPTR FM NORMAL: 2.6 DPTR FM NORMAL: -0.45 2 = FOG REDUCING VISIBILITY
HIGHEST: 69 ON 5 GRTST 24HR 0.05 ON 7- 7 TO 1/4 MILE OR LESS
LOWEST: 4 ON 30,22 3 = THUNDER
SNOW, ICE PELLETS, HAIL 4 = ICE PELLETS
TOTAL MONTH: T 5 = HAIL
GRTST 24HR T ON 9- 9 6 = FREEZING RAIN OR DRIZZLE
GRTST DEPTH: 0 7 = DUSTSTORM OR SANDSTORM:
VSBY 1/2 MILE OR LESS
8 = SMOKE OR HAZE
[NO. OF DAYS WITH] [WEATHER - DAYS WITH] 9 = BLOWING SNOW
X = TORNADO
MAX 32 OR BELOW: 1 0.01 INCH OR MORE: 1
MAX 90 OR ABOVE: 0 0.10 INCH OR MORE: 0
MIN 32 OR BELOW: 25 0.50 INCH OR MORE: 0
MIN 0 OR BELOW: 0 1.00 INCH OR MORE: 0
[HDD (BASE 65) ]
TOTAL THIS MO. 954 CLEAR (SCALE 0-3) 29
DPTR FM NORMAL -82 PTCLDY (SCALE 4-7) 1
TOTAL FM JUL 1 1847 CLOUDY (SCALE 8-10) 0
DPTR FM NORMAL -70
[CDD (BASE 65) ]
TOTAL THIS MO. 0
DPTR FM NORMAL 0 [PRESSURE DATA]
TOTAL FM JAN 1 644 HIGHEST SLP 30.61 ON 29
DPTR FM NORMAL 150 LOWEST SLP 29.04 ON 7
[REMARKS]
#FINAL-11-20#