000
CXUS55 KRIW 010945
CF6RIW
PRELIMINARY LOCAL CLIMATOLOGICAL DATA (WS FORM: F-6)
STATION: RIVERTON WY
MONTH: AUGUST
YEAR: 2020
LATITUDE: 43 2 N
LONGITUDE: 108 27 W
TEMPERATURE IN F: :PCPN: SNOW: WIND :SUNSHINE: SKY :PK WND
================================================================================
1 2 3 4 5 6A 6B 7 8 9 10 11 12 13 14 15 16 17 18
12Z AVG MX 2MIN
DY MAX MIN AVG DEP HDD CDD WTR SNW DPTH SPD SPD DIR MIN PSBL S-S WX SPD DR
================================================================================
1 87 57 72 -1 0 7 T 0.0 0 7.5 24 310 M M 1 3 32 300
2 95 56 76 3 0 11 0.00 0.0 0 7.6 16 80 M M 0 23 60
3 94 57 76 3 0 11 0.00 0.0 0 9.0 30 50 M M 0 40 200
4 89 57 73 0 0 8 0.00 0.0 0 9.2 26 10 M M 0 33 10
5 90 56 73 1 0 8 0.00 0.0 0 6.9 23 50 M M 0 31 110
6 94 59 77 5 0 12 T 0.0 0 10.4 21 260 M M 0 28 210
7 94 60 77 5 0 12 0.00 0.0 0 10.5 32 310 M M 0 3 47 310
8 90 58 74 2 0 9 0.00 0.0 0 9.9 33 270 M M 0 3 45 270
9 91 55 73 1 0 8 0.00 0.0 0 8.7 18 320 M M 0 28 310
10 91 56 74 2 0 9 0.00 0.0 0 7.9 18 220 M M 0 27 280
11 93 57 75 4 0 10 0.00 0.0 0 11.3 38 190 M M 0 50 190
12 91 54 73 2 0 8 0.00 0.0 0 9.7 38 240 M M 0 52 230
13 92 58 75 4 0 10 0.00 0.0 0 9.8 33 230 M M 0 42 240
14 84 54 69 -2 0 4 0.00 0.0 0 8.4 17 70 M M 0 24 70
15 90 52 71 1 0 6 0.00 0.0 0 5.6 16 50 M M 0 24 50
16 91 58 75 5 0 10 0.00 0.0 0 7.5 14 100 M M 0 18 90
17 95 55 75 5 0 10 0.00 0.0 0 7.7 14 70 M M 0 17 330
18 94 61 78 8 0 13 T 0.0 0 7.2 36 320 M M 0 50 330
19 93 58 76 7 0 11 T 0.0 0 10.7 35 20 M M 0 3 49 10
20 82 56 69 0 0 4 0.00 0.0 0 4.6 12 320 M M 0 14 170
21 88 56 72 3 0 7 0.00 0.0 0 5.3 13 310 M M 1 8 15 300
22 95 57 76 8 0 11 0.00 0.0 0 7.5 16 340 M M 0 8 24 330
23 92 59 76 8 0 11 0.00 0.0 0 8.9 30 240 M M 0 42 220
24 95 56 76 8 0 11 0.00 0.0 0 7.7 21 290 M M 0 26 290
25 93 63 78 11 0 13 T 0.0 0 10.6 31 320 M M 0 42 310
26 91 59 75 8 0 10 0.00 0.0 0 7.0 22 290 M M 0 3 29 290
27 91 61 76 9 0 11 0.00 0.0 0 10.1 38 10 M M 0 50 20
28 82 52 67 1 0 2 0.00 0.0 0 7.9 18 90 M M 1 24 90
29 88 54 71 5 0 6 0.00 0.0 0 9.0 25 270 M M 0 32 280
30 88 42 65 -1 0 0 0.00 0.0 0 12.1 32 40 M M 0 44 30
31 57 36 47 -18 18 0 0.01 0.0 0 5.4 13 280 M M 3 M M
================================================================================
SM 2780 1729 18 263 0.01 0.0 261.6 M 6
================================================================================
AV 89.7 55.8 8.4 FASTST M M 0 MAX(MPH)
MISC ----> # 38 190 # 52 230
================================================================================
NOTES:
# LAST OF SEVERAL OCCURRENCES
COLUMN 17 PEAK WIND IN M.P.H.
PRELIMINARY LOCAL CLIMATOLOGICAL DATA (WS FORM: F-6) , PAGE 2
STATION: RIVERTON WY
MONTH: AUGUST
YEAR: 2020
LATITUDE: 43 2 N
LONGITUDE: 108 27 W
[TEMPERATURE DATA] [PRECIPITATION DATA] SYMBOLS USED IN COLUMN 16
AVERAGE MONTHLY: 72.7 TOTAL FOR MONTH: 0.01 1 = FOG OR MIST
DPTR FM NORMAL: 3.0 DPTR FM NORMAL: -0.56 2 = FOG REDUCING VISIBILITY
HIGHEST: 95 ON 24,22 GRTST 24HR 0.01 ON 31-31 TO 1/4 MILE OR LESS
LOWEST: 36 ON 31 3 = THUNDER
SNOW, ICE PELLETS, HAIL 4 = ICE PELLETS
TOTAL MONTH: 0.0 INCH 5 = HAIL
GRTST 24HR 0.0 6 = FREEZING RAIN OR DRIZZLE
GRTST DEPTH: 0 7 = DUSTSTORM OR SANDSTORM:
VSBY 1/2 MILE OR LESS
8 = SMOKE OR HAZE
[NO. OF DAYS WITH] [WEATHER - DAYS WITH] 9 = BLOWING SNOW
X = TORNADO
MAX 32 OR BELOW: 0 0.01 INCH OR MORE: 1
MAX 90 OR ABOVE: 22 0.10 INCH OR MORE: 0
MIN 32 OR BELOW: 0 0.50 INCH OR MORE: 0
MIN 0 OR BELOW: 0 1.00 INCH OR MORE: 0
[HDD (BASE 65) ]
TOTAL THIS MO. 18 CLEAR (SCALE 0-3) 31
DPTR FM NORMAL -8 PTCLDY (SCALE 4-7) 0
TOTAL FM JUL 1 21 CLOUDY (SCALE 8-10) 0
DPTR FM NORMAL -17
[CDD (BASE 65) ]
TOTAL THIS MO. 263
DPTR FM NORMAL 90 [PRESSURE DATA]
TOTAL FM JAN 1 605 HIGHEST SLP 30.19 ON 17
DPTR FM NORMAL 137 LOWEST SLP 29.54 ON 30
[REMARKS]
#FINAL-08-20#