000
CXUS54 KCRP 011210
CF6RKP
PRELIMINARY LOCAL CLIMATOLOGICAL DATA (WS FORM: F-6)
STATION: ROCKPORT
MONTH: JULY
YEAR: 2023
LATITUDE: 28 4 N
LONGITUDE: 97 3 W
TEMPERATURE IN F: :PCPN: SNOW: WIND :SUNSHINE: SKY :PK WND
================================================================================
1 2 3 4 5 6A 6B 7 8 9 10 11 12 13 14 15 16 17 18
12Z AVG MX 2MIN
DY MAX MIN AVG DEP HDD CDD WTR SNW DPTH SPD SPD DIR MIN PSBL S-S WX SPD DR
================================================================================
1 93 82 88 3 0 23 0.00 0.0 0 11.2 18 130 M M 1 24 130
2 94 78 86 1 0 21 0.00 0.0 0 9.5 16 140 M M 1 23 140
3 95 80 88 3 0 23 0.00 0.0 0 8.7 17 130 M M 1 24 120
4 95 82 89 4 0 24 0.00 0.0 0 11.3 20 140 M M 2 18 28 140
5 92 78 85 0 0 20 0.51 0.0 0 10.2 22 150 M M 2 138 33 160
6 87 77 82 -3 0 17 0.03 0.0 0 10.8 26 140 M M 6 18 41 150
7 89 74 82 -3 0 17 0.29 0.0 0 11.3 22 110 M M 4 13 29 100
8 92 82 87 2 0 22 0.00 0.0 0 9.3 18 140 M M 2 1 26 160
9 93 82 88 3 0 23 0.00 0.0 0 11.2 20 140 M M 2 29 130
10 93 83 88 3 0 23 0.00 0.0 0 9.7 16 150 M M 3 1 25 160
11 92 83 88 3 0 23 0.00 0.0 0 12.0 20 140 M M 3 32 140
12 93 83 88 3 0 23 0.00 0.0 0 12.6 22 150 M M 5 1 31 150
13 92 83 88 3 0 23 0.00 0.0 0 12.5 22 150 M M 5 18 36 150
14 92 82 87 2 0 22 0.00 0.0 0 12.0 22 140 M M 3 18 30 150
15 92 82 87 2 0 22 0.00 0.0 0 11.7 20 140 M M 4 18 29 180
16 93 81 87 2 0 22 0.00 0.0 0 10.5 18 140 M M 2 18 27 160
17 94 80 87 2 0 22 0.00 0.0 0 9.0 17 140 M M 1 1 24 140
18 93 81 87 2 0 22 0.00 0.0 0 11.1 18 140 M M 1 26 140
19 94 82 88 3 0 23 0.00 0.0 0 11.4 20 140 M M 2 26 140
20 94 82 88 3 0 23 0.00 0.0 0 11.1 18 140 M M 2 24 130
21 94 78 86 0 0 21 0.00 0.0 0 9.0 16 120 M M 1 1 22 130
22 95 78 87 1 0 22 0.00 0.0 0 7.5 18 150 M M 1 25 170
23 95 79 87 1 0 22 0.00 0.0 0 7.7 17 140 M M 1 24 150
24 95 80 88 2 0 23 0.00 0.0 0 8.5 20 130 M M 1 24 140
25 94 80 87 1 0 22 0.00 0.0 0 8.7 18 140 M M 1 26 140
26 95 83 89 3 0 24 0.00 0.0 0 10.2 18 140 M M 2 138 26 150
27 94 82 88 2 0 23 0.00 0.0 0 9.5 18 140 M M 1 24 140
28 94 76 85 -1 0 20 0.00 0.0 0 7.7 17 140 M M 1 18 24 150
29 94 74 84 -2 0 19 0.00 0.0 0 7.9 16 130 M M 0 22 140
30 94 77 86 0 0 21 0.00 0.0 0 8.3 16 130 M M 1 21 140
31 95 79 87 1 0 22 0.00 0.0 0 8.0 16 130 M M 1 23 160
================================================================================
SM 2891 2483 0 677 0.83 0.0 310.1 M 63
================================================================================
AV 93.3 80.1 10.0 FASTST M M 2 MAX(MPH)
MISC ----> 26 140 41 150
================================================================================
NOTES:
# LAST OF SEVERAL OCCURRENCES
COLUMN 17 PEAK WIND IN M.P.H.
PRELIMINARY LOCAL CLIMATOLOGICAL DATA (WS FORM: F-6) , PAGE 2
STATION: ROCKPORT
MONTH: JULY
YEAR: 2023
LATITUDE: 28 4 N
LONGITUDE: 97 3 W
[TEMPERATURE DATA] [PRECIPITATION DATA] SYMBOLS USED IN COLUMN 16
AVERAGE MONTHLY: 86.7 TOTAL FOR MONTH: 0.83 1 = FOG OR MIST
DPTR FM NORMAL: 1.4 DPTR FM NORMAL: -1.68 2 = FOG REDUCING VISIBILITY
HIGHEST: 95 ON 31,26 GRTST 24HR 0.54 ON 5- 6 TO 1/4 MILE OR LESS
LOWEST: 74 ON 29, 7 3 = THUNDER
SNOW, ICE PELLETS, HAIL 4 = ICE PELLETS
TOTAL MONTH: 0.0 INCH 5 = HAIL
GRTST 24HR 0.0 6 = FREEZING RAIN OR DRIZZLE
GRTST DEPTH: 0 7 = DUSTSTORM OR SANDSTORM:
VSBY 1/2 MILE OR LESS
8 = SMOKE OR HAZE
[NO. OF DAYS WITH] [WEATHER - DAYS WITH] 9 = BLOWING SNOW
X = TORNADO
MAX 32 OR BELOW: 0 0.01 INCH OR MORE: 3
MAX 90 OR ABOVE: 29 0.10 INCH OR MORE: 2
MIN 32 OR BELOW: 0 0.50 INCH OR MORE: 1
MIN 0 OR BELOW: 0 1.00 INCH OR MORE: 0
[HDD (BASE 65) ]
TOTAL THIS MO. 0 CLEAR (SCALE 0-3) 25
DPTR FM NORMAL 0 PTCLDY (SCALE 4-7) 6
TOTAL FM JUL 1 0 CLOUDY (SCALE 8-10) 0
DPTR FM NORMAL 0
[CDD (BASE 65) ]
TOTAL THIS MO. 677
DPTR FM NORMAL 48 [PRESSURE DATA]
TOTAL FM JAN 1 2227 HIGHEST SLP 30.14 ON 25
DPTR FM NORMAL 136 LOWEST SLP 29.83 ON 8
[REMARKS]
#FINAL-07-23#