000
CXUS54 KCRP 011708
CF6RKP
PRELIMINARY LOCAL CLIMATOLOGICAL DATA (WS FORM: F-6)
STATION: ROCKPORT
MONTH: OCTOBER
YEAR: 2023
LATITUDE: 28 4 N
LONGITUDE: 97 3 W
TEMPERATURE IN F: :PCPN: SNOW: WIND :SUNSHINE: SKY :PK WND
================================================================================
1 2 3 4 5 6A 6B 7 8 9 10 11 12 13 14 15 16 17 18
12Z AVG MX 2MIN
DY MAX MIN AVG DEP HDD CDD WTR SNW DPTH SPD SPD DIR MIN PSBL S-S WX SPD DR
================================================================================
1 89 78 84 4 0 19 0.94 0.0 0 12.4 25 120 M M 5 1238 37 130
2 87 78 83 4 0 18 0.21 0.0 0 12.4 22 80 M M 5 138 32 80
3 92 77 85 6 0 20 0.00 0.0 0 8.4 17 100 M M 1 1 23 110
4 92 81 87 8 0 22 0.00 0.0 0 9.0 20 140 M M 1 26 140
5 86 72 79 0 0 14 1.73 0.0 0 10.0 28 20 M M 6 1238 38 360
6 86 71 79 1 0 14 M 0.0 0 10.5 20 20 M M 0 1 27 30
7 79 69 74 -4 0 9 0.00 0.0 0 10.9 23 10 M M 0 32 10
8 77 63 70 -8 0 5 0.00 0.0 0 5.8 14 10 M M 1 19 10
9 80 65 73 -5 0 8 0.00 0.0 0 2.3 8 70 M M 5 11 70
10 73 68 71 -7 0 6 0.02 0.0 0 4.8 12 40 M M 7 1 16 10
11 80 67 74 -3 0 9 T 0.0 0 7.9 13 70 M M 6 1 17 350
12 85 69 77 0 0 12 0.00 0.0 0 9.8 16 120 M M 2 1 23 120
13 90 73 82 5 0 17 0.00 0.0 0 4.3 12 140 M M 2 1 14 350
14 84 67 76 -1 0 11 T 0.0 0 13.1 23 30 M M 5 31 40
15 81 60 71 -5 0 6 0.00 0.0 0 12.7 22 20 M M 0 30 10
16 73 56 65 -11 0 0 0.00 0.0 0 13.2 20 10 M M 0 29 10
17 76 M M M M M 0.00 0.0 0 6.3 10 130 M M 0 15 120
18 82 59 71 -4 0 6 0.00 0.0 0 6.6 13 150 M M 0 18 150
19 87 63 75 0 0 10 0.00 0.0 0 3.9 12 140 M M 1 12 15 140
20 93 62 78 3 0 13 0.00 0.0 0 4.3 10 130 M M 1 128 13 130
21 86 66 76 2 0 11 0.00 0.0 0 6.3 14 150 M M 0 12 23 180
22 87 71 79 5 0 14 T 0.0 0 8.2 17 130 M M 2 25 120
23 86 76 81 7 0 16 0.08 0.0 0 12.7 22 130 M M 4 18 31 120
24 87 79 83 9 0 18 T 0.0 0 14.2 22 140 M M 3 18 31 140
25 88 79 84 11 0 19 0.00 0.0 0 12.5 21 140 M M 4 18 27 140
26 88 80 84 11 0 19 0.00 0.0 0 11.0 20 150 M M 4 18 27 160
27 88 78 83 10 0 18 0.00 0.0 0 11.1 17 130 M M 3 1 24 120
28 88 79 84 12 0 19 0.04 0.0 0 11.6 16 140 M M 3 1 23 130
29 86 55 71 -1 0 6 0.12 0.0 0 12.3 25 360 M M 5 1 44 10
30 55 45 50 -22 15 0 0.03 0.0 0 19.6 31 350 M M 10 18 52 10
31 60 46 53 -18 12 0 T 0.0 0 13.8 22 350 M M 7 35 360
================================================================================
SM 2571 2052 27 359 3.17 0.0 301.9 M 93
================================================================================
AV 82.9 68.4 9.7 FASTST M M 3 MAX(MPH)
MISC ----> 31 350 52 10
================================================================================
NOTES:
# LAST OF SEVERAL OCCURRENCES
COLUMN 17 PEAK WIND IN M.P.H.
PRELIMINARY LOCAL CLIMATOLOGICAL DATA (WS FORM: F-6) , PAGE 2
STATION: ROCKPORT
MONTH: OCTOBER
YEAR: 2023
LATITUDE: 28 4 N
LONGITUDE: 97 3 W
[TEMPERATURE DATA] [PRECIPITATION DATA] SYMBOLS USED IN COLUMN 16
AVERAGE MONTHLY: 75.7 TOTAL FOR MONTH: 3.17 1 = FOG OR MIST
DPTR FM NORMAL: -0.1 DPTR FM NORMAL: 0.35 2 = FOG REDUCING VISIBILITY
HIGHEST: 93 ON 20 GRTST 24HR 1.73 ON 5- 5 TO 1/4 MILE OR LESS
LOWEST: 45 ON 30 3 = THUNDER
SNOW, ICE PELLETS, HAIL 4 = ICE PELLETS
TOTAL MONTH: 0.0 INCH 5 = HAIL
GRTST 24HR 0.0 6 = FREEZING RAIN OR DRIZZLE
GRTST DEPTH: 0 7 = DUSTSTORM OR SANDSTORM:
VSBY 1/2 MILE OR LESS
8 = SMOKE OR HAZE
[NO. OF DAYS WITH] [WEATHER - DAYS WITH] 9 = BLOWING SNOW
X = TORNADO
MAX 32 OR BELOW: 0 0.01 INCH OR MORE: 8
MAX 90 OR ABOVE: 4 0.10 INCH OR MORE: 4
MIN 32 OR BELOW: 0 0.50 INCH OR MORE: 2
MIN 0 OR BELOW: 0 1.00 INCH OR MORE: 1
[HDD (BASE 65) ]
TOTAL THIS MO. 27 CLEAR (SCALE 0-3) 17
DPTR FM NORMAL 19 PTCLDY (SCALE 4-7) 13
TOTAL FM JUL 1 27 CLOUDY (SCALE 8-10) 1
DPTR FM NORMAL 21
[CDD (BASE 65) ]
TOTAL THIS MO. 359
DPTR FM NORMAL 16 [PRESSURE DATA]
TOTAL FM JAN 1 3935 HIGHEST SLP 30.40 ON 31
DPTR FM NORMAL 338 LOWEST SLP 29.64 ON 12
[REMARKS]
#FINAL-10-23#