000
CXUS56 KSGX 011145
CF6RNM
PRELIMINARY LOCAL CLIMATOLOGICAL DATA (WS FORM: F-6)
STATION: RAMONA AIRPORT CA
MONTH: DECEMBER
YEAR: 2020
LATITUDE: 33 2 N
LONGITUDE: 116 55 W
TEMPERATURE IN F: :PCPN: SNOW: WIND :SUNSHINE: SKY :PK WND
================================================================================
1 2 3 4 5 6A 6B 7 8 9 10 11 12 13 14 15 16 17 18
12Z AVG MX 2MIN
DY MAX MIN AVG DEP HDD CDD WTR SNW DPTH SPD SPD DIR MIN PSBL S-S WX SPD DR
================================================================================
1 80 28 54 3 11 0 0.00 0.0 0 2.6 14 290 M M 0 16 300
2 77 33 55 4 10 0 0.00 0.0 0 8.9 28 70 M M 0 36 80
3 63 57 60 10 5 0 0.00 0.0 0 27.8 38 40 M M 0 52 60
4 75 29 52 2 13 0 0.00 0.0 0 8.3 17 60 M M 0 23 60
5 74 26 50 0 15 0 0.00 0.0 0 4.2 14 250 M M 0 16 260
6 76 27 52 2 13 0 0.00 0.0 0 4.5 13 310 M M 0 8 16 300
7 72 30 51 1 14 0 0.00 0.0 0 7.4 24 80 M M 0 35 70
8 77 40 59 9 6 0 0.00 0.0 0 11.2 24 90 M M 0 32 80
9 76 33 55 5 10 0 0.00 0.0 0 2.9 17 260 M M 0 24 250
10 63 29 46 -4 19 0 0.00 M M 4.4 14 260 M M 4 18 260
11 62 31 47 -2 18 0 0.00 M M 2.7 14 300 M M 4 12 18 310
12 59 31 45 -4 20 0 0.00 M M 2.2 10 320 M M 7 12 12 320
13 70 31 51 2 14 0 0.00 M M 5.8 15 70 M M 0 12 20 70
14 62 34 48 -1 17 0 0.00 M M 3.3 13 290 M M 6 12 18 260
15 67 26 47 -2 18 0 0.00 M M 3.4 14 80 M M 0 1 18 80
16 71 34 53 4 12 0 0.00 M M 3.5 12 300 M M 0 15 310
17 63 31 47 -2 18 0 0.00 M M 3.1 15 270 M M 3 12 20 260
18 69 32 51 2 14 0 0.00 M M 3.6 17 80 M M 2 12 21 90
19 73 28 51 2 14 0 0.00 M M 3.6 14 60 M M 0 17 70
20 81 36 59 10 6 0 0.00 M M 8.1 21 80 M M 0 26 90
21 82 34 58 9 7 0 0.00 M M 2.2 12 260 M M 0 15 280
22 73 33 53 4 12 0 0.00 M M 2.6 12 260 M M 0 17 220
23 69 26 48 -1 17 0 0.00 M M 9.9 23 60 M M 0 30 80
24 64 46 55 6 10 0 0.02 M M 12.7 24 60 M M 3 30 70
25 73 35 54 5 11 0 0.00 M M 3.4 13 290 M M 0 16 310
26 71 31 51 2 14 0 0.00 M M 2.8 13 270 M M 0 1 16 290
27 59 31 45 -5 20 0 0.00 M M 2.8 15 300 M M 5 12 17 290
28 53 44 49 -1 16 0 0.87 M M 8.9 24 270 M M 8 13 31 290
29 61 30 46 -4 19 0 0.22 M M 3.9 16 50 M M 5 1 22 50
30 65 25 45 -5 20 0 0.00 M M 3.5 15 290 M M 0 1 23 310
31 60 27 44 -6 21 0 0.00 M M 5.0 15 290 M M 1 19 290
================================================================================
SM 2140 1008 434 0 1.11 0.0 179.2 M 48
================================================================================
AV 69.0 32.5 5.8 FASTST M M 2 MAX(MPH)
MISC ----> 38 40 52 60
================================================================================
NOTES:
# LAST OF SEVERAL OCCURRENCES
COLUMN 17 PEAK WIND IN M.P.H.
PRELIMINARY LOCAL CLIMATOLOGICAL DATA (WS FORM: F-6) , PAGE 2
STATION: RAMONA AIRPORT CA
MONTH: DECEMBER
YEAR: 2020
LATITUDE: 33 2 N
LONGITUDE: 116 55 W
[TEMPERATURE DATA] [PRECIPITATION DATA] SYMBOLS USED IN COLUMN 16
AVERAGE MONTHLY: 50.8 TOTAL FOR MONTH: 1.11 1 = FOG OR MIST
DPTR FM NORMAL: 1.2 DPTR FM NORMAL: -1.12 2 = FOG REDUCING VISIBILITY
HIGHEST: 82 ON 21 GRTST 24HR 1.08 ON 28-29 TO 1/4 MILE OR LESS
LOWEST: 25 ON 30 3 = THUNDER
SNOW, ICE PELLETS, HAIL 4 = ICE PELLETS
TOTAL MONTH: 0.0 INCH 5 = HAIL
GRTST 24HR 0.0 6 = FREEZING RAIN OR DRIZZLE
GRTST DEPTH: 0 7 = DUSTSTORM OR SANDSTORM:
VSBY 1/2 MILE OR LESS
8 = SMOKE OR HAZE
[NO. OF DAYS WITH] [WEATHER - DAYS WITH] 9 = BLOWING SNOW
X = TORNADO
MAX 32 OR BELOW: 0 0.01 INCH OR MORE: 3
MAX 90 OR ABOVE: 0 0.10 INCH OR MORE: 2
MIN 32 OR BELOW: 19 0.50 INCH OR MORE: 1
MIN 0 OR BELOW: 0 1.00 INCH OR MORE: 0
[HDD (BASE 65) ]
TOTAL THIS MO. 434 CLEAR (SCALE 0-3) 23
DPTR FM NORMAL -43 PTCLDY (SCALE 4-7) 7
TOTAL FM JUL 1 742 CLOUDY (SCALE 8-10) 1
DPTR FM NORMAL -148
[CDD (BASE 65) ]
TOTAL THIS MO. 0
DPTR FM NORMAL 0 [PRESSURE DATA]
TOTAL FM JAN 1 1132 HIGHEST SLP 30.29 ON 19
DPTR FM NORMAL 282 LOWEST SLP 29.84 ON 28
[REMARKS]
#FINAL-12-20#