000
CXUS54 KLZK 011130
CF6RUE
PRELIMINARY LOCAL CLIMATOLOGICAL DATA (WS FORM: F-6)
STATION: Russellville
MONTH: JUNE
YEAR: 2020
LATITUDE: 35 15 N
LONGITUDE: 93 6 W
TEMPERATURE IN F: :PCPN: SNOW: WIND :SUNSHINE: SKY :PK WND
================================================================================
1 2 3 4 5 6A 6B 7 8 9 10 11 12 13 14 15 16 17 18
12Z AVG MX 2MIN
DY MAX MIN AVG DEP HDD CDD WTR SNW DPTH SPD SPD DIR MIN PSBL S-S WX SPD DR
================================================================================
1 83 58 71 -3 0 6 0.00 M M 1.8 9 60 M M 0 13 110
2 86 60 73 -1 0 8 0.00 M M 1.2 7 230 M M 0 1 11 140
3 85 67 76 2 0 11 0.60 M M 2.1 25 260 M M 2 138 35 240
4 84 68 76 2 0 11 0.14 M M 3.2 17 350 M M 2 1 24 330
5 95 69 82 7 0 17 0.00 M M 1.8 9 270 M M 1 1 11 290
6 93 70 82 7 0 17 0.00 M M 3.0 14 80 M M 0 20 50
7 92 68 80 5 0 15 0.00 M M 4.5 16 70 M M 1 1 22 70
8 83 73 78 2 0 13 2.11 M M 10.2 16 290 M M 6 1 21 50
9 92 71 82 6 0 17 0.02 M M 7.4 18 190 M M 5 3 27 110
10 80 59 70 -6 0 5 0.00 M M 9.8 23 270 M M 5 32 280
11 88 55 72 -4 0 7 0.00 M M 2.4 12 70 M M 0 1 14 20
12 88 58 73 -3 0 8 0.00 M M 1.5 7 240 M M 0 9 190
13 90 63 77 0 0 12 0.05 M M 2.0 21 140 M M 1 1 31 130
14 90 68 79 2 0 14 0.00 M M 1.4 8 140 M M 1 12 150
15 90 65 78 1 0 13 0.00 M M 2.4 8 90 M M 0 1 13 100
16 84 66 75 -3 0 10 0.00 M M 3.6 9 90 M M 2 14 120
17 86 62 74 -4 0 9 0.00 M M 1.8 8 160 M M 3 12 150
18 88 62 75 -3 0 10 0.00 M M 2.7 9 180 M M 0 1 14 140
19 91 67 79 1 0 14 0.00 M M 2.7 12 200 M M 1 22 210
20 86 69 78 0 0 13 0.21 M M 1.4 12 150 M M 5 1 18 150
21 83 66 75 -4 0 10 0.00 M M 3.6 13 330 M M 5 1238 17 270
22 87 70 79 0 0 14 T M M 3.5 14 270 M M 6 18 270
23 86 69 78 -1 0 13 0.39 M M 2.8 12 280 M M 3 18 16 280
24 88 65 77 -2 0 12 0.00 M M 3.0 14 50 M M 1 1 17 40
25 89 61 75 -5 0 10 0.00 M M 2.7 10 80 M M 0 1 16 110
26 86 70 78 -2 0 13 0.01 M M 5.1 16 180 M M 5 1 26 180
27 90 70 80 0 0 15 0.00 M M 4.8 15 210 M M 7 18 22 200
28 92 72 82 2 0 17 T M M 5.2 17 200 M M 3 13 23 200
29 84 71 78 -2 0 13 0.06 M M 3.5 10 160 M M 4 13 17 170
30 91 72 82 2 0 17 T M M 3.5 13 190 M M 5 1 20 190
================================================================================
SM 2630 1984 0 364 3.59 M 104.6 M 74
================================================================================
AV 87.7 66.1 3.5 FASTST M M 2 MAX(MPH)
MISC ----> # 25 260 # 35 240
================================================================================
NOTES:
# LAST OF SEVERAL OCCURRENCES
COLUMN 17 PEAK WIND IN M.P.H.
PRELIMINARY LOCAL CLIMATOLOGICAL DATA (WS FORM: F-6) , PAGE 2
STATION: Russellville
MONTH: JUNE
YEAR: 2020
LATITUDE: 35 15 N
LONGITUDE: 93 6 W
[TEMPERATURE DATA] [PRECIPITATION DATA] SYMBOLS USED IN COLUMN 16
AVERAGE MONTHLY: 76.9 TOTAL FOR MONTH: 3.59 1 = FOG OR MIST
DPTR FM NORMAL: -0.4 DPTR FM NORMAL: -0.49 2 = FOG REDUCING VISIBILITY
HIGHEST: 95 ON 5 GRTST 24HR 2.11 ON 8- 8 TO 1/4 MILE OR LESS
LOWEST: 55 ON 11 3 = THUNDER
SNOW, ICE PELLETS, HAIL 4 = ICE PELLETS
TOTAL MONTH: M 5 = HAIL
GRTST 24HR M ON M 6 = FREEZING RAIN OR DRIZZLE
GRTST DEPTH: M ON M 7 = DUSTSTORM OR SANDSTORM:
VSBY 1/2 MILE OR LESS
8 = SMOKE OR HAZE
[NO. OF DAYS WITH] [WEATHER - DAYS WITH] 9 = BLOWING SNOW
X = TORNADO
MAX 32 OR BELOW: 0 0.01 INCH OR MORE: 9
MAX 90 OR ABOVE: 11 0.10 INCH OR MORE: 5
MIN 32 OR BELOW: 0 0.50 INCH OR MORE: 2
MIN 0 OR BELOW: 0 1.00 INCH OR MORE: 1
[HDD (BASE 65) ]
TOTAL THIS MO. 0 CLEAR (SCALE 0-3) 20
DPTR FM NORMAL 0 PTCLDY (SCALE 4-7) 10
TOTAL FM JUL 1 3210 CLOUDY (SCALE 8-10) 0
DPTR FM NORMAL -49
[CDD (BASE 65) ]
TOTAL THIS MO. 364
DPTR FM NORMAL -5 [PRESSURE DATA]
TOTAL FM JAN 1 515 HIGHEST SLP 30.31 ON 12
DPTR FM NORMAL -86 LOWEST SLP 29.43 ON 8
[REMARKS]
#FINAL-06-20#