000
CXUS54 KTSA 010850
CF6RVS
PRELIMINARY LOCAL CLIMATOLOGICAL DATA (WS FORM: F-6)
STATION: TULSA-RIVERSIDE OKLAHOMA
MONTH: JULY
YEAR: 2021
LATITUDE: 36 2 N
LONGITUDE: 95 59 W
TEMPERATURE IN F: :PCPN: SNOW: WIND :SUNSHINE: SKY :PK WND
================================================================================
1 2 3 4 5 6A 6B 7 8 9 10 11 12 13 14 15 16 17 18
12Z AVG MX 2MIN
DY MAX MIN AVG DEP HDD CDD WTR SNW DPTH SPD SPD DIR MIN PSBL S-S WX SPD DR
================================================================================
1 M M M M M M M 0.0 M 1.8 7 60 M M 6 1 M M
2 M M M M M M M 0.0 M 7.1 10 50 M M 5 M M
3 M M M M M M M 0.0 M 3.9 9 180 M M 0 M M
4 M M M M M M M 0.0 M 6.3 10 180 M M 2 M M
5 M M M M M M 0.00 0.0 M 5.6 10 160 M M 0 1 M M
6 90 67 79 -4 0 14 0.00 0.0 M 2.0 9 180 M M 2 1 14 120
7 93 69 81 -2 0 16 0.00 0.0 M 1.5 9 290 M M 1 1 19 280
8 95 73 84 1 0 19 0.00 0.0 M 2.8 9 30 M M 2 1 14 100
9 94 75 85 2 0 20 0.00 0.0 M 8.9 21 190 M M 1 30 200
10 92 68 80 -3 0 15 0.88 0.0 M 8.1 24 10 M M 4 13 42 30
11 82 66 74 -9 0 9 T 0.0 M 3.2 14 30 M M 4 22 10
12 86 64 75 -8 0 10 0.00 0.0 M 1.9 9 350 M M 1 16 360
13 93 65 79 -4 0 14 0.00 0.0 M 6.0 15 190 M M 1 1 22 190
14 92 73 83 0 0 18 0.00 0.0 M 8.9 23 200 M M 0 33 200
15 91 75 83 0 0 18 0.00 0.0 M 9.7 17 180 M M 1 32 180
16 90 70 80 -4 0 15 0.02 0.0 M 8.2 21 40 M M 4 1 26 40
17 92 74 83 -1 0 18 0.85 0.0 M 5.5 21 140 M M 4 138 33 140
18 89 73 81 -3 0 16 0.79 0.0 M 3.9 13 70 M M 6 13 18 80
19 88 73 81 -3 0 16 0.00 0.0 M 6.8 16 30 M M 2 1 25 50
20 87 71 79 -5 0 14 0.00 0.0 M 6.7 14 50 M M 2 22 40
21 89 67 78 -6 0 13 0.00 0.0 M 2.3 9 120 M M 1 1 15 80
22 91 68 80 -4 0 15 0.00 0.0 M 3.7 10 220 M M 1 18 16 210
23 95 72 84 0 0 19 0.00 0.0 M 6.1 16 180 M M 0 1 22 180
24 97 73 85 1 0 20 0.00 0.0 M 5.2 13 160 M M 1 20 210
25 97 75 86 2 0 21 0.00 0.0 M 4.1 22 10 M M 1 3 37 360
26 97 74 86 2 0 21 0.00 0.0 M 2.4 14 20 M M 0 3 26 270
27 98 75 87 3 0 22 0.00 0.0 M 3.1 10 190 M M 0 3 16 150
28 97 75 86 2 0 21 0.00 0.0 M 2.6 12 180 M M 1 17 170
29 99 76 88 4 0 23 0.00 0.0 M 2.9 10 160 M M 0 1 16 170
30 100 75 88 4 0 23 0.00 0.0 M 1.7 10 180 M M 1 8 14 150
31 100 74 87 3 0 22 0.00 0.0 M 3.7 13 10 M M 0 1 21 350
================================================================================
SM 2414 1860 0 452 2.54 0.0 146.6 M 54
================================================================================
AV 92.8 71.5 4.7 FASTST M M 2 MAX(MPH)
MISC ----> 24 10 42 30
================================================================================
NOTES:
# LAST OF SEVERAL OCCURRENCES
COLUMN 17 PEAK WIND IN M.P.H.
PRELIMINARY LOCAL CLIMATOLOGICAL DATA (WS FORM: F-6) , PAGE 2
STATION: TULSA-RIVERSIDE OKLAHOMA
MONTH: JULY
YEAR: 2021
LATITUDE: 36 2 N
LONGITUDE: 95 59 W
[TEMPERATURE DATA] [PRECIPITATION DATA] SYMBOLS USED IN COLUMN 16
AVERAGE MONTHLY: 82.2 TOTAL FOR MONTH: 2.54 1 = FOG OR MIST
DPTR FM NORMAL: -1.1 DPTR FM NORMAL: -1.28 2 = FOG REDUCING VISIBILITY
HIGHEST: 100 ON 31,30 GRTST 24HR 1.64 ON 17-18 TO 1/4 MILE OR LESS
LOWEST: 64 ON 12 3 = THUNDER
SNOW, ICE PELLETS, HAIL 4 = ICE PELLETS
TOTAL MONTH: 0.0 INCH 5 = HAIL
GRTST 24HR 0.0 6 = FREEZING RAIN OR DRIZZLE
GRTST DEPTH: M ON M 7 = DUSTSTORM OR SANDSTORM:
VSBY 1/2 MILE OR LESS
8 = SMOKE OR HAZE
[NO. OF DAYS WITH] [WEATHER - DAYS WITH] 9 = BLOWING SNOW
X = TORNADO
MAX 32 OR BELOW: 0 0.01 INCH OR MORE: 4
MAX 90 OR ABOVE: 20 0.10 INCH OR MORE: 3
MIN 32 OR BELOW: 0 0.50 INCH OR MORE: 3
MIN 0 OR BELOW: 0 1.00 INCH OR MORE: 0
[HDD (BASE 65) ]
TOTAL THIS MO. 0 CLEAR (SCALE 0-3) 24
DPTR FM NORMAL 0 PTCLDY (SCALE 4-7) 7
TOTAL FM JUL 1 0 CLOUDY (SCALE 8-10) 0
DPTR FM NORMAL 0
[CDD (BASE 65) ]
TOTAL THIS MO. 452
DPTR FM NORMAL -114 [PRESSURE DATA]
TOTAL FM JAN 1 1018 HIGHEST SLP 30.17 ON 22
DPTR FM NORMAL -228 LOWEST SLP 29.84 ON 10
[REMARKS]
#FINAL-07-21#