000
CXUS54 KTSA 012010
CF6RVS
PRELIMINARY LOCAL CLIMATOLOGICAL DATA (WS FORM: F-6)
STATION: TULSA-RIVERSIDE OKLAHOMA
MONTH: JUNE
YEAR: 2020
LATITUDE: 36 2 N
LONGITUDE: 95 59 W
TEMPERATURE IN F: :PCPN: SNOW: WIND :SUNSHINE: SKY :PK WND
================================================================================
1 2 3 4 5 6A 6B 7 8 9 10 11 12 13 14 15 16 17 18
12Z AVG MX 2MIN
DY MAX MIN AVG DEP HDD CDD WTR SNW DPTH SPD SPD DIR MIN PSBL S-S WX SPD DR
================================================================================
1 87 65 76 3 0 11 0.00 0.0 0 5.2 16 180 M M 0 21 190
2 90 66 78 5 0 13 0.00 0.0 0 6.0 14 170 M M 1 21 180
3 95 72 84 10 0 19 0.00 0.0 0 7.3 16 190 M M 1 23 230
4 99 75 87 13 0 22 0.00 0.0 0 8.2 17 170 M M 1 26 130
5 99 68 84 10 0 19 0.00 0.0 0 4.5 14 190 M M 0 20 170
6 99 76 88 14 0 23 0.00 0.0 0 3.8 13 150 M M 1 20 170
7 97 73 85 10 0 20 0.00 0.0 0 6.6 16 130 M M 0 25 140
8 98 73 86 11 0 21 0.00 0.0 0 4.3 17 80 M M 1 24 70
9 99 65 82 7 0 17 0.00 0.0 0 10.2 25 220 M M 3 8 42 220
10 87 62 75 -1 0 10 0.00 0.0 0 6.8 16 320 M M 4 35 250
11 93 57 75 -1 0 10 0.00 0.0 0 3.3 10 170 M M 0 16 140
12 95 64 80 4 0 15 0.00 0.0 0 5.0 15 170 M M 0 22 220
13 97 67 82 6 0 17 0.10 0.0 0 4.1 13 180 M M 0 1 19 170
14 97 66 82 5 0 17 0.00 0.0 0 5.3 15 180 M M 0 18 23 190
15 97 69 83 6 0 18 0.00 0.0 0 4.3 15 180 M M 0 1 22 160
16 97 71 84 7 0 19 0.00 0.0 0 6.8 14 140 M M 0 26 170
17 96 75 86 9 0 21 0.00 0.0 0 10.1 16 170 M M 1 29 140
18 97 75 86 8 0 21 0.00 0.0 0 10.2 20 170 M M 0 30 170
19 83 74 79 1 0 14 0.19 0.0 0 6.5 16 10 M M 3 1 29 360
20 88 71 80 2 0 15 T 0.0 0 5.9 13 160 M M 0 20 130
21 91 70 81 3 0 16 0.00 0.0 0 6.0 18 190 M M 1 27 170
22 94 72 83 5 0 18 0.05 0.0 0 3.7 16 170 M M 2 26 170
23 88 65 77 -2 0 12 0.32 0.0 0 5.5 20 40 M M 0 3 29 30
24 93 61 77 -2 0 12 0.00 0.0 0 2.6 9 180 M M 0 16 150
25 96 70 83 4 0 18 0.00 0.0 0 7.7 18 170 M M 0 28 170
26 95 73 84 5 0 19 0.00 0.0 0 8.6 16 180 M M 3 24 170
27 94 77 86 6 0 21 0.00 0.0 0 11.6 21 200 M M 4 8 30 190
28 93 81 87 7 0 22 0.00 0.0 0 15.0 25 180 M M 3 39 190
29 95 81 88 8 0 23 0.00 0.0 0 13.4 22 180 M M 7 33 180
30 95 80 88 8 0 23 0.00 0.0 0 12.4 22 170 M M 5 34 160
================================================================================
SM 2824 2114 0 526 0.66 0.0 210.9 M 41
================================================================================
AV 94.1 70.5 7.0 FASTST M M 1 MAX(MPH)
MISC ----> # 25 220 # 42 220
================================================================================
NOTES:
# LAST OF SEVERAL OCCURRENCES
COLUMN 17 PEAK WIND IN M.P.H.
PRELIMINARY LOCAL CLIMATOLOGICAL DATA (WS FORM: F-6) , PAGE 2
STATION: TULSA-RIVERSIDE OKLAHOMA
MONTH: JUNE
YEAR: 2020
LATITUDE: 36 2 N
LONGITUDE: 95 59 W
[TEMPERATURE DATA] [PRECIPITATION DATA] SYMBOLS USED IN COLUMN 16
AVERAGE MONTHLY: 82.3 TOTAL FOR MONTH: 0.66 1 = FOG OR MIST
DPTR FM NORMAL: 5.4 DPTR FM NORMAL: -4.54 2 = FOG REDUCING VISIBILITY
HIGHEST: 99 ON 9, 6 GRTST 24HR 0.32 ON 23-23 TO 1/4 MILE OR LESS
LOWEST: 57 ON 11 3 = THUNDER
SNOW, ICE PELLETS, HAIL 4 = ICE PELLETS
TOTAL MONTH: 0.0 INCH 5 = HAIL
GRTST 24HR 0.0 6 = FREEZING RAIN OR DRIZZLE
GRTST DEPTH: 0 7 = DUSTSTORM OR SANDSTORM:
VSBY 1/2 MILE OR LESS
8 = SMOKE OR HAZE
[NO. OF DAYS WITH] [WEATHER - DAYS WITH] 9 = BLOWING SNOW
X = TORNADO
MAX 32 OR BELOW: 0 0.01 INCH OR MORE: 4
MAX 90 OR ABOVE: 25 0.10 INCH OR MORE: 3
MIN 32 OR BELOW: 0 0.50 INCH OR MORE: 0
MIN 0 OR BELOW: 0 1.00 INCH OR MORE: 0
[HDD (BASE 65) ]
TOTAL THIS MO. 0 CLEAR (SCALE 0-3) 24
DPTR FM NORMAL -1 PTCLDY (SCALE 4-7) 6
TOTAL FM JUL 1 3096 CLOUDY (SCALE 8-10) 0
DPTR FM NORMAL -597
[CDD (BASE 65) ]
TOTAL THIS MO. 526
DPTR FM NORMAL 169 [PRESSURE DATA]
TOTAL FM JAN 1 791 HIGHEST SLP 30.35 ON 12
DPTR FM NORMAL 231 LOWEST SLP 29.49 ON 9
[REMARKS]
#FINAL-06-20#