000
CXUS54 KEWX 011010
CF6RYW
PRELIMINARY LOCAL CLIMATOLOGICAL DATA (WS FORM: F-6)
STATION: LAGO VISTA
MONTH: JUNE
YEAR: 2021
LATITUDE: 30 30 N
LONGITUDE: 97 58 W
TEMPERATURE IN F: :PCPN: SNOW: WIND :SUNSHINE: SKY :PK WND
================================================================================
1 2 3 4 5 6A 6B 7 8 9 10 11 12 13 14 15 16 17 18
12Z AVG MX 2MIN
DY MAX MIN AVG DEP HDD CDD WTR SNW DPTH SPD SPD DIR MIN PSBL S-S WX SPD DR
================================================================================
1 84 64 74 M 0 9 0.39 M M 5.0 10 80 M M 9 13 16 360
2 90 60 75 M 0 10 1.38 M M 4.6 12 70 M M 4 3 18 80
3 68 60 64 M 1 0 0.92 M M 4.5 9 70 M M 6 13 17 360
4 85 66 76 M 0 11 0.00 M M 4.3 7 80 M M 8 1 M M
5 87 66 77 M 0 12 0.00 M M 2.1 8 110 M M 6 12 M M
6 92 66 79 M 0 14 0.00 M M 7.1 10 140 M M 7 1 18 160
7 91 75 83 M 0 18 0.00 M M 6.5 10 70 M M 9 1 18 70
8 78 70 74 M 0 9 0.00 M M 6.1 8 30 M M 9 1 17 190
9 95 73 84 M 0 19 0.00 M M 8.3 13 190 M M 6 18 170
10 94 72 83 M 0 18 0.00 M M 8.8 13 200 M M 6 21 200
11 94 74 84 M 0 19 0.00 M M 9.2 13 190 M M 5 22 200
12 97 73 85 M 0 20 0.00 M M 5.6 13 180 M M 3 17 180
13 100 74 87 M 0 22 0.00 M M 3.3 6 100 M M 1 M M
14 100 76 88 M 0 23 0.00 M M 3.2 7 80 M M 2 M M
15 98 74 86 M 0 21 0.00 M M 5.1 12 70 M M 3 21 110
16 100 73 87 M 0 22 0.00 M M 5.1 10 70 M M 0 16 80
17 101 75 88 M 0 23 0.00 M M 3.5 12 110 M M 1 M M
18 97 73 85 M 0 20 0.00 M M 4.3 8 70 M M 2 M M
19 98 72 85 M 0 20 0.00 M M 5.3 9 210 M M 0 18 160
20 96 72 84 M 0 19 0.00 M M 7.5 12 160 M M 5 21 170
21 100 72 86 M 0 21 1.35 M M 5.9 12 160 M M 7 13 23 130
22 90 68 79 M 0 14 0.01 M M 6.2 14 40 M M 7 21 40
23 100 73 87 M 0 22 0.00 M M 5.8 9 170 M M 6 1 18 170
24 98 73 86 M 0 21 0.00 0.0 0 8.0 14 200 M M 5 22 200
25 96 75 86 M 0 21 0.00 0.0 0 8.9 13 170 M M 5 23 170
26 96 75 86 M 0 21 0.00 0.0 0 10.1 15 180 M M 6 24 140
27 91 70 81 M 0 16 1.01 M M 5.8 14 230 M M 5 3 17 230
28 89 70 80 M 0 15 0.49 M M 3.9 12 80 M M 7 1 17 50
29 90 71 81 M 0 16 0.05 M M 4.7 9 100 M M 7 1 16 100
30 93 73 83 M 0 18 0.01 0.0 0 3.7 7 100 M M 7 1 M M
================================================================================
SM 2788 2128 1 514 5.61 0.0 172.3 M 154
================================================================================
AV 92.9 70.9 5.7 FASTST M M 5 MAX(MPH)
MISC ----> 15 180 24 140
================================================================================
NOTES:
# LAST OF SEVERAL OCCURRENCES
COLUMN 17 PEAK WIND IN M.P.H.
PRELIMINARY LOCAL CLIMATOLOGICAL DATA (WS FORM: F-6) , PAGE 2
STATION: LAGO VISTA
MONTH: JUNE
YEAR: 2021
LATITUDE: 30 30 N
LONGITUDE: 97 58 W
[TEMPERATURE DATA] [PRECIPITATION DATA] SYMBOLS USED IN COLUMN 16
AVERAGE MONTHLY: 81.9 TOTAL FOR MONTH: 5.61 1 = FOG OR MIST
DPTR FM NORMAL: 0.0 DPTR FM NORMAL: M 2 = FOG REDUCING VISIBILITY
HIGHEST: 101 ON 17 GRTST 24HR 1.38 ON 2- 2 TO 1/4 MILE OR LESS
LOWEST: 60 ON 3, 2 3 = THUNDER
SNOW, ICE PELLETS, HAIL 4 = ICE PELLETS
TOTAL MONTH: 0.0 INCH 5 = HAIL
GRTST 24HR 0.0 6 = FREEZING RAIN OR DRIZZLE
GRTST DEPTH: 0 7 = DUSTSTORM OR SANDSTORM:
VSBY 1/2 MILE OR LESS
8 = SMOKE OR HAZE
[NO. OF DAYS WITH] [WEATHER - DAYS WITH] 9 = BLOWING SNOW
X = TORNADO
MAX 32 OR BELOW: 0 0.01 INCH OR MORE: 9
MAX 90 OR ABOVE: 24 0.10 INCH OR MORE: 6
MIN 32 OR BELOW: 0 0.50 INCH OR MORE: 4
MIN 0 OR BELOW: 0 1.00 INCH OR MORE: 3
[HDD (BASE 65) ]
TOTAL THIS MO. 1 CLEAR (SCALE 0-3) 8
DPTR FM NORMAL M PTCLDY (SCALE 4-7) 19
TOTAL FM JUL 1 1584 CLOUDY (SCALE 8-10) 3
DPTR FM NORMAL M
[CDD (BASE 65) ]
TOTAL THIS MO. 514
DPTR FM NORMAL M [PRESSURE DATA]
TOTAL FM JAN 1 968 HIGHEST SLP M ON M
DPTR FM NORMAL M LOWEST SLP M ON M
[REMARKS]
#FINAL-06-21#