000
CXUS56 KSTO 011300
CF6SAC
PRELIMINARY LOCAL CLIMATOLOGICAL DATA (WS FORM: F-6)
STATION: SACRAMENTO EXEC. AIRPORT CA
MONTH: JUNE
YEAR: 2023
LATITUDE: 38 31 N
LONGITUDE: 121 30 W
TEMPERATURE IN F: :PCPN: SNOW: WIND :SUNSHINE: SKY :PK WND
================================================================================
1 2 3 4 5 6A 6B 7 8 9 10 11 12 13 14 15 16 17 18
12Z AVG MX 2MIN
DY MAX MIN AVG DEP HDD CDD WTR SNW DPTH SPD SPD DIR MIN PSBL S-S WX SPD DR
================================================================================
1 80 53 67 -3 0 2 0.00 M M 8.1 14 220 M M 0 18 230
2 87 53 70 0 0 5 0.00 M M 5.5 15 220 M M 0 19 230
3 91 56 74 4 0 9 0.00 M M 4.9 12 210 M M 0 16 220
4 94 59 77 7 0 12 0.00 M M 4.4 14 220 M M 0 18 210
5 81 57 69 -1 0 4 0.00 M M 7.9 20 220 M M 0 28 220
6 73 58 66 -4 0 1 T M M 10.5 21 220 M M 1 27 210
7 75 55 65 -6 0 0 0.00 M M 9.2 20 220 M M 4 26 220
8 80 57 69 -2 0 4 0.00 M M 7.2 16 220 M M 3 23 220
9 77 54 66 -5 0 1 0.00 M M 9.6 16 210 M M 0 22 220
10 79 53 66 -5 0 1 T M M 5.8 12 210 M M 1 16 190
11 82 54 68 -3 0 3 0.00 M M 8.2 16 220 M M 0 24 230
12 77 57 67 -5 0 2 0.00 M M 9.5 15 200 M M 4 23 220
13 81 56 69 -3 0 4 0.00 M M 8.1 16 220 M M 0 23 200
14 86 56 71 -1 0 6 0.00 M M 6.8 14 210 M M 0 19 220
15 92 56 74 2 0 9 0.00 M M 6.9 16 220 M M 0 20 280
16 91 54 73 1 0 8 0.00 M M 5.4 16 220 M M 0 22 220
17 85 57 71 -1 0 6 0.00 M M 8.9 15 210 M M 0 22 180
18 85 57 71 -2 0 6 0.00 M M 9.7 22 220 M M 0 28 220
19 77 52 65 -8 0 0 0.00 M M 7.1 17 220 M M 0 24 230
20 78 50 64 -9 1 0 0.00 M M 6.4 14 280 M M 0 18 320
21 85 51 68 -5 0 3 0.00 M M 5.7 16 220 M M 0 21 230
22 77 53 65 -8 0 0 0.00 M M 10.4 22 210 M M 0 28 220
23 77 56 67 -7 0 2 0.00 M M 8.9 15 220 M M 1 22 190
24 82 55 69 -5 0 4 0.00 M M 10.0 23 220 M M 0 28 220
25 76 54 65 -9 0 0 0.00 M M 9.6 16 220 M M 0 25 210
26 84 54 69 -5 0 4 0.00 M M 8.0 16 210 M M 2 23 200
27 84 54 69 -5 0 4 0.00 M M 8.2 14 220 M M 0 21 180
28 87 55 71 -3 0 6 0.00 M M 6.7 16 210 M M 0 22 200
29 95 56 76 1 0 11 0.00 0.0 M 4.6 10 220 M M 0 13 230
30 101 65 83 8 0 18 0.00 M M 4.0 9 220 M M 0 12 220
================================================================================
SM 2499 1657 1 135 T 0.0 226.2 M 16
================================================================================
AV 83.3 55.2 7.5 FASTST M M 1 MAX(MPH)
MISC ----> 23 220 # 28 220
================================================================================
NOTES:
# LAST OF SEVERAL OCCURRENCES
COLUMN 17 PEAK WIND IN M.P.H.
PRELIMINARY LOCAL CLIMATOLOGICAL DATA (WS FORM: F-6) , PAGE 2
STATION: SACRAMENTO EXEC. AIRPORT CA
MONTH: JUNE
YEAR: 2023
LATITUDE: 38 31 N
LONGITUDE: 121 30 W
[TEMPERATURE DATA] [PRECIPITATION DATA] SYMBOLS USED IN COLUMN 16
AVERAGE MONTHLY: 69.3 TOTAL FOR MONTH: T 1 = FOG OR MIST
DPTR FM NORMAL: -2.9 DPTR FM NORMAL: -0.23 2 = FOG REDUCING VISIBILITY
HIGHEST: 101 ON 30 GRTST 24HR T ON 6- 6 TO 1/4 MILE OR LESS
LOWEST: 50 ON 20 3 = THUNDER
SNOW, ICE PELLETS, HAIL 4 = ICE PELLETS
TOTAL MONTH: 0.0 INCH 5 = HAIL
GRTST 24HR 0.0 6 = FREEZING RAIN OR DRIZZLE
GRTST DEPTH: M ON M 7 = DUSTSTORM OR SANDSTORM:
VSBY 1/2 MILE OR LESS
8 = SMOKE OR HAZE
[NO. OF DAYS WITH] [WEATHER - DAYS WITH] 9 = BLOWING SNOW
X = TORNADO
MAX 32 OR BELOW: 0 0.01 INCH OR MORE: 0
MAX 90 OR ABOVE: 6 0.10 INCH OR MORE: 0
MIN 32 OR BELOW: 0 0.50 INCH OR MORE: 0
MIN 0 OR BELOW: 0 1.00 INCH OR MORE: 0
[HDD (BASE 65) ]
TOTAL THIS MO. 1 CLEAR (SCALE 0-3) 28
DPTR FM NORMAL -7 PTCLDY (SCALE 4-7) 2
TOTAL FM JUL 1 2704 CLOUDY (SCALE 8-10) 0
DPTR FM NORMAL 273
[CDD (BASE 65) ]
TOTAL THIS MO. 135
DPTR FM NORMAL -89 [PRESSURE DATA]
TOTAL FM JAN 1 249 HIGHEST SLP 30.12 ON 20
DPTR FM NORMAL -89 LOWEST SLP 29.68 ON 5
[REMARKS]
#FINAL-06-23#