000
CXUS56 KSTO 102242
CF6SAC
PRELIMINARY LOCAL CLIMATOLOGICAL DATA (WS FORM: F-6)
STATION: SACRAMENTO EXEC. AIRPORT CA
MONTH: JULY
YEAR: 2021
LATITUDE: 38 31 N
LONGITUDE: 121 30 W
TEMPERATURE IN F: :PCPN: SNOW: WIND :SUNSHINE: SKY :PK WND
================================================================================
1 2 3 4 5 6A 6B 7 8 9 10 11 12 13 14 15 16 17 18
12Z AVG MX 2MIN
DY MAX MIN AVG DEP HDD CDD WTR SNW DPTH SPD SPD DIR MIN PSBL S-S WX SPD DR
================================================================================
1 87 59 73 -2 0 8 0.00 M M 10.4 17 230 M M 0 21 220
2 96 58 77 2 0 12 0.00 M M 8.6 15 210 M M 0 22 220
3 92 57 75 0 0 10 0.00 M M 8.7 16 220 M M 0 25 230
4 91 59 75 0 0 10 0.00 M M 8.9 16 220 M M 0 22 200
5 92 56 74 -1 0 9 0.00 0.0 M 9.0 20 220 M M 0 25 230
6 91 55 73 -3 0 8 0.00 0.0 M 7.9 15 220 M M 0 22 200
7 92 56 74 -2 0 9 0.00 M M 7.0 13 210 M M 0 16 220
8 102 57 80 4 0 15 0.00 0.0 M 3.5 12 230 M M 0 14 220
9 107 68 88 12 0 23 0.00 0.0 M 4.6 12 190 M M 0 25 150
10 109 66 88 12 0 23 0.00 0.0 M 5.1 10 230 M M 0 M M
11 99 63 81 5 0 16 0.00 0.0 M 7.3 9 190 M M 0 M M
12 91 56 74 -2 0 9 0.00 0.0 M 9.5 17 210 M M 0 22 210
13 84 55 70 -6 0 5 0.00 M M 10.3 17 210 M M 0 27 250
14 88 54 71 -5 0 6 0.00 M M 8.8 17 220 M M 0 26 220
15 84 54 69 -7 0 4 0.00 0.0 M 9.2 16 210 M M 0 22 210
16 91 54 73 -3 0 8 0.00 M M 6.1 9 200 M M 0 M M
17 97 59 78 2 0 13 0.00 0.0 M 5.8 14 220 M M 0 19 230
18 99 63 81 5 0 16 0.00 0.0 M 5.9 13 210 M M 0 23 170
19 98 66 82 6 0 17 0.00 0.0 M 8.3 16 220 M M 0 24 210
20 90 60 75 -1 0 10 0.00 0.0 M 8.8 15 230 M M 0 22 210
21 95 59 77 1 0 12 0.00 M M 6.6 15 220 M M 0 19 220
22 95 59 77 1 0 12 0.00 M M 6.9 13 210 M M 0 19 240
23 99 55 77 1 0 12 0.00 0.0 M 5.6 16 230 M M 0 27 200
24 99 61 80 4 0 15 0.00 0.0 M 5.8 15 220 M M 0 19 230
25 97 59 78 2 0 13 0.00 0.0 M 7.8 15 220 M M 0 19 210
26 85 61 73 -3 0 8 0.00 0.0 M 9.6 22 230 M M 0 29 230
27 94 65 80 4 0 15 0.00 0.0 M 7.5 18 350 M M 0 22 340
28 102 62 82 6 0 17 0.00 M M 6.2 16 220 M M 0 8 22 250
29 101 64 83 7 0 18 0.00 M M 5.8 14 220 M M 0 19 230
30 103 64 84 8 0 19 0.00 M M 7.7 15 210 M M 0 20 230
31 93 62 78 2 0 13 0.00 M M 8.8 16 200 M M 0 24 190
================================================================================
SM 2943 1846 0 385 0.00 0.0 232.0 M 0
================================================================================
AV 94.9 59.5 7.5 FASTST M M 0 MAX(MPH)
MISC ----> 22 230 29 230
================================================================================
NOTES:
# LAST OF SEVERAL OCCURRENCES
COLUMN 17 PEAK WIND IN M.P.H.
PRELIMINARY LOCAL CLIMATOLOGICAL DATA (WS FORM: F-6) , PAGE 2
STATION: SACRAMENTO EXEC. AIRPORT CA
MONTH: JULY
YEAR: 2021
LATITUDE: 38 31 N
LONGITUDE: 121 30 W
[TEMPERATURE DATA] [PRECIPITATION DATA] SYMBOLS USED IN COLUMN 16
AVERAGE MONTHLY: 77.2 TOTAL FOR MONTH: 0.00 1 = FOG OR MIST
DPTR FM NORMAL: 1.3 DPTR FM NORMAL: 0.00 2 = FOG REDUCING VISIBILITY
HIGHEST: 109 ON 10 GRTST 24HR 0.00 ON 1- 1 TO 1/4 MILE OR LESS
LOWEST: 54 ON 16,15 3 = THUNDER
SNOW, ICE PELLETS, HAIL 4 = ICE PELLETS
TOTAL MONTH: 0.0 INCH 5 = HAIL
GRTST 24HR 0.0 6 = FREEZING RAIN OR DRIZZLE
GRTST DEPTH: M ON M 7 = DUSTSTORM OR SANDSTORM:
VSBY 1/2 MILE OR LESS
8 = SMOKE OR HAZE
[NO. OF DAYS WITH] [WEATHER - DAYS WITH] 9 = BLOWING SNOW
X = TORNADO
MAX 32 OR BELOW: 0 0.01 INCH OR MORE: 0
MAX 90 OR ABOVE: 26 0.10 INCH OR MORE: 0
MIN 32 OR BELOW: 0 0.50 INCH OR MORE: 0
MIN 0 OR BELOW: 0 1.00 INCH OR MORE: 0
[HDD (BASE 65) ]
TOTAL THIS MO. 0 CLEAR (SCALE 0-3) 31
DPTR FM NORMAL 0 PTCLDY (SCALE 4-7) 0
TOTAL FM JUL 1 0 CLOUDY (SCALE 8-10) 0
DPTR FM NORMAL 0
[CDD (BASE 65) ]
TOTAL THIS MO. 385
DPTR FM NORMAL 47 [PRESSURE DATA]
TOTAL FM JAN 1 856 HIGHEST SLP 30.00 ON 27
DPTR FM NORMAL 180 LOWEST SLP 29.71 ON 11
[REMARKS]
#FINAL-07-21#