000
CXUS56 KSTO 021129
CLMSAC
CLIMATE REPORT
NATIONAL WEATHER SERVICE SACRAMENTO
429 AM PDT WED AUG 02 2023
...................................
...THE SACRAMENTO EXEC AP CLIMATE SUMMARY FOR THE MONTH OF JULY 2023...
CLIMATE NORMAL PERIOD: 1991 TO 2020
CLIMATE RECORD PERIOD: 1877 TO 2023
WEATHER OBSERVED NORMAL DEPART LAST YEAR`S
VALUE DATE(S) VALUE FROM VALUE DATE(S)
NORMAL
................................................................
TEMPERATURE (F)
RECORD
HIGH 114 07/14/1972
07/13/1972
LOW 48 07/08/1983
HIGHEST 107 07/01 MM MM 103 07/17
07/16
LOWEST 53 07/09 MM MM 55 07/01
07/10
AVG. MAXIMUM 94.3 92.6 1.7 92.8
AVG. MINIMUM 60.5 59.2 1.3 59.9
MEAN 77.4 75.9 1.5 76.4
DAYS MAX >= 90 24 20.6 3.4 22
DAYS MAX <= 32 0 0.0 0.0 0
DAYS MAX >= 45 31 31
DAYS MAX >= 120 0 0
DAYS MAX <= 32 0 0
DAYS MIN <= 32 0 0.0 0.0 0
DAYS MIN <= 0 0 0.0 0.0 0
DAYS MIN >= 80 0 0
DAYS MIN <= -20 0 0
DAYS MIN <= 15 0 0
PRECIPITATION (INCHES)
RECORD
MAXIMUM 0.79 1974
MINIMUM 0.00 2021
TOTALS T 0.00 0.00 T
DAILY AVG. T 0.00 0.00 T
DAYS >= .01 0 0.1 -0.1 0
DAYS >= .10 0 0.0 0.0 0
DAYS >= .50 0 0.0 0.0 0
DAYS >= 1.00 0 0.0 0.0 0
DAYS >= %-5.2F 0 0
DAYS >= %-5.2F 0 0
GREATEST
24 HR. TOTAL T 07/17 TO 07/17 T 07/26 TO 07/26
STORM TOTAL 0.00 0.00
(MM/DD(HH)) MM
SNOWFALL (INCHES)
RECORDS
TOTAL MM MM
24 HR TOTAL MM
TOTALS MM MM MM
LIQUID EQUIV MM MM MM
SINCE 7/1 MM MM MM
LIQUID 7/1 MM
DAYS >= TRACE MM MM MM
DAYS >= 1.0 MM MM MM
GREATEST
SNOW DEPTH MM
24 HR TOTAL MM
STORM TOTAL MM
(MM/DD(HH))
DEGREE DAYS
HEATING TOTAL 0 0 0
SINCE 7/1 0 0 0
COOLING TOTAL 395 338 57
SINCE 1/1 644 676 -32
................................................................
WIND (MPH)
AVERAGE WIND SPEED 6.3
HIGHEST WIND SPEED/DIRECTION 20/220 DATE 07/03
20/220 07/08
HIGHEST GUST SPEED/DIRECTION 25/210 DATE 07/03
SKY COVER
POSSIBLE SUNSHINE (PERCENT) MM
AVERAGE SKY COVER 0.01
NUMBER OF DAYS FAIR 31
NUMBER OF DAYS PC 0
NUMBER OF DAYS CLOUDY 0
AVERAGE RH (PERCENT) 50
WEATHER CONDITIONS. NUMBER OF DAYS WITH
THUNDERSTORM 0 MIXED PRECIP 0
HEAVY RAIN 0 RAIN 0
LIGHT RAIN 1 FREEZING RAIN 0
LT FREEZING RAIN 0 HAIL 0
HEAVY SNOW 0 SNOW 0
LIGHT SNOW 0 SLEET 0
FOG 0 FOG W/VIS <= 1/4 MILE 0
HAZE 0
- INDICATES NEGATIVE NUMBERS.
R INDICATES RECORD WAS SET OR TIED.
MM INDICATES DATA IS MISSING.
T INDICATES TRACE AMOUNT.
$$