000
CXUS54 KEWX 011633
CF6SAT
PRELIMINARY LOCAL CLIMATOLOGICAL DATA (WS FORM: F-6)
STATION: SAN ANTONIO
MONTH: FEBRUARY
YEAR: 2022
LATITUDE: 29 31 N
LONGITUDE: 98 28 W
TEMPERATURE IN F: :PCPN: SNOW: WIND :SUNSHINE: SKY :PK WND
================================================================================
1 2 3 4 5 6A 6B 7 8 9 10 11 12 13 14 15 16 17 18
12Z AVG MX 2MIN
DY MAX MIN AVG DEP HDD CDD WTR SNW DPTH SPD SPD DIR MIN PSBL S-S WX SPD DR
================================================================================
1 72 54 63 9 2 0 T 0.0 0 3.2 12 120 M M 7 1 15 120
2 64 38 51 -3 14 0 0.16 0.0 0 8.2 24 340 M M 9 123 35 10
3 38 24 31 -23 34 0 1.53 0.0 0 15.9 26 330 M M 9 136 38 340
4 43 21 32 -22 33 0 0.00 0.0 0 12.7 24 360 M M 4 33 340
5 51 22 37 -17 28 0 0.00 0.0 0 4.4 14 170 M M 0 17 180
6 61 26 44 -11 21 0 0.00 0.0 0 3.5 13 210 M M 1 19 200
7 64 38 51 -4 14 0 0.00 0.0 0 8.9 17 10 M M 4 27 350
8 66 31 49 -6 16 0 0.00 0.0 0 6.4 14 260 M M 0 20 260
9 72 34 53 -2 12 0 0.00 0.0 0 6.0 15 240 M M 1 20 230
10 72 39 56 1 9 0 0.00 0.0 0 4.7 12 180 M M 3 17 210
11 76 40 58 2 7 0 0.00 0.0 0 7.7 17 150 M M 1 23 200
12 57 34 46 -10 19 0 0.00 0.0 0 13.3 33 10 M M 4 50 30
13 65 28 47 -9 18 0 0.00 0.0 0 5.5 15 230 M M 1 21 240
14 69 32 51 -5 14 0 0.00 0.0 0 8.8 18 160 M M 1 25 160
15 75 41 58 2 7 0 0.00 0.0 0 11.9 25 150 M M 1 34 130
16 80 58 69 13 0 4 T 0.0 0 14.8 26 140 M M 8 34 140
17 76 38 57 0 8 0 0.00 0.0 0 15.5 29 350 M M 5 42 350
18 63 34 49 -8 16 0 0.00 0.0 0 9.5 23 350 M M 5 32 350
19 66 34 50 -7 15 0 0.00 0.0 0 5.8 14 130 M M 2 18 140
20 74 41 58 1 7 0 0.00 0.0 0 5.6 17 130 M M 7 23 180
21 85 62 74 16 0 9 0.02 0.0 0 11.7 28 130 M M 7 1 36 130
22 85 57 71 13 0 6 0.00 0.0 0 9.5 21 30 M M 6 1 31 40
23 57 30 44 -14 21 0 0.01 0.0 0 15.6 25 360 M M 10 16 35 10
24 41 30 36 -22 29 0 T 0.0 0 9.7 18 350 M M 10 16 26 10
25 40 32 36 -22 29 0 T 0.0 0 11.3 18 10 M M 9 26 30
26 42 35 39 -20 26 0 0.02 0.0 0 8.4 15 10 M M 10 1 21 10
27 62 38 50 -9 15 0 T 0.0 0 10.1 20 350 M M 4 1 27 340
28 68 31 50 -9 15 0 0.00 0.0 0 4.5 10 130 M M 3 14 140
================================================================================
SM 1784 1022 429 19 1.74 0.0 253.1 M 132
================================================================================
AV 63.7 36.5 9.0 FASTST M M 5 MAX(MPH)
MISC ----> 33 10 50 30
================================================================================
NOTES:
# LAST OF SEVERAL OCCURRENCES
COLUMN 17 PEAK WIND IN M.P.H.
PRELIMINARY LOCAL CLIMATOLOGICAL DATA (WS FORM: F-6) , PAGE 2
STATION: SAN ANTONIO
MONTH: FEBRUARY
YEAR: 2022
LATITUDE: 29 31 N
LONGITUDE: 98 28 W
[TEMPERATURE DATA] [PRECIPITATION DATA] SYMBOLS USED IN COLUMN 16
AVERAGE MONTHLY: 50.1 TOTAL FOR MONTH: 1.74 1 = FOG OR MIST
DPTR FM NORMAL: -6.2 DPTR FM NORMAL: -0.00 2 = FOG REDUCING VISIBILITY
HIGHEST: 85 ON 22,21 GRTST 24HR 1.69 ON 2- 3 TO 1/4 MILE OR LESS
LOWEST: 21 ON 4 3 = THUNDER
SNOW, ICE PELLETS, HAIL 4 = ICE PELLETS
TOTAL MONTH: 0.0 INCH 5 = HAIL
GRTST 24HR 0.0 6 = FREEZING RAIN OR DRIZZLE
GRTST DEPTH: 0 7 = DUSTSTORM OR SANDSTORM:
VSBY 1/2 MILE OR LESS
8 = SMOKE OR HAZE
[NO. OF DAYS WITH] [WEATHER - DAYS WITH] 9 = BLOWING SNOW
X = TORNADO
MAX 32 OR BELOW: 0 0.01 INCH OR MORE: 5
MAX 90 OR ABOVE: 0 0.10 INCH OR MORE: 2
MIN 32 OR BELOW: 11 0.50 INCH OR MORE: 1
MIN 0 OR BELOW: 0 1.00 INCH OR MORE: 1
[HDD (BASE 65) ]
TOTAL THIS MO. 429 CLEAR (SCALE 0-3) 11
DPTR FM NORMAL 163 PTCLDY (SCALE 4-7) 11
TOTAL FM JUL 1 1149 CLOUDY (SCALE 8-10) 6
DPTR FM NORMAL -113
[CDD (BASE 65) ]
TOTAL THIS MO. 19
DPTR FM NORMAL -3 [PRESSURE DATA]
TOTAL FM JAN 1 19 HIGHEST SLP 30.65 ON 4
DPTR FM NORMAL -13 LOWEST SLP 29.68 ON 17
[REMARKS]
#FINAL-02-22#