000
CXUS52 KCHS 010815
CF6SAV
PRELIMINARY LOCAL CLIMATOLOGICAL DATA (WS FORM: F-6)
STATION: SAVANNAH GA
MONTH: SEPTEMBER
YEAR: 2021
LATITUDE: 32 7 N
LONGITUDE: 81 12 W
TEMPERATURE IN F: :PCPN: SNOW: WIND :SUNSHINE: SKY :PK WND
================================================================================
1 2 3 4 5 6A 6B 7 8 9 10 11 12 13 14 15 16 17 18
12Z AVG MX 2MIN
DY MAX MIN AVG DEP HDD CDD WTR SNW DPTH SPD SPD DIR MIN PSBL S-S WX SPD DR
================================================================================
1 91 75 83 3 0 18 0.00 0.0 0 12.1 21 260 M M 6 27 250
2 90 71 81 1 0 16 0.00 0.0 0 6.3 14 20 M M 4 18 10
3 85 64 75 -5 0 10 0.00 0.0 0 7.6 14 350 M M 2 19 20
4 86 62 74 -6 0 9 0.00 0.0 0 6.4 15 110 M M 2 19 110
5 88 67 78 -2 0 13 0.06 0.0 0 3.3 12 120 M M 5 1 13 150
6 92 68 80 0 0 15 0.00 0.0 0 5.5 15 180 M M 4 1 17 180
7 92 73 83 3 0 18 0.00 0.0 0 6.1 15 160 M M 6 19 180
8 90 74 82 3 0 17 0.46 0.0 0 6.1 22 270 M M 7 13 27 270
9 86 71 79 0 0 14 0.53 0.0 0 8.4 17 310 M M 7 1 22 270
10 85 66 76 -3 0 11 0.00 0.0 0 6.3 14 30 M M 3 1 18 30
11 85 63 74 -5 0 9 0.00 0.0 0 5.1 15 120 M M 3 19 100
12 85 61 73 -6 0 8 0.00 0.0 0 3.1 13 50 M M 1 17 30
13 87 63 75 -3 0 10 0.00 0.0 0 3.4 10 30 M M 3 13 40
14 87 67 77 -1 0 12 0.00 0.0 0 3.3 12 150 M M 3 1 15 200
15 88 70 79 1 0 14 0.01 0.0 0 5.4 18 150 M M 5 13 23 150
16 81 72 77 -1 0 12 0.65 0.0 0 4.7 18 120 M M 8 1 22 120
17 87 71 79 1 0 14 0.47 0.0 0 2.2 17 100 M M 7 1 20 100
18 87 73 80 3 0 15 0.00 0.0 0 4.0 10 90 M M 8 1 13 130
19 84 73 79 2 0 14 0.06 0.0 0 7.9 21 110 M M 7 1 24 120
20 77 72 75 -2 0 10 6.66 0.0 0 5.8 18 140 M M 9 12 20 130
21 84 74 79 2 0 14 T 0.0 0 2.2 14 130 M M 8 16 130
22 88 70 79 3 0 14 0.62 0.0 0 6.1 18 310 M M 6 13 22 310
23 79 60 70 -6 0 5 0.00 0.0 0 7.4 15 310 M M 2 19 310
24 79 57 68 -8 0 3 0.00 0.0 0 4.8 15 50 M M 1 18 50
25 80 55 68 -8 0 3 0.00 0.0 0 2.6 13 310 M M 1 16 330
26 84 58 71 -4 0 6 0.00 0.0 0 3.2 12 180 M M 1 15 160
27 85 61 73 -2 0 8 0.00 0.0 0 3.2 13 170 M M 2 15 170
28 87 63 75 0 0 10 0.00 0.0 0 3.8 12 190 M M 2 1 13 190
29 88 65 77 3 0 12 0.00 0.0 0 3.4 10 300 M M 1 1 14 300
30 87 65 76 2 0 11 0.00 0.0 0 2.7 10 140 M M 5 1 13 30
================================================================================
SM 2574 2004 0 345 9.52 0.0 152.4 M 129
================================================================================
AV 85.8 66.8 5.1 FASTST M M 4 MAX(MPH)
MISC ----> 22 270 # 27 250
================================================================================
NOTES:
# LAST OF SEVERAL OCCURRENCES
COLUMN 17 PEAK WIND IN M.P.H.
PRELIMINARY LOCAL CLIMATOLOGICAL DATA (WS FORM: F-6) , PAGE 2
STATION: SAVANNAH GA
MONTH: SEPTEMBER
YEAR: 2021
LATITUDE: 32 7 N
LONGITUDE: 81 12 W
[TEMPERATURE DATA] [PRECIPITATION DATA] SYMBOLS USED IN COLUMN 16
AVERAGE MONTHLY: 76.3 TOTAL FOR MONTH: 9.52 1 = FOG OR MIST
DPTR FM NORMAL: -1.4 DPTR FM NORMAL: 5.17 2 = FOG REDUCING VISIBILITY
HIGHEST: 92 ON 7, 6 GRTST 24HR 6.66 ON 20-20 TO 1/4 MILE OR LESS
LOWEST: 55 ON 25 3 = THUNDER
SNOW, ICE PELLETS, HAIL 4 = ICE PELLETS
TOTAL MONTH: 0.0 INCH 5 = HAIL
GRTST 24HR 0.0 6 = FREEZING RAIN OR DRIZZLE
GRTST DEPTH: 0 7 = DUSTSTORM OR SANDSTORM:
VSBY 1/2 MILE OR LESS
8 = SMOKE OR HAZE
[NO. OF DAYS WITH] [WEATHER - DAYS WITH] 9 = BLOWING SNOW
X = TORNADO
MAX 32 OR BELOW: 0 0.01 INCH OR MORE: 9
MAX 90 OR ABOVE: 5 0.10 INCH OR MORE: 6
MIN 32 OR BELOW: 0 0.50 INCH OR MORE: 4
MIN 0 OR BELOW: 0 1.00 INCH OR MORE: 1
[HDD (BASE 65) ]
TOTAL THIS MO. 0 CLEAR (SCALE 0-3) 13
DPTR FM NORMAL -1 PTCLDY (SCALE 4-7) 16
TOTAL FM JUL 1 0 CLOUDY (SCALE 8-10) 1
DPTR FM NORMAL 0
[CDD (BASE 65) ]
TOTAL THIS MO. 345
DPTR FM NORMAL -37 [PRESSURE DATA]
TOTAL FM JAN 1 2254 HIGHEST SLP 30.30 ON 12
DPTR FM NORMAL -130 LOWEST SLP 29.71 ON 1
[REMARKS]
#FINAL-09-21#