000
CXUS56 KLOX 011655
CF6SDB
PRELIMINARY LOCAL CLIMATOLOGICAL DATA (WS FORM: F-6)
STATION: SANDBERG CA
MONTH: APRIL
YEAR: 2020
LATITUDE: 34 45 N
LONGITUDE: 118 44 W
TEMPERATURE IN F: :PCPN: SNOW: WIND :SUNSHINE: SKY :PK WND
================================================================================
1 2 3 4 5 6A 6B 7 8 9 10 11 12 13 14 15 16 17 18
12Z AVG MX 2MIN
DY MAX MIN AVG DEP HDD CDD WTR SNW DPTH SPD SPD DIR MIN PSBL S-S WX SPD DR
================================================================================
1 62 44 53 5 12 0 0.00 0.0 0 17.4 41 330 M M 0 1 52 320
2 56 36 46 -2 19 0 0.00 0.0 0 19.0 35 330 M M 0 47 310
3 54 38 46 -2 19 0 0.00 0.0 0 18.2 35 310 M M 0 42 310
4 56 40 48 0 17 0 0.00 0.0 0 12.3 23 320 M M 4 12 29 160
5 43 40 42 -6 23 0 0.51 M 0 21.2 36 180 M M 10 12 50 180
6 46 35 41 -7 24 0 0.65 M 0 14.8 31 170 M M 8 12 42 160
7 46 35 41 -8 24 0 1.08 M 0 9.6 25 60 M M 9 12 33 100
8 41 34 38 -11 27 0 0.13 M 0 11.9 25 180 M M 10 12 34 190
9 37 34 36 -13 29 0 0.70 M 0 12.2 25 60 M M 10 12 30 60
10 49 35 42 -7 23 0 0.62 M 0 14.4 28 50 M M 10 12 37 60
11 60 42 51 2 14 0 0.00 0.0 0 10.9 31 320 M M 2 12 39 330
12 50 43 47 -2 18 0 0.06 0.0 0 9.3 15 190 M M 10 12 17 99
13 57 42 50 0 15 0 0.01 M M M M M M M M M M
14 63 44 54 4 11 0 0.00 M M M M M M M M M M
15 69 48 59 9 6 0 0.00 0.0 M 10.6 20 300 M M 0 26 310
16 63 48 56 6 9 0 0.00 0.0 0 13.2 21 170 M M 1 1 27 170
17 55 43 49 -1 16 0 0.00 0.0 0 13.2 23 160 M M 4 12 28 150
18 51 41 46 -5 19 0 0.01 M 0 9.7 24 330 M M 9 128 28 320
19 57 42 50 -1 15 0 0.00 0.0 0 14.9 26 330 M M 3 1 34 320
20 57 45 51 0 14 0 T M 0 14.4 26 310 M M 7 12 32 300
21 58 41 50 -1 15 0 0.01 M 0 20.8 39 320 M M 4 12 47 310
22 69 49 59 7 6 0 0.00 0.0 0 22.8 54 320 M M 0 68 310
23 67 52 60 8 5 0 0.00 0.0 0 21.9 52 330 M M 1 62 320
24 74 54 64 12 1 0 0.00 0.0 0 12.7 35 310 M M 0 40 330
25 83 60 72 20 0 7 0.00 0.0 0 12.3 28 320 M M 0 32 320
26 74 58 66 13 0 1 0.00 0.0 0 14.6 31 320 M M 0 37 310
27 68 53 61 8 4 0 0.00 0.0 0 24.4 43 320 M M 0 49 330
28 85 57 71 18 0 6 0.00 0.0 0 11.3 32 320 M M 0 39 320
29 80 60 70 17 0 5 0.00 0.0 0 11.2 24 330 M M 0 30 340
30 68 56 62 8 3 0 0.00 0.0 0 22.0 45 330 M M 0 59 320
================================================================================
SM 1798 1349 388 19 3.78 0.0 421.2 M 102
================================================================================
AV 59.9 45.0 15.0 FASTST M M 4 MAX(MPH)
MISC ----> # 54 320 # 68 310
================================================================================
NOTES:
# LAST OF SEVERAL OCCURRENCES
COLUMN 17 PEAK WIND IN M.P.H.
PRELIMINARY LOCAL CLIMATOLOGICAL DATA (WS FORM: F-6) , PAGE 2
STATION: SANDBERG CA
MONTH: APRIL
YEAR: 2020
LATITUDE: 34 45 N
LONGITUDE: 118 44 W
[TEMPERATURE DATA] [PRECIPITATION DATA] SYMBOLS USED IN COLUMN 16
AVERAGE MONTHLY: 52.5 TOTAL FOR MONTH: 3.78 1 = FOG OR MIST
DPTR FM NORMAL: 2.0 DPTR FM NORMAL: 3.15 2 = FOG REDUCING VISIBILITY
HIGHEST: 85 ON 28 GRTST 24HR 1.08 ON 7- 7 TO 1/4 MILE OR LESS
LOWEST: 34 ON 9, 8 3 = THUNDER
SNOW, ICE PELLETS, HAIL 4 = ICE PELLETS
TOTAL MONTH: 0.0 INCH 5 = HAIL
GRTST 24HR 0.0 6 = FREEZING RAIN OR DRIZZLE
GRTST DEPTH: 0 7 = DUSTSTORM OR SANDSTORM:
VSBY 1/2 MILE OR LESS
8 = SMOKE OR HAZE
[NO. OF DAYS WITH] [WEATHER - DAYS WITH] 9 = BLOWING SNOW
X = TORNADO
MAX 32 OR BELOW: 0 0.01 INCH OR MORE: 10
MAX 90 OR ABOVE: 0 0.10 INCH OR MORE: 6
MIN 32 OR BELOW: 0 0.50 INCH OR MORE: 5
MIN 0 OR BELOW: 0 1.00 INCH OR MORE: 1
[HDD (BASE 65) ]
TOTAL THIS MO. 388 CLEAR (SCALE 0-3) 16
DPTR FM NORMAL -58 PTCLDY (SCALE 4-7) 4
TOTAL FM JUL 1 3308 CLOUDY (SCALE 8-10) 8
DPTR FM NORMAL -467
[CDD (BASE 65) ]
TOTAL THIS MO. 19
DPTR FM NORMAL 12 [PRESSURE DATA]
TOTAL FM JAN 1 19 HIGHEST SLP 30.22 ON 22
DPTR FM NORMAL 11 LOWEST SLP 29.68 ON 6
[REMARKS]
#FINAL-04-20#