000
CXUS55 KPSR 011005
CF6SDL
PRELIMINARY LOCAL CLIMATOLOGICAL DATA (WS FORM: F-6)
STATION: SCOTTSDALE AZ
MONTH: SEPTEMBER
YEAR: 2023
LATITUDE: 33 37 N
LONGITUDE: 111 54 W
TEMPERATURE IN F: :PCPN: SNOW: WIND :SUNSHINE: SKY :PK WND
================================================================================
1 2 3 4 5 6A 6B 7 8 9 10 11 12 13 14 15 16 17 18
12Z AVG MX 2MIN
DY MAX MIN AVG DEP HDD CDD WTR SNW DPTH SPD SPD DIR MIN PSBL S-S WX SPD DR
================================================================================
1 86 75 81 -10 0 16 0.02 0.0 M 4.9 18 300 M M 2 3 31 310
2 95 78 87 -4 0 22 0.00 0.0 M 4.3 16 290 M M 2 28 290
3 98 76 87 -4 0 22 0.00 0.0 M 3.6 13 230 M M 0 17 230
4 99 80 90 0 0 25 0.00 0.0 0 3.4 14 270 M M 0 20 260
5 100 76 88 -2 0 23 0.00 0.0 0 3.6 12 230 M M 0 17 160
6 102 75 89 -1 0 24 0.00 M M 2.0 13 210 M M 0 19 200
7 105 74 90 0 0 25 0.00 M M 2.8 10 240 M M 0 14 240
8 107 80 94 4 0 29 0.00 M M 2.5 12 270 M M 0 18 270
9 111 83 97 8 0 32 0.00 M M 3.9 12 30 M M 0 17 220
10 110 85 98 9 0 33 0.00 M M 4.3 14 40 M M 0 23 330
11 103 84 94 5 0 29 T M M 5.4 17 250 M M 0 28 260
12 97 78 88 0 0 23 0.03 0.0 M 6.3 22 50 M M 3 38 26 190
13 95 75 85 -3 0 20 0.09 0.0 M 5.3 15 60 M M 4 3 22 60
14 97 77 87 -1 0 22 0.00 0.0 M 2.5 12 170 M M 1 17 180
15 100 75 88 1 0 23 0.00 M M 2.9 9 150 M M 0 13 220
16 102 73 88 1 0 23 0.00 M M 2.4 12 210 M M 0 15 170
17 102 74 88 1 0 23 0.00 M M 4.5 14 160 M M 0 22 200
18 98 75 87 1 0 22 0.00 M M 3.2 12 240 M M 0 18 230
19 97 71 84 -2 0 19 0.00 M M 2.7 10 200 M M 0 22 190
20 95 70 83 -2 0 18 0.00 M M 3.0 13 160 M M 0 8 20 150
21 95 70 83 -2 0 18 0.00 M M 3.2 13 180 M M 0 8 19 220
22 95 73 84 -1 0 19 0.00 M M 2.4 10 300 M M 0 8 17 280
23 93 73 83 -1 0 18 0.00 M M 1.6 7 280 M M 1 11 260
24 97 69 83 -1 0 18 0.00 M M 2.3 10 190 M M 0 14 150
25 100 70 85 2 0 20 0.00 M M 2.3 10 270 M M 0 8 16 250
26 103 72 88 5 0 23 0.00 M M 2.7 10 270 M M 0 16 270
27 102 70 86 4 0 21 0.00 0.0 0 2.4 10 240 M M 0 8 15 190
28 99 73 86 4 0 21 0.00 0.0 0 2.7 10 180 M M 0 17 210
29 97 70 84 2 0 19 0.00 0.0 0 2.7 12 200 M M 0 17 210
30 96 71 84 3 0 19 0.00 0.0 0 7.4 21 190 M M 0 33 180
================================================================================
SM 2976 2245 0 669 0.14 0.0 103.2 M 13
================================================================================
AV 99.2 74.8 3.4 FASTST M M 0 MAX(MPH)
MISC ----> 22 50 33 180
================================================================================
NOTES:
# LAST OF SEVERAL OCCURRENCES
COLUMN 17 PEAK WIND IN M.P.H.
PRELIMINARY LOCAL CLIMATOLOGICAL DATA (WS FORM: F-6) , PAGE 2
STATION: SCOTTSDALE AZ
MONTH: SEPTEMBER
YEAR: 2023
LATITUDE: 33 37 N
LONGITUDE: 111 54 W
[TEMPERATURE DATA] [PRECIPITATION DATA] SYMBOLS USED IN COLUMN 16
AVERAGE MONTHLY: 87.0 TOTAL FOR MONTH: 0.14 1 = FOG OR MIST
DPTR FM NORMAL: 0.3 DPTR FM NORMAL: -0.46 2 = FOG REDUCING VISIBILITY
HIGHEST: 111 ON 9 GRTST 24HR 0.22 ON 31- 1 TO 1/4 MILE OR LESS
LOWEST: 69 ON 24 3 = THUNDER
SNOW, ICE PELLETS, HAIL 4 = ICE PELLETS
TOTAL MONTH: 0.0 INCH 5 = HAIL
GRTST 24HR 0.0 6 = FREEZING RAIN OR DRIZZLE
GRTST DEPTH: 0 7 = DUSTSTORM OR SANDSTORM:
VSBY 1/2 MILE OR LESS
8 = SMOKE OR HAZE
[NO. OF DAYS WITH] [WEATHER - DAYS WITH] 9 = BLOWING SNOW
X = TORNADO
MAX 32 OR BELOW: 0 0.01 INCH OR MORE: 3
MAX 90 OR ABOVE: 29 0.10 INCH OR MORE: 0
MIN 32 OR BELOW: 0 0.50 INCH OR MORE: 0
MIN 0 OR BELOW: 0 1.00 INCH OR MORE: 0
[HDD (BASE 65) ]
TOTAL THIS MO. 0 CLEAR (SCALE 0-3) 28
DPTR FM NORMAL 0 PTCLDY (SCALE 4-7) 2
TOTAL FM JUL 1 0 CLOUDY (SCALE 8-10) 0
DPTR FM NORMAL 0
[CDD (BASE 65) ]
TOTAL THIS MO. 669
DPTR FM NORMAL 17 [PRESSURE DATA]
TOTAL FM JAN 1 4018 HIGHEST SLP 30.00 ON 2
DPTR FM NORMAL 221 LOWEST SLP 29.58 ON 30
[REMARKS]
#FINAL-09-23#