000
CXUS53 KLSX 011400
CF6SET
PRELIMINARY LOCAL CLIMATOLOGICAL DATA (WS FORM: F-6)
STATION: ST_CHARLES MO
MONTH: MAY
YEAR: 2020
LATITUDE: 38 55 N
LONGITUDE: 90 26 W
TEMPERATURE IN F: :PCPN: SNOW: WIND :SUNSHINE: SKY :PK WND
================================================================================
1 2 3 4 5 6A 6B 7 8 9 10 11 12 13 14 15 16 17 18
12Z AVG MX 2MIN
DY MAX MIN AVG DEP HDD CDD WTR SNW DPTH SPD SPD DIR MIN PSBL S-S WX SPD DR
================================================================================
1 80 45 63 2 2 0 0.00 0.0 0 6.5 18 150 M M 0 1 23 160
2 87 57 72 10 0 7 0.00 0.0 0 5.8 22 40 M M 4 29 20
3 75 52 64 2 1 0 0.00 0.0 0 8.3 26 360 M M 3 33 360
4 72 48 60 -2 5 0 0.43 0.0 0 8.8 33 80 M M 4 13 41 80
5 66 48 57 -5 8 0 0.14 0.0 0 10.5 21 20 M M 9 13 26 20
6 64 43 54 -9 11 0 0.00 0.0 0 8.5 20 10 M M 5 1 28 10
7 71 47 59 -4 6 0 0.07 0.0 0 7.2 17 300 M M 3 24 280
8 60 43 52 -11 13 0 0.27 0.0 0 10.7 23 10 M M 5 1 34 360
9 66 36 51 -13 14 0 0.00 0.0 0 3.2 10 240 M M 0 1 16 290
10 61 47 54 -10 11 0 0.00 0.0 0 14.6 30 280 M M 6 40 280
11 60 42 51 -13 14 0 0.00 0.0 0 6.9 17 320 M M 3 28 280
12 M M M M M M M 0.0 0 M M M M M M M M
13 M M M M M M M 0.0 0 M M M M M M M M
14 M M M M M M M 0.0 0 M M M M M M M M
15 M M M M M M M 0.0 0 M M M M M M M M
16 80 59 70 4 0 5 0.68 0.0 0 7.8 20 100 M M 6 13 25 100
17 73 61 67 1 0 2 1.86 0.0 0 9.2 22 300 M M 8 13 29 270
18 64 57 61 -5 4 0 T 0.0 0 9.9 18 290 M M 10 18 24 290
19 66 57 62 -4 3 0 0.01 0.0 0 10.2 18 350 M M 10 1 25 340
20 71 59 65 -2 0 0 0.01 0.0 0 8.0 17 40 M M 10 18 22 80
21 68 57 63 -4 2 0 0.02 0.0 0 5.7 16 90 M M 10 1 19 100
22 79 62 71 4 0 6 0.00 0.0 0 7.3 18 90 M M 6 23 100
23 89 63 76 8 0 11 0.00 0.0 0 7.1 17 210 M M 2 1 25 210
24 88 64 76 8 0 11 0.09 0.0 0 6.0 18 150 M M 3 3 22 150
25 89 66 78 10 0 13 0.08 0.0 0 7.5 22 270 M M 2 138 32 270
26 87 68 78 9 0 13 0.01 0.0 0 12.7 25 160 M M 3 32 130
27 75 68 72 3 0 7 0.64 0.0 0 7.8 13 170 M M 8 1 17 100
28 83 67 75 6 0 10 0.04 0.0 0 7.2 20 270 M M 4 13 28 270
29 79 61 70 1 0 5 0.11 0.0 0 9.3 22 290 M M 3 1 28 300
30 77 55 66 -4 0 1 0.00 0.0 0 5.0 13 360 M M 0 18 330
31 81 61 71 1 0 6 0.00 0.0 0 5.6 13 30 M M 0 16 60
================================================================================
SM 2011 1493 94 97 4.46 0.0 217.3 M 127
================================================================================
AV 74.5 55.3 8.0 FASTST M M 5 MAX(MPH)
MISC ----> 33 80 41 80
================================================================================
NOTES:
# LAST OF SEVERAL OCCURRENCES
COLUMN 17 PEAK WIND IN M.P.H.
PRELIMINARY LOCAL CLIMATOLOGICAL DATA (WS FORM: F-6) , PAGE 2
STATION: ST_CHARLES MO
MONTH: MAY
YEAR: 2020
LATITUDE: 38 55 N
LONGITUDE: 90 26 W
[TEMPERATURE DATA] [PRECIPITATION DATA] SYMBOLS USED IN COLUMN 16
AVERAGE MONTHLY: 64.9 TOTAL FOR MONTH: 4.46 1 = FOG OR MIST
DPTR FM NORMAL: -0.8 DPTR FM NORMAL: -0.29 2 = FOG REDUCING VISIBILITY
HIGHEST: 89 ON 25,23 GRTST 24HR 2.54 ON 16-17 TO 1/4 MILE OR LESS
LOWEST: 36 ON 9 3 = THUNDER
SNOW, ICE PELLETS, HAIL 4 = ICE PELLETS
TOTAL MONTH: 0.0 INCH 5 = HAIL
GRTST 24HR 0.0 6 = FREEZING RAIN OR DRIZZLE
GRTST DEPTH: 0 7 = DUSTSTORM OR SANDSTORM:
VSBY 1/2 MILE OR LESS
8 = SMOKE OR HAZE
[NO. OF DAYS WITH] [WEATHER - DAYS WITH] 9 = BLOWING SNOW
X = TORNADO
MAX 32 OR BELOW: 0 0.01 INCH OR MORE: 15
MAX 90 OR ABOVE: 0 0.10 INCH OR MORE: 7
MIN 32 OR BELOW: 0 0.50 INCH OR MORE: 3
MIN 0 OR BELOW: 0 1.00 INCH OR MORE: 1
[HDD (BASE 65) ]
TOTAL THIS MO. 94 CLEAR (SCALE 0-3) 12
DPTR FM NORMAL 10 PTCLDY (SCALE 4-7) 10
TOTAL FM JUL 1 2218 CLOUDY (SCALE 8-10) 9
DPTR FM NORMAL -2626
[CDD (BASE 65) ]
TOTAL THIS MO. 97
DPTR FM NORMAL -7 [PRESSURE DATA]
TOTAL FM JAN 1 118 HIGHEST SLP 30.32 ON 11
DPTR FM NORMAL -10 LOWEST SLP 29.70 ON 17
[REMARKS]
#FINAL-05-20#