000
CXUS56 KMTR 011634
CF6SFD
PRELIMINARY LOCAL CLIMATOLOGICAL DATA (WS FORM: F-6)
STATION: SAN FRANCISCO DWTN CA
MONTH: APRIL
YEAR: 2020
LATITUDE: 37 46 N
LONGITUDE: 122 26 W
TEMPERATURE IN F: :PCPN: SNOW: WIND :SUNSHINE: SKY :PK WND
================================================================================
1 2 3 4 5 6A 6B 7 8 9 10 11 12 13 14 15 16 17 18
12Z AVG MX 2MIN
DY MAX MIN AVG DEP HDD CDD WTR SNW DPTH SPD SPD DIR MIN PSBL S-S WX SPD DR
================================================================================
1 57 48 53 -3 12 0 0.00 M 0 M M M M M M M M
2 60 46 53 -3 12 0 0.00 M 0 M M M M M M M M
3 58 47 53 -3 12 0 0.00 M 0 M M M M M M M M
4 55 48 52 -4 13 0 0.23 0.0 0 M M M M M M M M
5 53 49 51 -5 14 0 0.24 M 0 M M M M M M M M
6 51 45 48 -8 17 0 0.25 0.0 0 M M M M M M M M
7 61 45 53 -3 12 0 0.00 M 0 M M M M M M M M
8 58 50 54 -2 11 0 0.00 M 0 M M M M M M M M
9 61 52 57 1 8 0 0.00 M 0 M M M M M M M M
10 61 52 57 1 8 0 0.00 M 0 M M M M M M M M
11 56 51 54 -2 11 0 0.00 M 0 M M M M M M M M
12 62 51 57 1 8 0 0.00 M 0 M M M M M M M M
13 63 52 58 2 7 0 0.00 0.0 0 M M M M M M M M
14 76 49 63 7 2 0 0.00 M 0 M M M M M M M M
15 69 52 61 5 4 0 0.00 M 0 M M M M M M M M
16 57 51 54 -2 11 0 0.00 M 0 M M M M M M M M
17 59 52 56 0 9 0 0.00 M 0 M M M M M M M M
18 62 54 58 2 7 0 0.00 M 0 M M M M M M M M
19 62 53 58 2 7 0 0.00 M 0 M M M M M M M M
20 59 52 56 0 9 0 0.00 M 0 M M M M M M M M
21 63 51 57 1 8 0 0.00 M 0 M M M M M M M M
22 68 51 60 4 5 0 0.00 0.0 0 M M M M M M M M
23 69 53 61 4 4 0 0.00 0.0 0 M M M M M M M M
24 74 54 64 7 1 0 0.00 M 0 M M M M M M M M
25 71 53 62 5 3 0 0.00 M 0 M M M M M M M M
26 59 52 56 -1 9 0 0.00 M 0 M M M M M M M M
27 67 52 60 3 5 0 0.00 M 0 M M M M M M M M
28 71 54 63 6 2 0 0.00 M 0 M M M M M M M M
29 61 52 57 0 8 0 0.00 M 0 M M M M M M M M
30 63 52 58 1 7 0 0.00 M 0 M M M M M M M M
================================================================================
SM 1866 1523 246 0 0.72 0.0 M M M
================================================================================
AV 62.2 50.8 M FASTST M M M MAX(MPH)
MISC ----> M M M M
================================================================================
NOTES:
# LAST OF SEVERAL OCCURRENCES
COLUMN 17 PEAK WIND IN M.P.H.
PRELIMINARY LOCAL CLIMATOLOGICAL DATA (WS FORM: F-6) , PAGE 2
STATION: SAN FRANCISCO DWTN CA
MONTH: APRIL
YEAR: 2020
LATITUDE: 37 46 N
LONGITUDE: 122 26 W
[TEMPERATURE DATA] [PRECIPITATION DATA] SYMBOLS USED IN COLUMN 16
AVERAGE MONTHLY: 56.5 TOTAL FOR MONTH: 0.72 1 = FOG OR MIST
DPTR FM NORMAL: 0.3 DPTR FM NORMAL: -0.74 2 = FOG REDUCING VISIBILITY
HIGHEST: 76 ON 14 GRTST 24HR 0.47 ON 4- 5 TO 1/4 MILE OR LESS
LOWEST: 45 ON 7, 6 3 = THUNDER
SNOW, ICE PELLETS, HAIL 4 = ICE PELLETS
TOTAL MONTH: 0.0 INCH 5 = HAIL
GRTST 24HR 0.0 6 = FREEZING RAIN OR DRIZZLE
GRTST DEPTH: 0 7 = DUSTSTORM OR SANDSTORM:
VSBY 1/2 MILE OR LESS
8 = SMOKE OR HAZE
[NO. OF DAYS WITH] [WEATHER - DAYS WITH] 9 = BLOWING SNOW
X = TORNADO
MAX 32 OR BELOW: 0 0.01 INCH OR MORE: 3
MAX 90 OR ABOVE: 0 0.10 INCH OR MORE: 3
MIN 32 OR BELOW: 0 0.50 INCH OR MORE: 0
MIN 0 OR BELOW: 0 1.00 INCH OR MORE: 0
[HDD (BASE 65) ]
TOTAL THIS MO. 246 CLEAR (SCALE 0-3) 0
DPTR FM NORMAL -27 PTCLDY (SCALE 4-7) 0
TOTAL FM JUL 1 2102 CLOUDY (SCALE 8-10) 30
DPTR FM NORMAL -501
[CDD (BASE 65) ]
TOTAL THIS MO. 0
DPTR FM NORMAL -7 [PRESSURE DATA]
TOTAL FM JAN 1 0 HIGHEST SLP M ON M
DPTR FM NORMAL -9 LOWEST SLP 9999.00 ON 1
[REMARKS]
#FINAL-04-20#