000
CXUS56 KMTR 010900
CF6SFO
PRELIMINARY LOCAL CLIMATOLOGICAL DATA (WS FORM: F-6)
STATION: SAN FRANCISCO AIRPORT
MONTH: JULY
YEAR: 2022
LATITUDE: 37 37 N
LONGITUDE: 122 23 W
TEMPERATURE IN F: :PCPN: SNOW: WIND :SUNSHINE: SKY :PK WND
================================================================================
1 2 3 4 5 6A 6B 7 8 9 10 11 12 13 14 15 16 17 18
12Z AVG MX 2MIN
DY MAX MIN AVG DEP HDD CDD WTR SNW DPTH SPD SPD DIR MIN PSBL S-S WX SPD DR
================================================================================
1 67 55 61 -3 4 0 0.00 M M 15.0 26 270 M M 7 18 35 280
2 64 55 60 -4 5 0 0.00 M M 16.4 33 260 M M 10 18 44 280
3 65 56 61 -3 4 0 0.00 M M 13.4 23 280 M M 8 8 31 280
4 79 58 69 5 0 4 0.00 M M 6.2 20 310 M M 8 8 27 310
5 74 65 70 6 0 5 0.00 M M 9.0 24 280 M M 8 8 29 270
6 73 61 67 3 0 2 0.00 M M 11.9 21 270 M M 7 8 27 290
7 70 57 64 0 1 0 0.00 M M 16.7 30 280 M M 5 18 41 270
8 70 57 64 0 1 0 0.00 M M 15.0 26 290 M M 2 18 37 300
9 70 57 64 0 1 0 0.00 M M 15.3 26 280 M M 5 8 36 300
10 81 57 69 5 0 4 0.00 M M 10.3 28 300 M M 3 18 35 310
11 71 58 65 1 0 0 0.00 M M 14.9 25 300 M M 2 18 32 310
12 77 57 67 3 0 2 0.00 M M 7.9 20 240 M M 3 8 24 270
13 72 58 65 1 0 0 0.00 M M 11.8 24 300 M M 5 8 30 300
14 69 57 63 -1 2 0 0.00 M M 15.1 29 280 M M 2 8 39 280
15 67 55 61 -3 4 0 0.00 M M 14.6 29 290 M M 4 8 36 290
16 73 53 63 -1 2 0 0.00 M M 13.7 26 300 M M 2 8 33 300
17 68 56 62 -2 3 0 0.00 M M 14.3 24 310 M M 2 8 30 310
18 71 57 64 0 1 0 0.00 M M 14.6 29 300 M M 1 8 34 300
19 67 54 61 -3 4 0 0.00 M M 18.2 30 300 M M 2 18 41 290
20 67 54 61 -3 4 0 0.00 M M 14.8 29 300 M M 5 18 39 300
21 65 53 59 -5 6 0 0.00 M M 14.1 29 300 M M 3 18 35 300
22 70 55 63 -1 2 0 0.00 M M 13.7 24 300 M M 2 18 31 310
23 68 54 61 -3 4 0 0.00 M M 14.3 24 310 M M 4 18 31 300
24 71 53 62 -2 3 0 0.00 M M 10.7 24 310 M M 3 8 32 300
25 71 55 63 -1 2 0 0.00 M M 11.8 23 310 M M 4 8 29 310
26 73 58 66 2 0 1 0.00 M M 10.0 23 310 M M 4 8 29 300
27 69 57 63 -1 2 0 0.00 M M 14.8 28 290 M M 3 18 33 300
28 69 56 63 -1 2 0 0.00 M M 13.0 24 290 M M 7 18 32 280
29 71 59 65 1 0 0 0.00 M M 12.7 26 280 M M 9 18 33 280
30 70 60 65 1 0 0 0.00 M M 12.2 23 260 M M 9 8 29 260
31 72 60 66 2 0 1 0.00 M M 13.6 24 290 M M 8 8 30 290
================================================================================
SM 2184 1757 57 19 0.00 M 410.0 M 147
================================================================================
AV 70.5 56.7 13.2 FASTST M M 5 MAX(MPH)
MISC ----> 33 260 44 280
================================================================================
NOTES:
# LAST OF SEVERAL OCCURRENCES
COLUMN 17 PEAK WIND IN M.P.H.
PRELIMINARY LOCAL CLIMATOLOGICAL DATA (WS FORM: F-6) , PAGE 2
STATION: SAN FRANCISCO AIRPORT
MONTH: JULY
YEAR: 2022
LATITUDE: 37 37 N
LONGITUDE: 122 23 W
[TEMPERATURE DATA] [PRECIPITATION DATA] SYMBOLS USED IN COLUMN 16
AVERAGE MONTHLY: 63.6 TOTAL FOR MONTH: 0.00 1 = FOG OR MIST
DPTR FM NORMAL: -0.4 DPTR FM NORMAL: 0.00 2 = FOG REDUCING VISIBILITY
HIGHEST: 81 ON 10 GRTST 24HR 0.00 ON 1- 1 TO 1/4 MILE OR LESS
LOWEST: 53 ON 24,21 3 = THUNDER
SNOW, ICE PELLETS, HAIL 4 = ICE PELLETS
TOTAL MONTH: M 5 = HAIL
GRTST 24HR M ON M 6 = FREEZING RAIN OR DRIZZLE
GRTST DEPTH: M ON M 7 = DUSTSTORM OR SANDSTORM:
VSBY 1/2 MILE OR LESS
8 = SMOKE OR HAZE
[NO. OF DAYS WITH] [WEATHER - DAYS WITH] 9 = BLOWING SNOW
X = TORNADO
MAX 32 OR BELOW: 0 0.01 INCH OR MORE: 0
MAX 90 OR ABOVE: 0 0.10 INCH OR MORE: 0
MIN 32 OR BELOW: 0 0.50 INCH OR MORE: 0
MIN 0 OR BELOW: 0 1.00 INCH OR MORE: 0
[HDD (BASE 65) ]
TOTAL THIS MO. 57 CLEAR (SCALE 0-3) 11
DPTR FM NORMAL -1 PTCLDY (SCALE 4-7) 17
TOTAL FM JUL 1 57 CLOUDY (SCALE 8-10) 3
DPTR FM NORMAL -5
[CDD (BASE 65) ]
TOTAL THIS MO. 19
DPTR FM NORMAL -7 [PRESSURE DATA]
TOTAL FM JAN 1 84 HIGHEST SLP M ON M
DPTR FM NORMAL 15 LOWEST SLP 29.81 ON 17
[REMARKS]
#FINAL-07-22#