000
CXUS56 KMTR 010900
CF6SFO
PRELIMINARY LOCAL CLIMATOLOGICAL DATA (WS FORM: F-6)
STATION: SAN FRANCISCO AIRPORT
MONTH: MAY
YEAR: 2022
LATITUDE: 37 37 N
LONGITUDE: 122 23 W
TEMPERATURE IN F: :PCPN: SNOW: WIND :SUNSHINE: SKY :PK WND
================================================================================
1 2 3 4 5 6A 6B 7 8 9 10 11 12 13 14 15 16 17 18
12Z AVG MX 2MIN
DY MAX MIN AVG DEP HDD CDD WTR SNW DPTH SPD SPD DIR MIN PSBL S-S WX SPD DR
================================================================================
1 67 49 58 -1 7 0 0.00 M M 15.9 31 280 M M 2 18 39 280
2 62 51 57 -2 8 0 0.00 M M 20.9 37 280 M M 7 8 46 290
3 71 48 60 1 5 0 0.00 M M 13.2 24 290 M M 0 8 31 280
4 72 50 61 2 4 0 0.00 M M 11.8 29 300 M M 2 18 35 300
5 65 51 58 -1 7 0 0.00 M M 10.4 23 280 M M 7 18 28 270
6 70 56 63 4 2 0 0.00 M M 9.2 22 280 M M 8 18 29 280
7 63 51 57 -2 8 0 0.00 M M 22.9 43 290 M M 5 8 57 300
8 61 50 56 -3 9 0 T M M 19.6 35 280 M M 3 8 55 300
9 61 48 55 -4 10 0 0.00 M M 11.3 23 290 M M 4 8 31 280
10 60 49 55 -4 10 0 0.00 M M 16.8 31 280 M M 3 45 300
11 62 47 55 -5 10 0 0.00 M M 16.5 33 280 M M 3 8 43 290
12 64 50 57 -3 8 0 0.00 M M 18.3 26 290 M M 3 8 41 290
13 69 53 61 1 4 0 0.00 M M 16.7 32 280 M M 2 8 40 280
14 71 52 62 2 3 0 0.00 M M 14.6 30 290 M M 2 8 40 290
15 64 52 58 -2 7 0 0.00 M M 22.9 38 270 M M 7 18 45 270
16 63 55 59 -1 6 0 0.00 M M 19.9 33 270 M M 7 18 44 270
17 66 51 59 -1 6 0 0.00 M M 18.4 32 280 M M 2 8 42 280
18 77 50 64 4 1 0 0.00 M M 15.0 31 290 M M 3 8 39 290
19 68 53 61 1 4 0 0.00 M M 24.0 37 280 M M 3 8 47 290
20 73 50 62 2 3 0 0.00 M M 16.9 31 280 M M 2 8 38 280
21 72 50 61 1 4 0 0.00 M M 12.9 29 300 M M 1 8 35 300
22 68 51 60 0 5 0 0.00 M M 16.5 31 280 M M 2 8 40 290
23 69 52 61 0 4 0 0.00 M M 14.9 31 290 M M 2 8 38 290
24 87 53 70 9 0 5 0.00 M M 8.8 21 280 M M 1 8 26 310
25 81 57 69 8 0 4 0.00 M M 8.4 25 300 M M 3 8 32 310
26 69 55 62 1 3 0 0.00 M M 6.8 20 250 M M 5 8 27 240
27 70 56 63 2 2 0 0.00 M M 9.4 22 270 M M 7 8 30 280
28 72 54 63 2 2 0 0.00 M M 14.8 30 280 M M 8 8 37 280
29 67 53 60 -1 5 0 0.00 M M 20.5 33 280 M M 2 8 41 270
30 67 50 59 -2 6 0 0.00 M M 20.2 33 280 M M 1 8 43 280
31 76 50 63 2 2 0 0.00 M M 14.1 30 280 M M 1 8 37 280
================================================================================
SM 2127 1597 155 9 T M 482.5 M 108
================================================================================
AV 68.6 51.5 15.6 FASTST M M 3 MAX(MPH)
MISC ----> 43 290 57 300
================================================================================
NOTES:
# LAST OF SEVERAL OCCURRENCES
COLUMN 17 PEAK WIND IN M.P.H.
PRELIMINARY LOCAL CLIMATOLOGICAL DATA (WS FORM: F-6) , PAGE 2
STATION: SAN FRANCISCO AIRPORT
MONTH: MAY
YEAR: 2022
LATITUDE: 37 37 N
LONGITUDE: 122 23 W
[TEMPERATURE DATA] [PRECIPITATION DATA] SYMBOLS USED IN COLUMN 16
AVERAGE MONTHLY: 60.1 TOTAL FOR MONTH: T 1 = FOG OR MIST
DPTR FM NORMAL: 0.2 DPTR FM NORMAL: -0.48 2 = FOG REDUCING VISIBILITY
HIGHEST: 87 ON 24 GRTST 24HR T ON 8- 8 TO 1/4 MILE OR LESS
LOWEST: 47 ON 11 3 = THUNDER
SNOW, ICE PELLETS, HAIL 4 = ICE PELLETS
TOTAL MONTH: M 5 = HAIL
GRTST 24HR M ON M 6 = FREEZING RAIN OR DRIZZLE
GRTST DEPTH: M ON M 7 = DUSTSTORM OR SANDSTORM:
VSBY 1/2 MILE OR LESS
8 = SMOKE OR HAZE
[NO. OF DAYS WITH] [WEATHER - DAYS WITH] 9 = BLOWING SNOW
X = TORNADO
MAX 32 OR BELOW: 0 0.01 INCH OR MORE: 0
MAX 90 OR ABOVE: 0 0.10 INCH OR MORE: 0
MIN 32 OR BELOW: 0 0.50 INCH OR MORE: 0
MIN 0 OR BELOW: 0 1.00 INCH OR MORE: 0
[HDD (BASE 65) ]
TOTAL THIS MO. 155 CLEAR (SCALE 0-3) 19
DPTR FM NORMAL -15 PTCLDY (SCALE 4-7) 12
TOTAL FM JUL 1 2132 CLOUDY (SCALE 8-10) 0
DPTR FM NORMAL -245
[CDD (BASE 65) ]
TOTAL THIS MO. 9
DPTR FM NORMAL -5 [PRESSURE DATA]
TOTAL FM JAN 1 20 HIGHEST SLP M ON M
DPTR FM NORMAL 0 LOWEST SLP 29.77 ON 24
[REMARKS]
#FINAL-05-22#