000
CXUS53 KSGF 010800
CF6SGF
PRELIMINARY LOCAL CLIMATOLOGICAL DATA (WS FORM: F-6)

                                          STATION:   SPRINGFIELD MO
                                          MONTH:     JANUARY
                                          YEAR:      2018
                                          LATITUDE:   37 13 N
                                          LONGITUDE:  93 23 W

  TEMPERATURE IN F:       :PCPN:    SNOW:  WIND      :SUNSHINE: SKY     :PK WND
================================================================================
1   2   3   4   5  6A  6B    7    8   9   10  11  12  13   14  15   16   17  18
                                     12Z  AVG MX 2MIN
DY MAX MIN AVG DEP HDD CDD  WTR  SNW DPTH SPD SPD DIR MIN PSBL S-S WX    SPD DR
================================================================================

 1  15  -2   7 -26  58   0 0.00  0.0    0  6.1 14 360   M    M   0        18 360
 2  24   1  13 -20  52   0 0.00  0.0    0  5.6 12 240   M    M   0        15 240
 3  33  13  23  -9  42   0    T    T    0 10.6 22 330   M    M   2        28 330
 4  32   7  20 -12  45   0 0.00  0.0    0  3.3  9 330   M    M   1        12 330
 5  43  12  28  -4  37   0 0.00  0.0    0  6.5 12  70   M    M   0        16  60
 6  37  17  27  -5  38   0 0.00  0.0    0 14.2 26 150   M    M   0        35 160
 7  38  25  32   0  33   0 0.62  0.0    0 15.5 25 160   M    M   8 16     35 150
 8  39  28  34   2  31   0    T  0.0    0  5.8 13 330   M    M   9 12     16 330
 9  41  30  36   4  29   0 0.00  0.0    0 13.2 22 160   M    M  10 12     30 160
10  65  42  54  22  11   0 0.00  0.0    0 19.1 26 160   M    M   5 1      40 170
11  62  15  39   7  26   0    T    T    0 17.8 28 330   M    M   9 146    35 330
12  27  10  19 -13  46   0    T    T    0 16.2 28 340   M    M   3 1      34 340
13  26  13  20 -12  45   0 0.00  0.0    0  7.6 17 350   M    M   7        22 350
14  29  21  25  -7  40   0 0.04  0.5    T 12.3 17 190   M    M   9 18     23 150
15  32   3  18 -14  47   0 0.13  2.2    2 13.4 23 330   M    M   7 1      31 340
16   8  -6   1 -31  64   0    T    T    2  6.7 20 340   M    M   2        24 330
17  21  -8   7 -25  58   0 0.00  0.0    2  4.1 13 180   M    M   0 1      14 180
18  42   7  25  -7  40   0 0.00  0.0    2 10.6 21 210   M    M   0        25 210
19  54  26  40   8  25   0 0.00  0.0    1 12.2 21 210   M    M   0        27 210
20  65  39  52  20  13   0 0.00  0.0    0 13.6 24 220   M    M   4        33 220
21  72  46  59  26   6   0 0.95  0.0    0 15.3 32 200   M    M   4 13     42 220
22  56  33  45  12  20   0 0.13    T    0 18.4 32 240   M    M   7 14     48 230
23  40  27  34   1  31   0 0.00  0.0    0 10.6 28 280   M    M   6        39 280
24  52  24  38   5  27   0 0.00  0.0    0  6.6 16 270   M    M   0        21 290
25  64  34  49  16  16   0 0.00  0.0    0 13.9 25 230   M    M   0        34 220
26  59  42  51  18  14   0    T  0.0    0 18.4 33 190   M    M   8        46 190
27  57  29  43  10  22   0 0.09  0.0    0  7.0 15 320   M    M   3 1      20 320
28  60  24  42   9  23   0 0.00  0.0    0  4.5 20  20   M    M   1        24  20
29  39  20  30  -3  35   0 0.00  0.0    0 11.2 22 340   M    M   4        28 330
30  48  17  33  -1  32   0 0.00  0.0    0 13.3 26 160   M    M   0        35 150
31  62  36  49  15  16   0 0.00  0.0    0 11.4 24 220   M    M   0        34 220
================================================================================
SM 1342  625      1022   0  1.96     2.7 345.0          M      109
================================================================================
AV 43.3 20.2                              11.1 FASTST   M    M   4    MAX(MPH)
                                 MISC ---->  # 33 190               # 48  230
================================================================================
NOTES:
# LAST OF SEVERAL OCCURRENCES

COLUMN 17 PEAK WIND IN M.P.H.

PRELIMINARY LOCAL CLIMATOLOGICAL DATA (WS FORM: F-6) , PAGE 2

                                          STATION:  SPRINGFIELD MO
                                          MONTH:    JANUARY
                                          YEAR:     2018
                                          LATITUDE:   37 13 N
                                          LONGITUDE:  93 23 W

[TEMPERATURE DATA]      [PRECIPITATION DATA]       SYMBOLS USED IN COLUMN 16

AVERAGE MONTHLY: 31.7   TOTAL FOR MONTH:   1.96    1 = FOG OR MIST
DPTR FM NORMAL:  -0.9   DPTR FM NORMAL:   -0.51    2 = FOG REDUCING VISIBILITY
HIGHEST:    72 ON 21    GRTST 24HR  0.95 ON 21-21      TO 1/4 MILE OR LESS
LOWEST:     -8 ON 17                               3 = THUNDER
                        SNOW, ICE PELLETS, HAIL    4 = ICE PELLETS
                        TOTAL MONTH:   2.7 INCHES  5 = HAIL
                        GRTST 24HR   2.2 ON 15-15  6 = FREEZING RAIN OR DRIZZLE
                        GRTST DEPTH:   2 ON 18,17  7 = DUSTSTORM OR SANDSTORM:
                                                       VSBY 1/2 MILE OR LESS
                                                   8 = SMOKE OR HAZE
[NO. OF DAYS WITH]      [WEATHER - DAYS WITH]      9 = BLOWING SNOW
                                                   X = TORNADO
MAX 32 OR BELOW:   9    0.01 INCH OR MORE:   6
MAX 90 OR ABOVE:   0    0.10 INCH OR MORE:   4
MIN 32 OR BELOW:  24    0.50 INCH OR MORE:   2
MIN  0 OR BELOW:   3    1.00 INCH OR MORE:   0

[HDD (BASE 65) ]
TOTAL THIS MO.  1022    CLEAR  (SCALE 0-3)  15
DPTR FM NORMAL    19    PTCLDY (SCALE 4-7)  11
TOTAL FM JUL 1  2576    CLOUDY (SCALE 8-10)  5
DPTR FM NORMAL  -237

[CDD (BASE 65) ]
TOTAL THIS MO.     0
DPTR FM NORMAL     0    [PRESSURE DATA]
TOTAL FM JAN 1     0    HIGHEST SLP M ON M
DPTR FM NORMAL     0    LOWEST  SLP 29.55 ON 22

[REMARKS]
#FINAL-01-18#
