838
CXUS53 KSGF 010800
CF6SGF
PRELIMINARY LOCAL CLIMATOLOGICAL DATA (WS FORM: F-6)
STATION: SPRINGFIELD MO
MONTH: MARCH
YEAR: 2020
LATITUDE: 37 13 N
LONGITUDE: 93 23 W
TEMPERATURE IN F: :PCPN: SNOW: WIND :SUNSHINE: SKY :PK WND
================================================================================
1 2 3 4 5 6A 6B 7 8 9 10 11 12 13 14 15 16 17 18
12Z AVG MX 2MIN
DY MAX MIN AVG DEP HDD CDD WTR SNW DPTH SPD SPD DIR MIN PSBL S-S WX SPD DR
================================================================================
1 61 47 54 12 11 0 0.25 0.0 0 12.5 25 190 M M 5 135 32 210
2 54 43 49 7 16 0 0.84 0.0 0 7.0 22 360 M M 8 13 30 290
3 61 36 49 7 16 0 0.00 0.0 0 5.9 16 290 M M 1 8 23 290
4 54 35 45 2 20 0 0.00 0.0 0 5.8 16 20 M M 0 21 350
5 61 31 46 3 19 0 0.00 0.0 0 10.5 29 320 M M 0 37 330
6 54 29 42 -1 23 0 0.00 0.0 0 7.4 16 330 M M 0 23 340
7 63 31 47 3 18 0 0.00 0.0 0 13.2 21 140 M M 0 27 160
8 70 40 55 11 10 0 0.00 0.0 0 16.7 26 180 M M 2 8 34 190
9 59 41 50 6 15 0 0.27 0.0 0 16.5 31 180 M M 10 1 41 190
10 57 37 47 3 18 0 0.00 0.0 0 7.8 18 160 M M 6 1 26 150
11 68 48 58 13 7 0 0.57 0.0 0 5.8 26 360 M M 3 13 32 350
12 76 50 63 18 2 0 T 0.0 0 14.5 26 240 M M 4 36 240
13 50 41 46 0 19 0 T 0.0 0 12.9 20 100 M M 5 26 90
14 44 36 40 -6 25 0 0.82 0.0 0 10.6 30 120 M M 10 13 38 120
15 40 35 38 -8 27 0 T 0.0 0 9.3 16 40 M M 10 1 20 50
16 46 36 41 -5 24 0 0.86 0.0 0 6.1 20 140 M M 10 13 24 140
17 53 43 48 1 17 0 0.02 0.0 0 10.0 21 150 M M 10 1 27 130
18 71 47 59 12 6 0 0.30 0.0 0 13.5 28 140 M M 7 13 34 140
19 65 58 62 15 3 0 1.95 0.0 0 14.0 24 170 M M 6 1 35 160
20 61 30 46 -2 19 0 T 0.0 0 12.7 26 330 M M 5 1 35 330
21 50 26 38 -10 27 0 T 0.0 0 5.8 16 150 M M 1 8 23 170
22 46 39 43 -5 22 0 0.36 T 0 10.4 22 130 M M 10 14 30 140
23 57 42 50 2 15 0 T 0.0 0 6.6 14 130 M M 7 12 19 130
24 54 46 50 1 15 0 0.86 0.0 0 8.8 20 100 M M 10 13 24 100
25 69 43 56 7 9 0 0.00 0.0 0 12.7 20 160 M M 5 12 26 160
26 82 52 67 18 0 2 0.00 0.0 0 11.1 22 150 M M 0 28 150
27 79 63 71 21 0 6 0.29 0.0 0 8.4 23 180 M M 5 13 34 180
28 74 51 63 13 2 0 0.02 0.0 0 15.6 29 210 M M 3 3 38 230
29 67 44 56 6 9 0 0.00 0.0 0 12.6 29 280 M M 0 43 270
30 65 41 53 2 12 0 0.33 0.0 0 5.7 21 150 M M 3 1 27 140
31 65 44 55 4 10 0 0.11 0.0 0 7.5 20 340 M M 4 1 25 310
================================================================================
SM 1876 1285 436 8 7.85 T 317.9 M 150
================================================================================
AV 60.5 41.5 10.3 FASTST M M 5 MAX(MPH)
MISC ----> # 31 180 # 43 270
================================================================================
NOTES:
# LAST OF SEVERAL OCCURRENCES
COLUMN 17 PEAK WIND IN M.P.H.
PRELIMINARY LOCAL CLIMATOLOGICAL DATA (WS FORM: F-6) , PAGE 2
STATION: SPRINGFIELD MO
MONTH: MARCH
YEAR: 2020
LATITUDE: 37 13 N
LONGITUDE: 93 23 W
[TEMPERATURE DATA] [PRECIPITATION DATA] SYMBOLS USED IN COLUMN 16
AVERAGE MONTHLY: 51.0 TOTAL FOR MONTH: 7.85 1 = FOG OR MIST
DPTR FM NORMAL: 4.7 DPTR FM NORMAL: 4.23 2 = FOG REDUCING VISIBILITY
HIGHEST: 82 ON 26 GRTST 24HR 1.95 ON 19-19 TO 1/4 MILE OR LESS
LOWEST: 26 ON 21 3 = THUNDER
SNOW, ICE PELLETS, HAIL 4 = ICE PELLETS
TOTAL MONTH: T 5 = HAIL
GRTST 24HR T ON 22-22 6 = FREEZING RAIN OR DRIZZLE
GRTST DEPTH: 0 7 = DUSTSTORM OR SANDSTORM:
VSBY 1/2 MILE OR LESS
8 = SMOKE OR HAZE
[NO. OF DAYS WITH] [WEATHER - DAYS WITH] 9 = BLOWING SNOW
X = TORNADO
MAX 32 OR BELOW: 0 0.01 INCH OR MORE: 15
MAX 90 OR ABOVE: 0 0.10 INCH OR MORE: 13
MIN 32 OR BELOW: 5 0.50 INCH OR MORE: 6
MIN 0 OR BELOW: 0 1.00 INCH OR MORE: 1
[HDD (BASE 65) ]
TOTAL THIS MO. 436 CLEAR (SCALE 0-3) 11
DPTR FM NORMAL -145 PTCLDY (SCALE 4-7) 12
TOTAL FM JUL 1 3815 CLOUDY (SCALE 8-10) 8
DPTR FM NORMAL -359
[CDD (BASE 65) ]
TOTAL THIS MO. 8
DPTR FM NORMAL 5 [PRESSURE DATA]
TOTAL FM JAN 1 8 HIGHEST SLP M ON M
DPTR FM NORMAL 5 LOWEST SLP 29.55 ON 28
[REMARKS]
#FINAL-03-20#