000
CXUS53 KSGF 051814
CF6SGF
PRELIMINARY LOCAL CLIMATOLOGICAL DATA (WS FORM: F-6)
STATION: SPRINGFIELD MO
MONTH: MAY
YEAR: 2023
LATITUDE: 37 13 N
LONGITUDE: 93 23 W
TEMPERATURE IN F: :PCPN: SNOW: WIND :SUNSHINE: SKY :PK WND
================================================================================
1 2 3 4 5 6A 6B 7 8 9 10 11 12 13 14 15 16 17 18
12Z AVG MX 2MIN
DY MAX MIN AVG DEP HDD CDD WTR SNW DPTH SPD SPD DIR MIN PSBL S-S WX SPD DR
================================================================================
1 64 40 52 -9 13 0 0.00 0.0 0 12.2 25 330 M M 0 38 280
2 66 42 54 -8 11 0 0.00 0.0 0 10.9 23 280 M M 0 34 330
3 72 38 55 -7 10 0 0.00 0.0 0 3.5 12 340 M M 0 18 350
4 66 46 56 -6 9 0 0.31 0.0 0 7.8 18 160 M M 7 1 25 160
5 66 54 60 -3 5 0 0.36 0.0 0 14.5 24 150 M M 8 1 32 130
6 88 60 74 11 0 9 T 0.0 0 15.4 23 190 M M 5 1 31 160
7 85 68 77 14 0 12 0.00 0.0 0 11.9 22 200 M M 2 32 230
8 86 65 76 12 0 11 0.00 0.0 0 8.1 21 190 M M 3 1 26 180
9 84 62 73 9 0 8 1.09 0.0 0 9.6 51 320 M M 4 13 78 310
10 80 60 70 6 0 5 1.14 0.0 0 11.3 39 90 M M 3 13 54 80
11 74 65 70 6 0 5 0.24 0.0 0 12.4 20 150 M M 9 1 27 130
12 81 61 71 6 0 6 0.75 0.0 0 11.7 21 300 M M 5 13 34 290
13 84 63 74 9 0 9 0.05 0.0 0 7.2 23 280 M M 2 3 32 280
14 85 65 75 10 0 10 0.49 0.0 0 4.7 28 250 M M 2 13 37 250
15 83 65 74 8 0 9 0.18 0.0 0 6.0 20 280 M M 6 13 28 280
16 66 61 64 -2 1 0 T 0.0 M 7.4 12 320 M M 10 1 17 330
17 78 60 69 3 0 4 0.00 0.0 0 4.5 10 30 M M 5 1 15 30
18 80 56 68 2 0 3 0.00 0.0 0 4.6 13 190 M M 2 16 180
19 70 52 61 -6 4 0 0.33 0.0 0 8.8 22 10 M M 6 1 29 10
20 70 49 60 -7 5 0 0.00 0.0 0 6.6 14 340 M M 2 1 26 360
21 74 48 61 -7 4 0 0.00 0.0 0 3.0 12 120 M M 0 14 130
22 78 52 65 -3 0 0 0.00 0.0 0 4.5 12 170 M M 0 16 150
23 80 53 67 -1 0 2 0.00 0.0 0 4.5 14 130 M M 0 19 120
24 82 62 72 4 0 7 0.01 0.0 0 5.5 14 120 M M 2 3 21 170
25 83 58 71 2 0 6 0.00 0.0 0 6.5 17 70 M M 2 24 110
26 79 61 70 1 0 5 0.00 0.0 0 8.4 14 40 M M 2 20 70
27 78 52 65 -4 0 0 0.00 0.0 0 5.0 14 40 M M 0 20 40
28 81 52 67 -3 0 2 0.00 0.0 0 3.4 10 70 M M 0 15 130
29 84 57 71 1 0 6 0.00 0.0 0 5.0 10 160 M M 1 16 140
30 83 63 73 3 0 8 0.94 0.0 0 4.8 21 90 M M 4 13 32 90
31 80 65 73 2 0 8 0.96 0.0 0 6.6 24 140 M M 3 138 37 230
================================================================================
SM 2410 1755 62 135 6.85 0.0 236.3 M 95
================================================================================
AV 77.7 56.6 7.6 FASTST M M 3 MAX(MPH)
MISC ----> 51 320 78 310
================================================================================
NOTES:
# LAST OF SEVERAL OCCURRENCES
COLUMN 17 PEAK WIND IN M.P.H.
PRELIMINARY LOCAL CLIMATOLOGICAL DATA (WS FORM: F-6) , PAGE 2
STATION: SPRINGFIELD MO
MONTH: MAY
YEAR: 2023
LATITUDE: 37 13 N
LONGITUDE: 93 23 W
[TEMPERATURE DATA] [PRECIPITATION DATA] SYMBOLS USED IN COLUMN 16
AVERAGE MONTHLY: 67.2 TOTAL FOR MONTH: 6.85 1 = FOG OR MIST
DPTR FM NORMAL: 1.2 DPTR FM NORMAL: 1.29 2 = FOG REDUCING VISIBILITY
HIGHEST: 88 ON 6 GRTST 24HR 1.90 ON 30-31 TO 1/4 MILE OR LESS
LOWEST: 38 ON 3 3 = THUNDER
SNOW, ICE PELLETS, HAIL 4 = ICE PELLETS
TOTAL MONTH: 0.0 INCH 5 = HAIL
GRTST 24HR 0.0 6 = FREEZING RAIN OR DRIZZLE
GRTST DEPTH: 0 7 = DUSTSTORM OR SANDSTORM:
VSBY 1/2 MILE OR LESS
8 = SMOKE OR HAZE
[NO. OF DAYS WITH] [WEATHER - DAYS WITH] 9 = BLOWING SNOW
X = TORNADO
MAX 32 OR BELOW: 0 0.01 INCH OR MORE: 13
MAX 90 OR ABOVE: 0 0.10 INCH OR MORE: 11
MIN 32 OR BELOW: 0 0.50 INCH OR MORE: 5
MIN 0 OR BELOW: 0 1.00 INCH OR MORE: 2
[HDD (BASE 65) ]
TOTAL THIS MO. 62 CLEAR (SCALE 0-3) 19
DPTR FM NORMAL -24 PTCLDY (SCALE 4-7) 10
TOTAL FM JUL 1 4037 CLOUDY (SCALE 8-10) 2
DPTR FM NORMAL -235
[CDD (BASE 65) ]
TOTAL THIS MO. 135
DPTR FM NORMAL 19 [PRESSURE DATA]
TOTAL FM JAN 1 160 HIGHEST SLP 30.22 ON 20
DPTR FM NORMAL 11 LOWEST SLP 29.77 ON 11
[REMARKS]
#FINAL-05-23#