000
CXUS53 KSGF 010810
CF6SGF
PRELIMINARY LOCAL CLIMATOLOGICAL DATA (WS FORM: F-6)
STATION: SPRINGFIELD MO
MONTH: FEBRUARY
YEAR: 2023
LATITUDE: 37 13 N
LONGITUDE: 93 23 W
TEMPERATURE IN F: :PCPN: SNOW: WIND :SUNSHINE: SKY :PK WND
================================================================================
1 2 3 4 5 6A 6B 7 8 9 10 11 12 13 14 15 16 17 18
12Z AVG MX 2MIN
DY MAX MIN AVG DEP HDD CDD WTR SNW DPTH SPD SPD DIR MIN PSBL S-S WX SPD DR
================================================================================
1 30 12 21 -15 44 0 0.00 0.0 T 1.6 8 200 M M 0 11 210
2 46 20 33 -3 32 0 0.00 0.0 T 5.1 17 360 M M 0 25 360
3 39 16 28 -8 37 0 0.00 0.0 0 9.2 18 350 M M 0 24 360
4 50 31 41 5 24 0 0.00 0.0 0 13.6 23 180 M M 0 29 180
5 60 35 48 12 17 0 0.00 0.0 0 6.2 17 210 M M 0 24 220
6 67 33 50 13 15 0 0.00 0.0 0 16.1 32 170 M M 2 46 180
7 57 41 49 12 16 0 0.35 0.0 0 5.3 17 310 M M 9 1 24 310
8 51 40 46 9 19 0 0.98 0.0 0 8.8 30 210 M M 10 1 40 210
9 53 35 44 7 21 0 T 0.0 0 14.2 29 220 M M 7 1 40 230
10 36 25 31 -7 34 0 0.00 0.0 0 7.0 16 360 M M 7 21 360
11 51 18 35 -3 30 0 0.00 0.0 0 1.0 8 30 M M 0 10 100
12 62 22 42 4 23 0 0.00 0.0 0 7.8 20 210 M M 0 23 210
13 60 37 49 11 16 0 0.00 0.0 0 6.2 16 150 M M 0 22 140
14 59 47 53 15 12 0 0.28 0.0 0 19.7 38 200 M M 6 1 62 200
15 63 36 50 11 15 0 T 0.0 0 7.8 20 350 M M 1 3 25 340
16 43 25 34 -5 31 0 0.38 T 0 13.2 30 80 M M 10 13 37 80
17 42 20 31 -8 34 0 0.00 0.0 0 8.5 21 340 M M 2 26 340
18 52 25 39 -1 26 0 0.00 0.0 0 11.8 21 190 M M 2 27 190
19 61 36 49 9 16 0 0.00 0.0 0 11.4 22 230 M M 0 27 230
20 67 38 53 13 12 0 0.00 0.0 0 3.9 15 340 M M 1 18 320
21 61 32 47 7 18 0 0.00 0.0 0 12.6 28 160 M M 0 38 160
22 66 53 60 19 5 0 0.49 0.0 0 14.5 29 210 M M 4 18 37 220
23 54 26 40 -1 25 0 0.00 0.0 0 11.0 21 310 M M 2 32 310
24 50 22 36 -5 29 0 0.00 0.0 0 9.0 16 140 M M 4 22 140
25 53 34 44 2 21 0 0.00 0.0 0 5.0 15 250 M M 8 20 250
26 60 44 52 10 13 0 0.03 0.0 0 12.7 30 150 M M 10 1 44 160
27 68 47 58 16 7 0 0.16 0.0 0 18.6 38 210 M M 3 1 56 230
28 75 40 58 16 7 0 0.00 0.0 0 11.0 26 220 M M 0 36 220
================================================================================
SM 1536 890 599 0 2.67 T 272.8 M 88
================================================================================
AV 54.9 31.8 9.7 FASTST M M 3 MAX(MPH)
MISC ----> # 38 200 62 200
================================================================================
NOTES:
# LAST OF SEVERAL OCCURRENCES
COLUMN 17 PEAK WIND IN M.P.H.
PRELIMINARY LOCAL CLIMATOLOGICAL DATA (WS FORM: F-6) , PAGE 2
STATION: SPRINGFIELD MO
MONTH: FEBRUARY
YEAR: 2023
LATITUDE: 37 13 N
LONGITUDE: 93 23 W
[TEMPERATURE DATA] [PRECIPITATION DATA] SYMBOLS USED IN COLUMN 16
AVERAGE MONTHLY: 43.3 TOTAL FOR MONTH: 2.67 1 = FOG OR MIST
DPTR FM NORMAL: 4.6 DPTR FM NORMAL: 0.27 2 = FOG REDUCING VISIBILITY
HIGHEST: 75 ON 28 GRTST 24HR 0.98 ON 8- 8 TO 1/4 MILE OR LESS
LOWEST: 12 ON 1 3 = THUNDER
SNOW, ICE PELLETS, HAIL 4 = ICE PELLETS
TOTAL MONTH: T 5 = HAIL
GRTST 24HR T ON 16-16 6 = FREEZING RAIN OR DRIZZLE
GRTST DEPTH: T 7 = DUSTSTORM OR SANDSTORM:
VSBY 1/2 MILE OR LESS
8 = SMOKE OR HAZE
[NO. OF DAYS WITH] [WEATHER - DAYS WITH] 9 = BLOWING SNOW
X = TORNADO
MAX 32 OR BELOW: 1 0.01 INCH OR MORE: 7
MAX 90 OR ABOVE: 0 0.10 INCH OR MORE: 6
MIN 32 OR BELOW: 13 0.50 INCH OR MORE: 1
MIN 0 OR BELOW: 0 1.00 INCH OR MORE: 0
[HDD (BASE 65) ]
TOTAL THIS MO. 599 CLEAR (SCALE 0-3) 18
DPTR FM NORMAL -137 PTCLDY (SCALE 4-7) 5
TOTAL FM JUL 1 3120 CLOUDY (SCALE 8-10) 5
DPTR FM NORMAL -252
[CDD (BASE 65) ]
TOTAL THIS MO. 0
DPTR FM NORMAL -1 [PRESSURE DATA]
TOTAL FM JAN 1 0 HIGHEST SLP M ON M
DPTR FM NORMAL 0 LOWEST SLP 29.25 ON 27
[REMARKS]
#FINAL-02-23#