000
CDUS43 KSGF 120627
CLISGF


CLIMATE REPORT
NATIONAL WEATHER SERVICE SPRINGFIELD MO
126 AM CDT THU APR 12 2018


...................................

...THE SPRINGFIELD MO CLIMATE SUMMARY FOR APRIL 11 2018...

CLIMATE NORMAL PERIOD 1981 TO 2010
CLIMATE RECORD PERIOD 1888 TO 2018


WEATHER ITEM   OBSERVED TIME   RECORD YEAR NORMAL DEPARTURE LAST
                VALUE   (LST)  VALUE       VALUE  FROM      YEAR
                                                  NORMAL
..................................................................
TEMPERATURE (F)
 YESTERDAY
  MAXIMUM         75    209 PM  84    1996  66      9       68
                                      1972
                                      1930
  MINIMUM         46    613 AM  23    1989  43      3       40
  AVERAGE         61                        54      7       54

PRECIPITATION (IN)
  YESTERDAY        0.00          2.48 1979   0.14  -0.14     0.00
  MONTH TO DATE    0.44                      1.41  -0.97     1.03
  SINCE MAR 1      4.05                      5.03  -0.98     5.82
  SINCE JAN 1     13.58                     10.02   3.56    10.28

SNOWFALL (IN)
  YESTERDAY        0.0
  MONTH TO DATE    0.7
  SINCE MAR 1      0.7
  SINCE JUL 1      6.1
  SNOW DEPTH       0

DEGREE DAYS
 HEATING
  YESTERDAY        4                        11     -7       11
  MONTH TO DATE  237                       140     97       86
  SINCE MAR 1    773                       721     52      502
  SINCE JUL 1   4062                      4314   -252     3191

 COOLING
  YESTERDAY        0                         1     -1        0
  MONTH TO DATE    0                         4     -4        6
  SINCE MAR 1      0                         7     -7       12
  SINCE JAN 1      1                         7     -6       21
..................................................................


WIND (MPH)
  HIGHEST WIND SPEED    29   HIGHEST WIND DIRECTION    SW (220)
  HIGHEST GUST SPEED    37   HIGHEST GUST DIRECTION     S (200)
  AVERAGE WIND SPEED    15.3


SKY COVER
  AVERAGE SKY COVER 0.0


WEATHER CONDITIONS
 THE FOLLOWING WEATHER WAS RECORDED YESTERDAY.
  NO SIGNIFICANT WEATHER WAS OBSERVED.


RELATIVE HUMIDITY (PERCENT)
 HIGHEST    61           700 AM
 LOWEST     29           400 PM
 AVERAGE    45

..........................................................


THE SPRINGFIELD MO CLIMATE NORMALS FOR TODAY
                         NORMAL    RECORD    YEAR
 MAXIMUM TEMPERATURE (F)   66        89      1972
 MINIMUM TEMPERATURE (F)   43        22      1940


SUNRISE AND SUNSET
APRIL 12 2018.........SUNRISE   643 AM CDT   SUNSET   746 PM CDT
APRIL 13 2018.........SUNRISE   642 AM CDT   SUNSET   747 PM CDT


-  INDICATES NEGATIVE NUMBERS.
R  INDICATES RECORD WAS SET OR TIED.
MM INDICATES DATA IS MISSING.
T  INDICATES TRACE AMOUNT.




$$
