000
CDUS43 KSGF 170626
CLISGF


CLIMATE REPORT
NATIONAL WEATHER SERVICE SPRINGFIELD MO
126 AM CDT THU MAY 17 2018


...................................

...THE SPRINGFIELD MO CLIMATE SUMMARY FOR MAY 16 2018...

CLIMATE NORMAL PERIOD 1981 TO 2010
CLIMATE RECORD PERIOD 1888 TO 2018


WEATHER ITEM   OBSERVED TIME   RECORD YEAR NORMAL DEPARTURE LAST
                VALUE   (LST)  VALUE       VALUE  FROM      YEAR
                                                  NORMAL
..................................................................
TEMPERATURE (F)
 YESTERDAY
  MAXIMUM         86    254 PM  93    1972  75     11       83
  MINIMUM         60    527 AM  36    1997  55      5       62
                                      1890
  AVERAGE         73                        65      8       73

PRECIPITATION (IN)
  YESTERDAY        0.29          2.55 1896   0.16   0.13     0.00
  MONTH TO DATE    1.54                      2.81  -1.27     3.10
  SINCE MAR 1      7.42                     10.75  -3.33    19.92
  SINCE JAN 1     16.95                     15.74   1.21    24.38

SNOWFALL (IN)
  YESTERDAY        0.0
  MONTH TO DATE    0.0
  SINCE MAR 1      0.7
  SINCE JUL 1      6.1
  SNOW DEPTH       0

DEGREE DAYS
 HEATING
  YESTERDAY        0                         3     -3        0
  MONTH TO DATE    5                        67    -62       49
  SINCE MAR 1    968                       948     20      640
  SINCE JUL 1   4257                      4541   -284     3329

 COOLING
  YESTERDAY        8                         3      5        8
  MONTH TO DATE  111                        30     81       36
  SINCE MAR 1    123                        55     68       77
  SINCE JAN 1    124                        55     69       86
..................................................................


WIND (MPH)
  HIGHEST WIND SPEED    17   HIGHEST WIND DIRECTION    SW (220)
  HIGHEST GUST SPEED    22   HIGHEST GUST DIRECTION     S (200)
  AVERAGE WIND SPEED     3.8


SKY COVER
  AVERAGE SKY COVER 0.1


WEATHER CONDITIONS
 THE FOLLOWING WEATHER WAS RECORDED YESTERDAY.
  THUNDERSTORM
  HEAVY RAIN
  RAIN
  LIGHT RAIN
  FOG


RELATIVE HUMIDITY (PERCENT)
 HIGHEST    93           100 AM
 LOWEST     47           200 PM
 AVERAGE    70

..........................................................


THE SPRINGFIELD MO CLIMATE NORMALS FOR TODAY
                         NORMAL    RECORD    YEAR
 MAXIMUM TEMPERATURE (F)   76        88      2001
                                             1972
 MINIMUM TEMPERATURE (F)   55        37      2011


SUNRISE AND SUNSET
MAY 17 2018...........SUNRISE   603 AM CDT   SUNSET   817 PM CDT
MAY 18 2018...........SUNRISE   603 AM CDT   SUNSET   818 PM CDT


-  INDICATES NEGATIVE NUMBERS.
R  INDICATES RECORD WAS SET OR TIED.
MM INDICATES DATA IS MISSING.
T  INDICATES TRACE AMOUNT.




$$
