000
CDUS43 KSGF 160627
CLISGF


CLIMATE REPORT
NATIONAL WEATHER SERVICE SPRINGFIELD MO
126 AM CDT MON APR 16 2018


...................................

...THE SPRINGFIELD MO CLIMATE SUMMARY FOR APRIL 15 2018...

CLIMATE NORMAL PERIOD 1981 TO 2010
CLIMATE RECORD PERIOD 1888 TO 2018


WEATHER ITEM   OBSERVED TIME   RECORD YEAR NORMAL DEPARTURE LAST
                VALUE   (LST)  VALUE       VALUE  FROM      YEAR
                                                  NORMAL
..................................................................
TEMPERATURE (F)
 YESTERDAY
  MAXIMUM         35   1212 AM  87    1924  67    -32       81
  MINIMUM         30    925 AM  25    2014  44    -14       61
                                      1928
  AVERAGE         33                        56    -23       71

PRECIPITATION (IN)
  YESTERDAY        T             3.02 1933   0.14  -0.14     0.00
  MONTH TO DATE    0.97                      1.94  -0.97     1.03
  SINCE MAR 1      4.58                      5.56  -0.98     5.82
  SINCE JAN 1     14.11                     10.55   3.56    10.28

SNOWFALL (IN)
  YESTERDAY        T
  MONTH TO DATE    0.7
  SINCE MAR 1      0.7
  SINCE JUL 1      6.1
  SNOW DEPTH       0

DEGREE DAYS
 HEATING
  YESTERDAY       32                        10     22        0
  MONTH TO DATE  286                       182    104       90
  SINCE MAR 1    822                       763     59      506
  SINCE JUL 1   4111                      4356   -245     3195

 COOLING
  YESTERDAY        0                         1     -1        6
  MONTH TO DATE   10                         8      2       22
  SINCE MAR 1     10                        11     -1       28
  SINCE JAN 1     11                        11      0       37
..................................................................


WIND (MPH)
  HIGHEST WIND SPEED    23   HIGHEST WIND DIRECTION     W (290)
  HIGHEST GUST SPEED    38   HIGHEST GUST DIRECTION     W (280)
  AVERAGE WIND SPEED    14.5


SKY COVER
  AVERAGE SKY COVER 1.0


WEATHER CONDITIONS
 THE FOLLOWING WEATHER WAS RECORDED YESTERDAY.
  LIGHT SNOW
  FOG


RELATIVE HUMIDITY (PERCENT)
 HIGHEST    85           800 AM
 LOWEST     56           400 PM
 AVERAGE    71

..........................................................


THE SPRINGFIELD MO CLIMATE NORMALS FOR TODAY
                         NORMAL    RECORD    YEAR
 MAXIMUM TEMPERATURE (F)   68        86      2006
                                             1982
 MINIMUM TEMPERATURE (F)   44        27      1953
                                             1921


SUNRISE AND SUNSET
APRIL 16 2018.........SUNRISE   638 AM CDT   SUNSET   750 PM CDT
APRIL 17 2018.........SUNRISE   636 AM CDT   SUNSET   750 PM CDT


-  INDICATES NEGATIVE NUMBERS.
R  INDICATES RECORD WAS SET OR TIED.
MM INDICATES DATA IS MISSING.
T  INDICATES TRACE AMOUNT.




$$
