000
CDUS43 KSGF 142128
CLISGF


CLIMATE REPORT
NATIONAL WEATHER SERVICE SPRINGFIELD MO
427 PM CDT SAT APR 14 2018


...................................

...THE SPRINGFIELD MO CLIMATE SUMMARY FOR APRIL 14 2018...
VALID AS OF 0400 PM LOCAL TIME.

CLIMATE NORMAL PERIOD 1981 TO 2010
CLIMATE RECORD PERIOD 1888 TO 2018


WEATHER ITEM   OBSERVED TIME   RECORD YEAR NORMAL DEPARTURE LAST
                VALUE   (LST)  VALUE       VALUE  FROM      YEAR
                                                  NORMAL
..................................................................
TEMPERATURE (F)
 TODAY
  MAXIMUM         61   1230 AM  88    1936  67     -6       82
  MINIMUM         41    109 PM  26    1950  44     -3       62
                                      1928
  AVERAGE         51                        55     -4       72

PRECIPITATION (IN)
  TODAY            0.00          2.58 1999   0.13  -0.13     0.00
  MONTH TO DATE    0.97                      1.80  -0.83     1.03
  SINCE MAR 1      4.58                      5.42  -0.84     5.82
  SINCE JAN 1     14.11                     10.41   3.70    10.28

SNOWFALL (IN)
  TODAY            0.0
  MONTH TO DATE    0.7
  SINCE MAR 1      0.7
  SINCE JUL 1      6.1
  SNOW DEPTH       0

DEGREE DAYS
 HEATING
  TODAY           14                        10      4        0
  MONTH TO DATE  251                       172     79       90
  SINCE MAR 1    787                       753     34      506
  SINCE JUL 1   4076                      4346   -270     3195

 COOLING
  TODAY            0                         1     -1        7
  MONTH TO DATE   10                         7      3       16
  SINCE MAR 1     10                        10      0       22
  SINCE JAN 1     11                        10      1       31
..................................................................


WIND (MPH)
  HIGHEST WIND SPEED    28   HIGHEST WIND DIRECTION     W (250)
  HIGHEST GUST SPEED    38   HIGHEST GUST DIRECTION     W (260)


SKY COVER
  AVERAGE SKY COVER 0.7


WEATHER CONDITIONS
 THE FOLLOWING WEATHER WAS RECORDED TODAY.
  NO SIGNIFICANT WEATHER WAS OBSERVED.


RELATIVE HUMIDITY (PERCENT)
 HIGHEST    93           100 AM
 LOWEST     53           300 PM
 AVERAGE    73

..........................................................


THE SPRINGFIELD MO CLIMATE NORMALS FOR TOMORROW
                         NORMAL    RECORD    YEAR
 MAXIMUM TEMPERATURE (F)   67        87      1924
 MINIMUM TEMPERATURE (F)   44        25      2014
                                             1928


SUNRISE AND SUNSET
APRIL 14 2018.........SUNRISE   640 AM CDT   SUNSET   748 PM CDT
APRIL 15 2018.........SUNRISE   639 AM CDT   SUNSET   749 PM CDT


-  INDICATES NEGATIVE NUMBERS.
R  INDICATES RECORD WAS SET OR TIED.
MM INDICATES DATA IS MISSING.
T  INDICATES TRACE AMOUNT.




$$
