000
CDUS43 KSGF 130628
CLISGF


CLIMATE REPORT
NATIONAL WEATHER SERVICE SPRINGFIELD MO
127 AM CDT FRI APR 13 2018


...................................

...THE SPRINGFIELD MO CLIMATE SUMMARY FOR APRIL 12 2018...

CLIMATE NORMAL PERIOD 1981 TO 2010
CLIMATE RECORD PERIOD 1888 TO 2018


WEATHER ITEM   OBSERVED TIME   RECORD YEAR NORMAL DEPARTURE LAST
                VALUE   (LST)  VALUE       VALUE  FROM      YEAR
                                                  NORMAL
..................................................................
TEMPERATURE (F)
 YESTERDAY
  MAXIMUM         86    253 PM  89    1972  66     20       76
  MINIMUM         56    615 AM  22    1940  43     13       45
  AVERAGE         71                        55     16       61

PRECIPITATION (IN)
  YESTERDAY        0.00          2.31 1945   0.13  -0.13     0.00
  MONTH TO DATE    0.44                      1.54  -1.10     1.03
  SINCE MAR 1      4.05                      5.16  -1.11     5.82
  SINCE JAN 1     13.58                     10.15   3.43    10.28

SNOWFALL (IN)
  YESTERDAY        0.0
  MONTH TO DATE    0.7
  SINCE MAR 1      0.7
  SINCE JUL 1      6.1
  SNOW DEPTH       0

DEGREE DAYS
 HEATING
  YESTERDAY        0                        11    -11        4
  MONTH TO DATE  237                       151     86       90
  SINCE MAR 1    773                       732     41      506
  SINCE JUL 1   4062                      4325   -263     3195

 COOLING
  YESTERDAY        6                         1      5        0
  MONTH TO DATE    6                         5      1        6
  SINCE MAR 1      6                         8     -2       12
  SINCE JAN 1      7                         8     -1       21
..................................................................


WIND (MPH)
  HIGHEST WIND SPEED    30   HIGHEST WIND DIRECTION     S (190)
  HIGHEST GUST SPEED    42   HIGHEST GUST DIRECTION     S (180)
  AVERAGE WIND SPEED    18.9


SKY COVER
  AVERAGE SKY COVER 0.0


WEATHER CONDITIONS
 THE FOLLOWING WEATHER WAS RECORDED YESTERDAY.
  NO SIGNIFICANT WEATHER WAS OBSERVED.


RELATIVE HUMIDITY (PERCENT)
 HIGHEST    61          1100 PM
 LOWEST     32           200 PM
 AVERAGE    47

..........................................................


THE SPRINGFIELD MO CLIMATE NORMALS FOR TODAY
                         NORMAL    RECORD    YEAR
 MAXIMUM TEMPERATURE (F)   67        89      1972
 MINIMUM TEMPERATURE (F)   43        18      1957


SUNRISE AND SUNSET
APRIL 13 2018.........SUNRISE   642 AM CDT   SUNSET   747 PM CDT
APRIL 14 2018.........SUNRISE   640 AM CDT   SUNSET   748 PM CDT


-  INDICATES NEGATIVE NUMBERS.
R  INDICATES RECORD WAS SET OR TIED.
MM INDICATES DATA IS MISSING.
T  INDICATES TRACE AMOUNT.




$$
