000
CDUS43 KSGF 100630
CLISGF


CLIMATE REPORT
NATIONAL WEATHER SERVICE SPRINGFIELD MO
129 AM CDT THU MAY 10 2018


...................................

...THE SPRINGFIELD MO CLIMATE SUMMARY FOR MAY 9 2018...

CLIMATE NORMAL PERIOD 1981 TO 2010
CLIMATE RECORD PERIOD 1888 TO 2018


WEATHER ITEM   OBSERVED TIME   RECORD YEAR NORMAL DEPARTURE LAST
                VALUE   (LST)  VALUE       VALUE  FROM      YEAR
                                                  NORMAL
..................................................................
TEMPERATURE (F)
 YESTERDAY
  MAXIMUM         87    216 PM  89    2011  74     13       81
  MINIMUM         67   1102 PM  32    1980  52     15       55
  AVERAGE         77                        63     14       68

PRECIPITATION (IN)
  YESTERDAY        T             2.41 1943   0.18  -0.18     0.00
  MONTH TO DATE    0.97                      1.60  -0.63     1.94
  SINCE MAR 1      6.85                      9.54  -2.69    18.76
  SINCE JAN 1     16.38                     14.53   1.85    23.22

SNOWFALL (IN)
  YESTERDAY        0.0
  MONTH TO DATE    0.0
  SINCE MAR 1      0.7
  SINCE JUL 1      6.1
  SNOW DEPTH       0

DEGREE DAYS
 HEATING
  YESTERDAY        0                         4     -4        0
  MONTH TO DATE    5                        43    -38       48
  SINCE MAR 1    968                       924     44      639
  SINCE JUL 1   4257                      4517   -260     3328

 COOLING
  YESTERDAY       12                         2     10        3
  MONTH TO DATE   46                        13     33       10
  SINCE MAR 1     58                        38     20       51
  SINCE JAN 1     59                        38     21       60
..................................................................


WIND (MPH)
  HIGHEST WIND SPEED    23   HIGHEST WIND DIRECTION    SW (240)
  HIGHEST GUST SPEED    32   HIGHEST GUST DIRECTION    SW (230)
  AVERAGE WIND SPEED    11.5


SKY COVER
  AVERAGE SKY COVER 0.2


WEATHER CONDITIONS
 THE FOLLOWING WEATHER WAS RECORDED YESTERDAY.
  THUNDERSTORM
  LIGHT RAIN


RELATIVE HUMIDITY (PERCENT)
 HIGHEST    66           600 AM
 LOWEST     37           400 PM
 AVERAGE    52

..........................................................


THE SPRINGFIELD MO CLIMATE NORMALS FOR TODAY
                         NORMAL    RECORD    YEAR
 MAXIMUM TEMPERATURE (F)   74        91      1963
 MINIMUM TEMPERATURE (F)   53        34      1924


SUNRISE AND SUNSET
MAY 10 2018...........SUNRISE   609 AM CDT   SUNSET   811 PM CDT
MAY 11 2018...........SUNRISE   608 AM CDT   SUNSET   812 PM CDT


-  INDICATES NEGATIVE NUMBERS.
R  INDICATES RECORD WAS SET OR TIED.
MM INDICATES DATA IS MISSING.
T  INDICATES TRACE AMOUNT.




$$
