000
CDUS43 KSGF 110628
CLISGF


CLIMATE REPORT
NATIONAL WEATHER SERVICE SPRINGFIELD MO
127 AM CDT WED APR 11 2018


...................................

...THE SPRINGFIELD MO CLIMATE SUMMARY FOR APRIL 10 2018...

CLIMATE NORMAL PERIOD 1981 TO 2010
CLIMATE RECORD PERIOD 1888 TO 2018


WEATHER ITEM   OBSERVED TIME   RECORD YEAR NORMAL DEPARTURE LAST
                VALUE   (LST)  VALUE       VALUE  FROM      YEAR
                                                  NORMAL
..................................................................
TEMPERATURE (F)
 YESTERDAY
  MAXIMUM         58    544 PM  87    1930  66     -8       74
  MINIMUM         28    521 AM  24    1989  42    -14       49
  AVERAGE         43                        54    -11       62

PRECIPITATION (IN)
  YESTERDAY        0.00          2.31 1994   0.13  -0.13     0.00
  MONTH TO DATE    0.44                      1.27  -0.83     1.03
  SINCE MAR 1      4.05                      4.89  -0.84     5.82
  SINCE JAN 1     13.58                      9.88   3.70    10.28

SNOWFALL (IN)
  YESTERDAY        0.0
  MONTH TO DATE    0.7
  SINCE MAR 1      0.7
  SINCE JUL 1      6.1
  SNOW DEPTH       0

DEGREE DAYS
 HEATING
  YESTERDAY       22                        12     10        3
  MONTH TO DATE  233                       129    104       75
  SINCE MAR 1    769                       710     59      491
  SINCE JUL 1   4058                      4303   -245     3180

 COOLING
  YESTERDAY        0                         1     -1        0
  MONTH TO DATE    0                         3     -3        6
  SINCE MAR 1      0                         6     -6       12
  SINCE JAN 1      1                         6     -5       21
..................................................................


WIND (MPH)
  HIGHEST WIND SPEED    13   HIGHEST WIND DIRECTION    SE (150)
  HIGHEST GUST SPEED    17   HIGHEST GUST DIRECTION     S (160)
  AVERAGE WIND SPEED     5.4


SKY COVER
  AVERAGE SKY COVER 0.2


WEATHER CONDITIONS
 THE FOLLOWING WEATHER WAS RECORDED YESTERDAY.
  FOG


RELATIVE HUMIDITY (PERCENT)
 HIGHEST    92           500 AM
 LOWEST     43           200 PM
 AVERAGE    68

..........................................................


THE SPRINGFIELD MO CLIMATE NORMALS FOR TODAY
                         NORMAL    RECORD    YEAR
 MAXIMUM TEMPERATURE (F)   66        84      1996
                                             1972
                                             1930
 MINIMUM TEMPERATURE (F)   43        23      1989


SUNRISE AND SUNSET
APRIL 11 2018.........SUNRISE   645 AM CDT   SUNSET   745 PM CDT
APRIL 12 2018.........SUNRISE   643 AM CDT   SUNSET   746 PM CDT


-  INDICATES NEGATIVE NUMBERS.
R  INDICATES RECORD WAS SET OR TIED.
MM INDICATES DATA IS MISSING.
T  INDICATES TRACE AMOUNT.




$$
