000
CDUS43 KSGF 120629
CLISGF


CLIMATE REPORT
NATIONAL WEATHER SERVICE SPRINGFIELD MO
129 AM CDT SAT MAY 12 2018


...................................

...THE SPRINGFIELD MO CLIMATE SUMMARY FOR MAY 11 2018...

CLIMATE NORMAL PERIOD 1981 TO 2010
CLIMATE RECORD PERIOD 1888 TO 2018


WEATHER ITEM   OBSERVED TIME   RECORD YEAR NORMAL DEPARTURE LAST
                VALUE   (LST)  VALUE       VALUE  FROM      YEAR
                                                  NORMAL
..................................................................
TEMPERATURE (F)
 YESTERDAY
  MAXIMUM         87    310 PM  90    1963  74     13       75
  MINIMUM         63    445 AM  34    1969  53     10       60
  AVERAGE         75                        63     12       68

PRECIPITATION (IN)
  YESTERDAY        0.00          1.88 1918   0.18  -0.18     0.95
  MONTH TO DATE    1.02                      1.96  -0.94     2.90
  SINCE MAR 1      6.90                      9.90  -3.00    19.72
  SINCE JAN 1     16.43                     14.89   1.54    24.18

SNOWFALL (IN)
  YESTERDAY        0.0
  MONTH TO DATE    0.0
  SINCE MAR 1      0.7
  SINCE JUL 1      6.1
  SNOW DEPTH       0

DEGREE DAYS
 HEATING
  YESTERDAY        0                         4     -4        0
  MONTH TO DATE    5                        51    -46       48
  SINCE MAR 1    968                       932     36      639
  SINCE JUL 1   4257                      4525   -268     3328

 COOLING
  YESTERDAY       10                         2      8        3
  MONTH TO DATE   63                        17     46       20
  SINCE MAR 1     75                        42     33       61
  SINCE JAN 1     76                        42     34       70
..................................................................


WIND (MPH)
  HIGHEST WIND SPEED    30   HIGHEST WIND DIRECTION     S (190)
  HIGHEST GUST SPEED    42   HIGHEST GUST DIRECTION    SE (150)
  AVERAGE WIND SPEED    15.3


SKY COVER
  AVERAGE SKY COVER 0.0


WEATHER CONDITIONS
 THE FOLLOWING WEATHER WAS RECORDED YESTERDAY.
  NO SIGNIFICANT WEATHER WAS OBSERVED.


RELATIVE HUMIDITY (PERCENT)
 HIGHEST    73           600 AM
 LOWEST     37           400 PM
 AVERAGE    55

..........................................................


THE SPRINGFIELD MO CLIMATE NORMALS FOR TODAY
                         NORMAL    RECORD    YEAR
 MAXIMUM TEMPERATURE (F)   74        90      1963
 MINIMUM TEMPERATURE (F)   53        36      2013


SUNRISE AND SUNSET
MAY 12 2018...........SUNRISE   608 AM CDT   SUNSET   813 PM CDT
MAY 13 2018...........SUNRISE   607 AM CDT   SUNSET   814 PM CDT


-  INDICATES NEGATIVE NUMBERS.
R  INDICATES RECORD WAS SET OR TIED.
MM INDICATES DATA IS MISSING.
T  INDICATES TRACE AMOUNT.




$$
