000
CDUS43 KSGF 122226
CLISGF


CLIMATE REPORT
NATIONAL WEATHER SERVICE SPRINGFIELD MO
526 PM CDT SAT MAY 12 2018


...................................

...THE SPRINGFIELD MO CLIMATE SUMMARY FOR MAY 12 2018...
VALID TODAY AS OF 0500 PM LOCAL TIME.

CLIMATE NORMAL PERIOD 1981 TO 2010
CLIMATE RECORD PERIOD 1888 TO 2018


WEATHER ITEM   OBSERVED TIME   RECORD YEAR NORMAL DEPARTURE LAST
                VALUE   (LST)  VALUE       VALUE  FROM      YEAR
                                                  NORMAL
..................................................................
TEMPERATURE (F)
 TODAY
  MAXIMUM         84    258 PM  90    1963  74     10       73
  MINIMUM         67    423 AM  36    2013  53     14       55
  AVERAGE         76                        64     12       64

PRECIPITATION (IN)
  TODAY            0.00          2.40 1999   0.18  -0.18     0.20
  MONTH TO DATE    1.02                      2.14  -1.12     3.10
  SINCE MAR 1      6.90                     10.08  -3.18    19.92
  SINCE JAN 1     16.43                     15.07   1.36    24.38

SNOWFALL (IN)
  TODAY            0.0
  MONTH TO DATE    0.0
  SINCE MAR 1      0.7
  SINCE JUL 1      6.1
  SNOW DEPTH       0

DEGREE DAYS
 HEATING
  TODAY            0                         4     -4        1
  MONTH TO DATE    5                        55    -50       49
  SINCE MAR 1    968                       936     32      640
  SINCE JUL 1   4257                      4529   -272     3329

 COOLING
  TODAY           11                         2      9        0
  MONTH TO DATE   74                        19     55       20
  SINCE MAR 1     86                        44     42       61
  SINCE JAN 1     87                        44     43       70
..................................................................


WIND (MPH)
  HIGHEST WIND SPEED    25   HIGHEST WIND DIRECTION     S (160)
  HIGHEST GUST SPEED    34   HIGHEST GUST DIRECTION     S (160)


SKY COVER
  AVERAGE SKY COVER 0.0


WEATHER CONDITIONS
 THE FOLLOWING WEATHER WAS RECORDED TODAY.
  NO SIGNIFICANT WEATHER WAS OBSERVED.


RELATIVE HUMIDITY (PERCENT)
 HIGHEST    78           400 AM
 LOWEST     48           300 PM
 AVERAGE    63

..........................................................


THE SPRINGFIELD MO CLIMATE NORMALS FOR TOMORROW
                         NORMAL    RECORD    YEAR
 MAXIMUM TEMPERATURE (F)   74        88      1974
                                             1956
 MINIMUM TEMPERATURE (F)   54        36      1971


SUNRISE AND SUNSET
MAY 12 2018...........SUNRISE   608 AM CDT   SUNSET   813 PM CDT
MAY 13 2018...........SUNRISE   607 AM CDT   SUNSET   814 PM CDT


-  INDICATES NEGATIVE NUMBERS.
R  INDICATES RECORD WAS SET OR TIED.
MM INDICATES DATA IS MISSING.
T  INDICATES TRACE AMOUNT.




$$
