000
CDUS43 KSGF 090628
CLISGF


CLIMATE REPORT
NATIONAL WEATHER SERVICE SPRINGFIELD MO
128 AM CDT MON APR 9 2018


...................................

...THE SPRINGFIELD MO CLIMATE SUMMARY FOR APRIL 8 2018...

CLIMATE NORMAL PERIOD 1981 TO 2010
CLIMATE RECORD PERIOD 1888 TO 2018


WEATHER ITEM   OBSERVED TIME   RECORD YEAR NORMAL DEPARTURE LAST
                VALUE   (LST)  VALUE       VALUE  FROM      YEAR
                                                  NORMAL
..................................................................
TEMPERATURE (F)
 YESTERDAY
  MAXIMUM         41    759 PM  88    1890  65    -24       79
  MINIMUM         30    359 AM  20    2007  42    -12       50
  AVERAGE         36                        53    -17       65

PRECIPITATION (IN)
  YESTERDAY        0.04          1.30 1929   0.13  -0.09     0.00
  MONTH TO DATE    0.44                      1.01  -0.57     1.03
  SINCE MAR 1      4.05                      4.63  -0.58     5.82
  SINCE JAN 1     13.58                      9.62   3.96    10.28

SNOWFALL (IN)
  YESTERDAY        T
  MONTH TO DATE    0.7
  SINCE MAR 1      0.7
  SINCE JUL 1      6.1
  SNOW DEPTH       0

DEGREE DAYS
 HEATING
  YESTERDAY       29                        12     17        0
  MONTH TO DATE  191                       105     86       72
  SINCE MAR 1    727                       686     41      488
  SINCE JUL 1   4016                      4279   -263     3177

 COOLING
  YESTERDAY        0                         1     -1        0
  MONTH TO DATE    0                         1     -1        0
  SINCE MAR 1      0                         4     -4        6
  SINCE JAN 1      1                         4     -3       15
..................................................................


WIND (MPH)
  HIGHEST WIND SPEED    21   HIGHEST WIND DIRECTION     E (110)
  HIGHEST GUST SPEED    28   HIGHEST GUST DIRECTION    SE (130)
  AVERAGE WIND SPEED     9.6


SKY COVER
  AVERAGE SKY COVER 0.7


WEATHER CONDITIONS
 THE FOLLOWING WEATHER WAS RECORDED YESTERDAY.
  LIGHT RAIN
  LIGHT SNOW
  SLEET


RELATIVE HUMIDITY (PERCENT)
 HIGHEST    69          1200 PM
 LOWEST     45           700 PM
 AVERAGE    57

..........................................................


THE SPRINGFIELD MO CLIMATE NORMALS FOR TODAY
                         NORMAL    RECORD    YEAR
 MAXIMUM TEMPERATURE (F)   65        87      1905
 MINIMUM TEMPERATURE (F)   42        25      1914


SUNRISE AND SUNSET
APRIL  9 2018.........SUNRISE   647 AM CDT   SUNSET   743 PM CDT
APRIL 10 2018.........SUNRISE   646 AM CDT   SUNSET   744 PM CDT


-  INDICATES NEGATIVE NUMBERS.
R  INDICATES RECORD WAS SET OR TIED.
MM INDICATES DATA IS MISSING.
T  INDICATES TRACE AMOUNT.




$$
