000
CDUS43 KSGF 042226
CLISGF


CLIMATE REPORT
NATIONAL WEATHER SERVICE SPRINGFIELD MO
526 PM CDT FRI MAY 4 2018


...................................

...THE SPRINGFIELD MO CLIMATE SUMMARY FOR MAY 4 2018...
VALID TODAY AS OF 0500 PM LOCAL TIME.

CLIMATE NORMAL PERIOD 1981 TO 2010
CLIMATE RECORD PERIOD 1888 TO 2018


WEATHER ITEM   OBSERVED TIME   RECORD YEAR NORMAL DEPARTURE LAST
                VALUE   (LST)  VALUE       VALUE  FROM      YEAR
                                                  NORMAL
..................................................................
TEMPERATURE (F)
 TODAY
  MAXIMUM         71    359 PM  91    2014  72     -1       65
  MINIMUM         63    804 AM  31    1907  51     12       44
  AVERAGE         67                        61      6       55

PRECIPITATION (IN)
  TODAY            0.00          2.45 1999   0.18  -0.18     0.07
  MONTH TO DATE    0.95                      0.71   0.24     1.94
  SINCE MAR 1      6.83                      8.65  -1.82    18.76
  SINCE JAN 1     16.36                     13.64   2.72    23.22

SNOWFALL (IN)
  TODAY            0.0
  MONTH TO DATE    0.0
  SINCE MAR 1      0.7
  SINCE JUL 1      6.1
  SNOW DEPTH       0

DEGREE DAYS
 HEATING
  TODAY            0                         5     -5       10
  MONTH TO DATE    0                        21    -21       41
  SINCE MAR 1    963                       902     61      632
  SINCE JUL 1   4252                      4495   -243     3321

 COOLING
  TODAY            2                         1      1        0
  MONTH TO DATE   19                         4     15        0
  SINCE MAR 1     31                        29      2       41
  SINCE JAN 1     32                        29      3       50
..................................................................


WIND (MPH)
  HIGHEST WIND SPEED    21   HIGHEST WIND DIRECTION     W (280)
  HIGHEST GUST SPEED    28   HIGHEST GUST DIRECTION    NW (300)


SKY COVER
  AVERAGE SKY COVER 0.4


WEATHER CONDITIONS
 THE FOLLOWING WEATHER WAS RECORDED TODAY.
  NO SIGNIFICANT WEATHER WAS OBSERVED.


RELATIVE HUMIDITY (PERCENT)
 HIGHEST    87          1200 AM
 LOWEST     57           400 PM
 AVERAGE    72

..........................................................


THE SPRINGFIELD MO CLIMATE NORMALS FOR TOMORROW
                         NORMAL    RECORD    YEAR
 MAXIMUM TEMPERATURE (F)   73        91      2014
 MINIMUM TEMPERATURE (F)   51        33      1979


SUNRISE AND SUNSET
MAY  4 2018...........SUNRISE   615 AM CDT   SUNSET   806 PM CDT
MAY  5 2018...........SUNRISE   614 AM CDT   SUNSET   807 PM CDT


-  INDICATES NEGATIVE NUMBERS.
R  INDICATES RECORD WAS SET OR TIED.
MM INDICATES DATA IS MISSING.
T  INDICATES TRACE AMOUNT.




$$
