000
CDUS43 KSGF 232145
CLISGF


CLIMATE REPORT
NATIONAL WEATHER SERVICE SPRINGFIELD MO
445 PM CDT MON APR 23 2018


...................................

...THE SPRINGFIELD MO CLIMATE SUMMARY FOR APRIL 23 2018...
VALID AS OF 0400 PM LOCAL TIME.

CLIMATE NORMAL PERIOD 1981 TO 2010
CLIMATE RECORD PERIOD 1888 TO 2018


WEATHER ITEM   OBSERVED TIME   RECORD YEAR NORMAL DEPARTURE LAST
                VALUE   (LST)  VALUE       VALUE  FROM      YEAR
                                                  NORMAL
..................................................................
TEMPERATURE (F)
 TODAY
  MAXIMUM         70    118 PM  88    1989  69      1       69
                                      1965
  MINIMUM         50    131 AM  28    1956  47      3       38
  AVERAGE         60                        58      2       54

PRECIPITATION (IN)
  TODAY            T             1.75 1953   0.16  -0.16     0.00
  MONTH TO DATE    1.55                      3.15  -1.60     5.18
  SINCE MAR 1      5.16                      6.77  -1.61     9.97
  SINCE JAN 1     14.69                     11.76   2.93    14.43

SNOWFALL (IN)
  TODAY            0.0
  MONTH TO DATE    0.7
  SINCE MAR 1      0.7
  SINCE JUL 1      6.1
  SNOW DEPTH       0

DEGREE DAYS
 HEATING
  TODAY            5                         8     -3       11
  MONTH TO DATE  379                       253    126      131
  SINCE MAR 1    915                       834     81      547
  SINCE JUL 1   4204                      4427   -223     3236

 COOLING
  TODAY            0                         1     -1        0
  MONTH TO DATE   10                        16     -6       32
  SINCE MAR 1     10                        19     -9       38
  SINCE JAN 1     11                        19     -8       47
..................................................................


WIND (MPH)
  HIGHEST WIND SPEED    24   HIGHEST WIND DIRECTION     N (360)
  HIGHEST GUST SPEED    34   HIGHEST GUST DIRECTION     N (360)


SKY COVER
  AVERAGE SKY COVER 0.7


WEATHER CONDITIONS
 THE FOLLOWING WEATHER WAS RECORDED TODAY.
  LIGHT RAIN
  FOG


RELATIVE HUMIDITY (PERCENT)
 HIGHEST   100           300 AM
 LOWEST     42           100 PM
 AVERAGE    71

..........................................................


THE SPRINGFIELD MO CLIMATE NORMALS FOR TOMORROW
                         NORMAL    RECORD    YEAR
 MAXIMUM TEMPERATURE (F)   70        86      1989
 MINIMUM TEMPERATURE (F)   47        28      1910


SUNRISE AND SUNSET
APRIL 23 2018.........SUNRISE   628 AM CDT   SUNSET   756 PM CDT
APRIL 24 2018.........SUNRISE   627 AM CDT   SUNSET   757 PM CDT


-  INDICATES NEGATIVE NUMBERS.
R  INDICATES RECORD WAS SET OR TIED.
MM INDICATES DATA IS MISSING.
T  INDICATES TRACE AMOUNT.




$$
