000
CDUS43 KSGF 170626
CLISGF


CLIMATE REPORT
NATIONAL WEATHER SERVICE SPRINGFIELD MO
125 AM CDT TUE APR 17 2018


...................................

...THE SPRINGFIELD MO CLIMATE SUMMARY FOR APRIL 16 2018...

CLIMATE NORMAL PERIOD 1981 TO 2010
CLIMATE RECORD PERIOD 1888 TO 2018


WEATHER ITEM   OBSERVED TIME   RECORD YEAR NORMAL DEPARTURE LAST
                VALUE   (LST)  VALUE       VALUE  FROM      YEAR
                                                  NORMAL
..................................................................
TEMPERATURE (F)
 YESTERDAY
  MAXIMUM         55    524 PM  86    2006  68    -13       74
                                      1982
  MINIMUM         30    652 AM  27    1953  44    -14       60
                                      1921
  AVERAGE         43                        56    -13       67

PRECIPITATION (IN)
  YESTERDAY        0.00          1.54 1922   0.14  -0.14     0.66
  MONTH TO DATE    0.97                      2.08  -1.11     1.69
  SINCE MAR 1      4.58                      5.70  -1.12     6.48
  SINCE JAN 1     14.11                     10.69   3.42    10.94

SNOWFALL (IN)
  YESTERDAY        0.0
  MONTH TO DATE    0.7
  SINCE MAR 1      0.7
  SINCE JUL 1      6.1
  SNOW DEPTH       0

DEGREE DAYS
 HEATING
  YESTERDAY       22                        10     12        0
  MONTH TO DATE  308                       192    116       90
  SINCE MAR 1    844                       773     71      506
  SINCE JUL 1   4133                      4366   -233     3195

 COOLING
  YESTERDAY        0                         1     -1        2
  MONTH TO DATE   10                         9      1       24
  SINCE MAR 1     10                        12     -2       30
  SINCE JAN 1     11                        12     -1       39
..................................................................


WIND (MPH)
  HIGHEST WIND SPEED    24   HIGHEST WIND DIRECTION    NW (320)
  HIGHEST GUST SPEED    31   HIGHEST GUST DIRECTION    NW (330)
  AVERAGE WIND SPEED     8.5


SKY COVER
  AVERAGE SKY COVER 0.4


WEATHER CONDITIONS
 THE FOLLOWING WEATHER WAS RECORDED YESTERDAY.
  NO SIGNIFICANT WEATHER WAS OBSERVED.


RELATIVE HUMIDITY (PERCENT)
 HIGHEST    70          1000 PM
 LOWEST     35           500 PM
 AVERAGE    53

..........................................................


THE SPRINGFIELD MO CLIMATE NORMALS FOR TODAY
                         NORMAL    RECORD    YEAR
 MAXIMUM TEMPERATURE (F)   68        87      1937
 MINIMUM TEMPERATURE (F)   45        27      1921


SUNRISE AND SUNSET
APRIL 17 2018.........SUNRISE   636 AM CDT   SUNSET   750 PM CDT
APRIL 18 2018.........SUNRISE   635 AM CDT   SUNSET   751 PM CDT


-  INDICATES NEGATIVE NUMBERS.
R  INDICATES RECORD WAS SET OR TIED.
MM INDICATES DATA IS MISSING.
T  INDICATES TRACE AMOUNT.




$$
