000
CDUS43 KSGF 142226
CLISGF


CLIMATE REPORT
NATIONAL WEATHER SERVICE SPRINGFIELD MO
526 PM CDT MON MAY 14 2018


...................................

...THE SPRINGFIELD MO CLIMATE SUMMARY FOR MAY 14 2018...
VALID TODAY AS OF 0500 PM LOCAL TIME.

CLIMATE NORMAL PERIOD 1981 TO 2010
CLIMATE RECORD PERIOD 1888 TO 2018


WEATHER ITEM   OBSERVED TIME   RECORD YEAR NORMAL DEPARTURE LAST
                VALUE   (LST)  VALUE       VALUE  FROM      YEAR
                                                  NORMAL
..................................................................
TEMPERATURE (F)
 TODAY
  MAXIMUM         88R   323 PM  88    1947  75     13       79
  MINIMUM         65    406 AM  36    2000  54     11       53
  AVERAGE         77                        64     13       66

PRECIPITATION (IN)
  TODAY            0.00          2.76 1956   0.17  -0.17     0.00
  MONTH TO DATE    1.02                      2.49  -1.47     3.10
  SINCE MAR 1      6.90                     10.43  -3.53    19.92
  SINCE JAN 1     16.43                     15.42   1.01    24.38

SNOWFALL (IN)
  TODAY            0.0
  MONTH TO DATE    0.0
  SINCE MAR 1      0.7
  SINCE JUL 1      6.1
  SNOW DEPTH       0

DEGREE DAYS
 HEATING
  TODAY            0                         3     -3        0
  MONTH TO DATE    5                        61    -56       49
  SINCE MAR 1    968                       942     26      640
  SINCE JUL 1   4257                      4535   -278     3329

 COOLING
  TODAY           12                         3      9        1
  MONTH TO DATE   97                        24     73       21
  SINCE MAR 1    109                        49     60       62
  SINCE JAN 1    110                        49     61       71
..................................................................


WIND (MPH)
  HIGHEST WIND SPEED    20   HIGHEST WIND DIRECTION    SW (220)
  HIGHEST GUST SPEED    25   HIGHEST GUST DIRECTION    SW (230)


SKY COVER
  AVERAGE SKY COVER 0.2


WEATHER CONDITIONS
 THE FOLLOWING WEATHER WAS RECORDED TODAY.
  NO SIGNIFICANT WEATHER WAS OBSERVED.


RELATIVE HUMIDITY (PERCENT)
 HIGHEST    81           300 AM
 LOWEST     46           300 PM
 AVERAGE    64

..........................................................


THE SPRINGFIELD MO CLIMATE NORMALS FOR TOMORROW
                         NORMAL    RECORD    YEAR
 MAXIMUM TEMPERATURE (F)   75        87      1957
 MINIMUM TEMPERATURE (F)   54        35      1907


SUNRISE AND SUNSET
MAY 14 2018...........SUNRISE   606 AM CDT   SUNSET   814 PM CDT
MAY 15 2018...........SUNRISE   605 AM CDT   SUNSET   815 PM CDT


-  INDICATES NEGATIVE NUMBERS.
R  INDICATES RECORD WAS SET OR TIED.
MM INDICATES DATA IS MISSING.
T  INDICATES TRACE AMOUNT.




$$
