000
CDUS43 KSGF 232248
CLISGF


CLIMATE REPORT
NATIONAL WEATHER SERVICE SPRINGFIELD MO
545 PM CDT WED MAY 23 2018


...................................

...THE SPRINGFIELD MO CLIMATE SUMMARY FOR MAY 23 2018...
VALID TODAY AS OF 0500 PM LOCAL TIME.

CLIMATE NORMAL PERIOD 1981 TO 2010
CLIMATE RECORD PERIOD 1888 TO 2018


WEATHER ITEM   OBSERVED TIME   RECORD YEAR NORMAL DEPARTURE LAST
                VALUE   (LST)  VALUE       VALUE  FROM      YEAR
                                                  NORMAL
..................................................................
TEMPERATURE (F)
 TODAY
  MAXIMUM         86    231 PM  90    1939  77      9       68
  MINIMUM         65    533 AM  40    1917  57      8       55
  AVERAGE         76                        67      9       62

PRECIPITATION (IN)
  TODAY            0.24          2.36 1971   0.16   0.08     0.04
  MONTH TO DATE    2.78                      3.91  -1.13     5.66
  SINCE MAR 1      8.66                     11.85  -3.19    22.48
  SINCE JAN 1     18.19                     16.84   1.35    26.94

SNOWFALL (IN)
  TODAY            0.0
  MONTH TO DATE    0.0
  SINCE MAR 1      0.7
  SINCE JUL 1      6.1
  SNOW DEPTH       0

DEGREE DAYS
 HEATING
  TODAY            0                         2     -2        3
  MONTH TO DATE    5                        83    -78       62
  SINCE MAR 1    968                       964      4      653
  SINCE JUL 1   4257                      4557   -300     3342

 COOLING
  TODAY           11                         4      7        0
  MONTH TO DATE  169                        53    116       63
  SINCE MAR 1    181                        78    103      104
  SINCE JAN 1    182                        78    104      113
..................................................................


WIND (MPH)
  HIGHEST WIND SPEED    20   HIGHEST WIND DIRECTION     S (180)
  HIGHEST GUST SPEED    27   HIGHEST GUST DIRECTION     S (190)


SKY COVER
  AVERAGE SKY COVER 0.3


WEATHER CONDITIONS
 THE FOLLOWING WEATHER WAS RECORDED TODAY.
  THUNDERSTORM
  HEAVY RAIN
  RAIN
  FOG


RELATIVE HUMIDITY (PERCENT)
 HIGHEST    93           600 AM
 LOWEST     55           200 PM
 AVERAGE    74

..........................................................


THE SPRINGFIELD MO CLIMATE NORMALS FOR TOMORROW
                         NORMAL    RECORD    YEAR
 MAXIMUM TEMPERATURE (F)   77        90      1939
 MINIMUM TEMPERATURE (F)   57        40      1925


SUNRISE AND SUNSET
MAY 23 2018...........SUNRISE   559 AM CDT   SUNSET   822 PM CDT
MAY 24 2018...........SUNRISE   559 AM CDT   SUNSET   823 PM CDT


-  INDICATES NEGATIVE NUMBERS.
R  INDICATES RECORD WAS SET OR TIED.
MM INDICATES DATA IS MISSING.
T  INDICATES TRACE AMOUNT.




$$
