000
CDUS43 KSGF 152227
CLISGF


CLIMATE REPORT
NATIONAL WEATHER SERVICE SPRINGFIELD MO
526 PM CDT TUE MAY 15 2018


...................................

...THE SPRINGFIELD MO CLIMATE SUMMARY FOR MAY 15 2018...
VALID TODAY AS OF 0500 PM LOCAL TIME.

CLIMATE NORMAL PERIOD 1981 TO 2010
CLIMATE RECORD PERIOD 1888 TO 2018


WEATHER ITEM   OBSERVED TIME   RECORD YEAR NORMAL DEPARTURE LAST
                VALUE   (LST)  VALUE       VALUE  FROM      YEAR
                                                  NORMAL
..................................................................
TEMPERATURE (F)
 TODAY
  MAXIMUM         79    359 PM  87    1957  75      4       84
  MINIMUM         62    406 AM  35    1907  54      8       59
  AVERAGE         71                        65      6       72

PRECIPITATION (IN)
  TODAY            0.23          1.72 1990   0.16   0.07     0.00
  MONTH TO DATE    1.25                      2.65  -1.40     3.10
  SINCE MAR 1      7.13                     10.59  -3.46    19.92
  SINCE JAN 1     16.66                     15.58   1.08    24.38

SNOWFALL (IN)
  TODAY            0.0
  MONTH TO DATE    0.0
  SINCE MAR 1      0.7
  SINCE JUL 1      6.1
  SNOW DEPTH       0

DEGREE DAYS
 HEATING
  TODAY            0                         3     -3        0
  MONTH TO DATE    5                        64    -59       49
  SINCE MAR 1    968                       945     23      640
  SINCE JUL 1   4257                      4538   -281     3329

 COOLING
  TODAY            6                         3      3        7
  MONTH TO DATE  103                        27     76       28
  SINCE MAR 1    115                        52     63       69
  SINCE JAN 1    116                        52     64       78
..................................................................


WIND (MPH)
  HIGHEST WIND SPEED    22   HIGHEST WIND DIRECTION     W (280)
  HIGHEST GUST SPEED    32   HIGHEST GUST DIRECTION     W (290)


SKY COVER
  AVERAGE SKY COVER 0.4


WEATHER CONDITIONS
 THE FOLLOWING WEATHER WAS RECORDED TODAY.
  THUNDERSTORM
  HEAVY RAIN
  RAIN
  LIGHT RAIN
  FOG


RELATIVE HUMIDITY (PERCENT)
 HIGHEST    93           600 AM
 LOWEST     58           400 PM
 AVERAGE    76

..........................................................


THE SPRINGFIELD MO CLIMATE NORMALS FOR TOMORROW
                         NORMAL    RECORD    YEAR
 MAXIMUM TEMPERATURE (F)   75        93      1972
 MINIMUM TEMPERATURE (F)   55        36      1997
                                             1890


SUNRISE AND SUNSET
MAY 15 2018...........SUNRISE   605 AM CDT   SUNSET   815 PM CDT
MAY 16 2018...........SUNRISE   604 AM CDT   SUNSET   816 PM CDT


-  INDICATES NEGATIVE NUMBERS.
R  INDICATES RECORD WAS SET OR TIED.
MM INDICATES DATA IS MISSING.
T  INDICATES TRACE AMOUNT.




$$
