094
CDUS43 KSGF 182137
CLISGF


CLIMATE REPORT
NATIONAL WEATHER SERVICE SPRINGFIELD MO
437 PM CDT FRI MAY 18 2018


...................................

...THE SPRINGFIELD MO CLIMATE SUMMARY FOR MAY 18 2018...
VALID AS OF 0400 PM LOCAL TIME.

CLIMATE NORMAL PERIOD 1981 TO 2010
CLIMATE RECORD PERIOD 1888 TO 2018


WEATHER ITEM   OBSERVED TIME   RECORD YEAR NORMAL DEPARTURE LAST
                VALUE   (LST)  VALUE       VALUE  FROM      YEAR
                                                  NORMAL
..................................................................
TEMPERATURE (F)
 TODAY
  MAXIMUM         84    248 PM  88    1962  76      8       87
  MINIMUM         58    329 AM  37    2002  55      3       66
  AVERAGE         71                        65      6       77

PRECIPITATION (IN)
  TODAY            0.00          2.13 1943   0.16  -0.16     0.00
  MONTH TO DATE    1.71                      3.13  -1.42     3.13
  SINCE MAR 1      7.59                     11.07  -3.48    19.95
  SINCE JAN 1     17.12                     16.06   1.06    24.41

SNOWFALL (IN)
  TODAY            0.0
  MONTH TO DATE    0.0
  SINCE MAR 1      0.7
  SINCE JUL 1      6.1
  SNOW DEPTH       0

DEGREE DAYS
 HEATING
  TODAY            0                         3     -3        0
  MONTH TO DATE    5                        73    -68       49
  SINCE MAR 1    968                       954     14      640
  SINCE JUL 1   4257                      4547   -290     3329

 COOLING
  TODAY            6                         3      3       12
  MONTH TO DATE  123                        36     87       57
  SINCE MAR 1    135                        61     74       98
  SINCE JAN 1    136                        61     75      107
..................................................................


WIND (MPH)
  HIGHEST WIND SPEED     9   HIGHEST WIND DIRECTION    NE (50)
  HIGHEST GUST SPEED    13   HIGHEST GUST DIRECTION     E (70)


SKY COVER
  AVERAGE SKY COVER 0.2


WEATHER CONDITIONS
 THE FOLLOWING WEATHER WAS RECORDED TODAY.
  FOG


RELATIVE HUMIDITY (PERCENT)
 HIGHEST    97           600 AM
 LOWEST     47           300 PM
 AVERAGE    72

..........................................................


THE SPRINGFIELD MO CLIMATE NORMALS FOR TOMORROW
                         NORMAL    RECORD    YEAR
 MAXIMUM TEMPERATURE (F)   76        91      1987
 MINIMUM TEMPERATURE (F)   55        38      1968
                                             1894


SUNRISE AND SUNSET
MAY 18 2018...........SUNRISE   603 AM CDT   SUNSET   818 PM CDT
MAY 19 2018...........SUNRISE   602 AM CDT   SUNSET   819 PM CDT


-  INDICATES NEGATIVE NUMBERS.
R  INDICATES RECORD WAS SET OR TIED.
MM INDICATES DATA IS MISSING.
T  INDICATES TRACE AMOUNT.




$$
