000
CDUS43 KSGF 090629
CLISGF


CLIMATE REPORT
NATIONAL WEATHER SERVICE SPRINGFIELD MO
129 AM CDT WED MAY 9 2018


...................................

...THE SPRINGFIELD MO CLIMATE SUMMARY FOR MAY 8 2018...

CLIMATE NORMAL PERIOD 1981 TO 2010
CLIMATE RECORD PERIOD 1888 TO 2018


WEATHER ITEM   OBSERVED TIME   RECORD YEAR NORMAL DEPARTURE LAST
                VALUE   (LST)  VALUE       VALUE  FROM      YEAR
                                                  NORMAL
..................................................................
TEMPERATURE (F)
 YESTERDAY
  MAXIMUM         85    406 PM  89    1918  73     12       82
  MINIMUM         64    554 AM  35    1976  52     12       58
  AVERAGE         75                        63     12       70

PRECIPITATION (IN)
  YESTERDAY        0.00          3.27 1909   0.18  -0.18     0.00
  MONTH TO DATE    0.97                      1.42  -0.45     1.94
  SINCE MAR 1      6.85                      9.36  -2.51    18.76
  SINCE JAN 1     16.38                     14.35   2.03    23.22

SNOWFALL (IN)
  YESTERDAY        0.0
  MONTH TO DATE    0.0
  SINCE MAR 1      0.7
  SINCE JUL 1      6.1
  SNOW DEPTH       0

DEGREE DAYS
 HEATING
  YESTERDAY        0                         4     -4        0
  MONTH TO DATE    5                        39    -34       48
  SINCE MAR 1    968                       920     48      639
  SINCE JUL 1   4257                      4513   -256     3328

 COOLING
  YESTERDAY       10                         2      8        5
  MONTH TO DATE   34                        11     23        7
  SINCE MAR 1     46                        36     10       48
  SINCE JAN 1     47                        36     11       57
..................................................................


WIND (MPH)
  HIGHEST WIND SPEED    20   HIGHEST WIND DIRECTION    SE (150)
  HIGHEST GUST SPEED    29   HIGHEST GUST DIRECTION    SE (150)
  AVERAGE WIND SPEED    14.5


SKY COVER
  AVERAGE SKY COVER 0.0


WEATHER CONDITIONS
 THE FOLLOWING WEATHER WAS RECORDED YESTERDAY.
  NO SIGNIFICANT WEATHER WAS OBSERVED.


RELATIVE HUMIDITY (PERCENT)
 HIGHEST    63           300 AM
 LOWEST     40           600 PM
 AVERAGE    52

..........................................................


THE SPRINGFIELD MO CLIMATE NORMALS FOR TODAY
                         NORMAL    RECORD    YEAR
 MAXIMUM TEMPERATURE (F)   74        89      2011
 MINIMUM TEMPERATURE (F)   52        32      1980


SUNRISE AND SUNSET
MAY  9 2018...........SUNRISE   610 AM CDT   SUNSET   810 PM CDT
MAY 10 2018...........SUNRISE   609 AM CDT   SUNSET   811 PM CDT


-  INDICATES NEGATIVE NUMBERS.
R  INDICATES RECORD WAS SET OR TIED.
MM INDICATES DATA IS MISSING.
T  INDICATES TRACE AMOUNT.




$$
