000
CDUS43 KSGF 072128
CLISGF


CLIMATE REPORT
NATIONAL WEATHER SERVICE SPRINGFIELD MO
427 PM CDT SAT APR 7 2018


...................................

...THE SPRINGFIELD MO CLIMATE SUMMARY FOR APRIL 7 2018...
VALID AS OF 0400 PM LOCAL TIME.

CLIMATE NORMAL PERIOD 1981 TO 2010
CLIMATE RECORD PERIOD 1888 TO 2018


WEATHER ITEM   OBSERVED TIME   RECORD YEAR NORMAL DEPARTURE LAST
                VALUE   (LST)  VALUE       VALUE  FROM      YEAR
                                                  NORMAL
..................................................................
TEMPERATURE (F)
 TODAY
  MAXIMUM         44    259 PM  85    1893  65    -21       64
  MINIMUM         22R   513 AM  22    2007  42    -20       31
  AVERAGE         33                        53    -20       48

PRECIPITATION (IN)
  TODAY            0.02          1.65 1908   0.13  -0.11     0.00
  MONTH TO DATE    0.36                      0.88  -0.52     1.03
  SINCE MAR 1      3.97                      4.50  -0.53     5.82
  SINCE JAN 1     13.50                      9.49   4.01    10.28

SNOWFALL (IN)
  TODAY            0.4
  MONTH TO DATE    0.7
  SINCE MAR 1      0.7
  SINCE JUL 1      6.1
  SNOW DEPTH       1

DEGREE DAYS
 HEATING
  TODAY           32                        12     20       17
  MONTH TO DATE  163                        93     70       72
  SINCE MAR 1    699                       674     25      488
  SINCE JUL 1   3988                      4267   -279     3177

 COOLING
  TODAY            0                         0      0        0
  MONTH TO DATE    0                         0      0        0
  SINCE MAR 1      0                         3     -3        6
  SINCE JAN 1      1                         3     -2       15
..................................................................


WIND (MPH)
  HIGHEST WIND SPEED    23   HIGHEST WIND DIRECTION     N (20)
  HIGHEST GUST SPEED    29   HIGHEST GUST DIRECTION     N (10)


SKY COVER
  AVERAGE SKY COVER 0.6


WEATHER CONDITIONS
 THE FOLLOWING WEATHER WAS RECORDED TODAY.
  LIGHT SNOW
  FOG


RELATIVE HUMIDITY (PERCENT)
 HIGHEST    88           400 AM
 LOWEST     31           300 PM
 AVERAGE    60

..........................................................


THE SPRINGFIELD MO CLIMATE NORMALS FOR TOMORROW
                         NORMAL    RECORD    YEAR
 MAXIMUM TEMPERATURE (F)   65        88      1890
 MINIMUM TEMPERATURE (F)   42        20      2007


SUNRISE AND SUNSET
APRIL  7 2018.........SUNRISE   650 AM CDT   SUNSET   742 PM CDT
APRIL  8 2018.........SUNRISE   649 AM CDT   SUNSET   742 PM CDT


-  INDICATES NEGATIVE NUMBERS.
R  INDICATES RECORD WAS SET OR TIED.
MM INDICATES DATA IS MISSING.
T  INDICATES TRACE AMOUNT.




$$
