000
CDUS43 KSGF 092225
CLISGF


CLIMATE REPORT
NATIONAL WEATHER SERVICE SPRINGFIELD MO
525 PM CDT MON APR 9 2018


...................................

...THE SPRINGFIELD MO CLIMATE SUMMARY FOR APRIL 9 2018...
VALID TODAY AS OF 0500 PM LOCAL TIME.

CLIMATE NORMAL PERIOD 1981 TO 2010
CLIMATE RECORD PERIOD 1888 TO 2018


WEATHER ITEM   OBSERVED TIME   RECORD YEAR NORMAL DEPARTURE LAST
                VALUE   (LST)  VALUE       VALUE  FROM      YEAR
                                                  NORMAL
..................................................................
TEMPERATURE (F)
 TODAY
  MAXIMUM         60   1214 PM  87    1905  65     -5       80
  MINIMUM         30    413 AM  25    1914  42    -12       61
  AVERAGE         45                        54     -9       71

PRECIPITATION (IN)
  TODAY            0.00          1.95 1927   0.13  -0.13     0.00
  MONTH TO DATE    0.44                      1.14  -0.70     1.03
  SINCE MAR 1      4.05                      4.76  -0.71     5.82
  SINCE JAN 1     13.58                      9.75   3.83    10.28

SNOWFALL (IN)
  TODAY            0.0
  MONTH TO DATE    0.7
  SINCE MAR 1      0.7
  SINCE JUL 1      6.1
  SNOW DEPTH       0

DEGREE DAYS
 HEATING
  TODAY           20                        12      8        0
  MONTH TO DATE  211                       117     94       72
  SINCE MAR 1    747                       698     49      488
  SINCE JUL 1   4036                      4291   -255     3177

 COOLING
  TODAY            0                         1     -1        6
  MONTH TO DATE    0                         2     -2        6
  SINCE MAR 1      0                         5     -5       12
  SINCE JAN 1      1                         5     -4       21
..................................................................


WIND (MPH)
  HIGHEST WIND SPEED    18   HIGHEST WIND DIRECTION     N (340)
  HIGHEST GUST SPEED    25   HIGHEST GUST DIRECTION     N (350)


SKY COVER
  AVERAGE SKY COVER 0.2


WEATHER CONDITIONS
 THE FOLLOWING WEATHER WAS RECORDED TODAY.
  NO SIGNIFICANT WEATHER WAS OBSERVED.


RELATIVE HUMIDITY (PERCENT)
 HIGHEST    75           600 AM
 LOWEST     40          1200 PM
 AVERAGE    58

..........................................................


THE SPRINGFIELD MO CLIMATE NORMALS FOR TOMORROW
                         NORMAL    RECORD    YEAR
 MAXIMUM TEMPERATURE (F)   66        87      1930
 MINIMUM TEMPERATURE (F)   42        24      1989


SUNRISE AND SUNSET
APRIL  9 2018.........SUNRISE   647 AM CDT   SUNSET   743 PM CDT
APRIL 10 2018.........SUNRISE   646 AM CDT   SUNSET   744 PM CDT


-  INDICATES NEGATIVE NUMBERS.
R  INDICATES RECORD WAS SET OR TIED.
MM INDICATES DATA IS MISSING.
T  INDICATES TRACE AMOUNT.




$$
