649
CDUS43 KSGF 192244
CLISGF


CLIMATE REPORT
NATIONAL WEATHER SERVICE SPRINGFIELD MO
544 PM CDT SAT MAY 19 2018


...................................

...THE SPRINGFIELD MO CLIMATE SUMMARY FOR MAY 19 2018...
VALID TODAY AS OF 0500 PM LOCAL TIME.

CLIMATE NORMAL PERIOD 1981 TO 2010
CLIMATE RECORD PERIOD 1888 TO 2018


WEATHER ITEM   OBSERVED TIME   RECORD YEAR NORMAL DEPARTURE LAST
                VALUE   (LST)  VALUE       VALUE  FROM      YEAR
                                                  NORMAL
..................................................................
TEMPERATURE (F)
 TODAY
  MAXIMUM         84    359 PM  91    1987  76      8       79
  MINIMUM         65   1148 AM  38    1968  55     10       62
                                      1894
  AVERAGE         75                        66      9       71

PRECIPITATION (IN)
  TODAY            0.14          2.70 1943   0.15  -0.01     1.80
  MONTH TO DATE    1.85                      3.28  -1.43     4.93
  SINCE MAR 1      7.73                     11.22  -3.49    21.75
  SINCE JAN 1     17.26                     16.21   1.05    26.21

SNOWFALL (IN)
  TODAY            0.0
  MONTH TO DATE    0.0
  SINCE MAR 1      0.7
  SINCE JUL 1      6.1
  SNOW DEPTH       0

DEGREE DAYS
 HEATING
  TODAY            0                         2     -2        0
  MONTH TO DATE    5                        75    -70       49
  SINCE MAR 1    968                       956     12      640
  SINCE JUL 1   4257                      4549   -292     3329

 COOLING
  TODAY           10                         3      7        6
  MONTH TO DATE  133                        39     94       63
  SINCE MAR 1    145                        64     81      104
  SINCE JAN 1    146                        64     82      113
..................................................................


WIND (MPH)
  HIGHEST WIND SPEED    30   HIGHEST WIND DIRECTION     N (340)
  HIGHEST GUST SPEED    38   HIGHEST GUST DIRECTION     N (350)


SKY COVER
  AVERAGE SKY COVER 0.4


WEATHER CONDITIONS
 THE FOLLOWING WEATHER WAS RECORDED TODAY.
  THUNDERSTORM
  RAIN
  LIGHT RAIN
  FOG


RELATIVE HUMIDITY (PERCENT)
 HIGHEST    87           500 AM
 LOWEST     61           400 PM
 AVERAGE    74

..........................................................


THE SPRINGFIELD MO CLIMATE NORMALS FOR TOMORROW
                         NORMAL    RECORD    YEAR
 MAXIMUM TEMPERATURE (F)   76        90      1964
 MINIMUM TEMPERATURE (F)   56        38      1981


SUNRISE AND SUNSET
MAY 19 2018...........SUNRISE   602 AM CDT   SUNSET   819 PM CDT
MAY 20 2018...........SUNRISE   601 AM CDT   SUNSET   819 PM CDT


-  INDICATES NEGATIVE NUMBERS.
R  INDICATES RECORD WAS SET OR TIED.
MM INDICATES DATA IS MISSING.
T  INDICATES TRACE AMOUNT.




$$
