000
CDUS43 KSGF 190627
CLISGF


CLIMATE REPORT
NATIONAL WEATHER SERVICE SPRINGFIELD MO
127 AM CDT THU APR 19 2018


...................................

...THE SPRINGFIELD MO CLIMATE SUMMARY FOR APRIL 18 2018...

CLIMATE NORMAL PERIOD 1981 TO 2010
CLIMATE RECORD PERIOD 1888 TO 2018


WEATHER ITEM   OBSERVED TIME   RECORD YEAR NORMAL DEPARTURE LAST
                VALUE   (LST)  VALUE       VALUE  FROM      YEAR
                                                  NORMAL
..................................................................
TEMPERATURE (F)
 YESTERDAY
  MAXIMUM         70    315 AM  92    2006  68      2       78
  MINIMUM         38    906 PM  26    1953  45     -7       54
  AVERAGE         54                        56     -2       66

PRECIPITATION (IN)
  YESTERDAY        0.00          2.13 1941   0.14  -0.14     0.00
  MONTH TO DATE    0.97                      2.37  -1.40     2.07
  SINCE MAR 1      4.58                      5.99  -1.41     6.86
  SINCE JAN 1     14.11                     10.98   3.13    11.32

SNOWFALL (IN)
  YESTERDAY        0.0
  MONTH TO DATE    0.7
  SINCE MAR 1      0.7
  SINCE JUL 1      6.1
  SNOW DEPTH       0

DEGREE DAYS
 HEATING
  YESTERDAY       11                         9      2        0
  MONTH TO DATE  325                       211    114       90
  SINCE MAR 1    861                       792     69      506
  SINCE JUL 1   4150                      4385   -235     3195

 COOLING
  YESTERDAY        0                         1     -1        1
  MONTH TO DATE   10                        11     -1       25
  SINCE MAR 1     10                        14     -4       31
  SINCE JAN 1     11                        14     -3       40
..................................................................


WIND (MPH)
  HIGHEST WIND SPEED    28   HIGHEST WIND DIRECTION     W (270)
  HIGHEST GUST SPEED    40   HIGHEST GUST DIRECTION     W (290)
  AVERAGE WIND SPEED    18.1


SKY COVER
  AVERAGE SKY COVER 0.3


WEATHER CONDITIONS
 THE FOLLOWING WEATHER WAS RECORDED YESTERDAY.
  NO SIGNIFICANT WEATHER WAS OBSERVED.


RELATIVE HUMIDITY (PERCENT)
 HIGHEST    64           900 PM
 LOWEST     37           400 PM
 AVERAGE    51

..........................................................


THE SPRINGFIELD MO CLIMATE NORMALS FOR TODAY
                         NORMAL    RECORD    YEAR
 MAXIMUM TEMPERATURE (F)   68        89      1987
 MINIMUM TEMPERATURE (F)   45        28      1953


SUNRISE AND SUNSET
APRIL 19 2018.........SUNRISE   634 AM CDT   SUNSET   752 PM CDT
APRIL 20 2018.........SUNRISE   632 AM CDT   SUNSET   753 PM CDT


-  INDICATES NEGATIVE NUMBERS.
R  INDICATES RECORD WAS SET OR TIED.
MM INDICATES DATA IS MISSING.
T  INDICATES TRACE AMOUNT.




$$
