000
CXUS53 KSGF 010647
CLMSGF


CLIMATE REPORT
NATIONAL WEATHER SERVICE SPRINGFIELD MO
1243 AM CST THU FEB 1 2018

...................................

...THE SPRINGFIELD MO CLIMATE SUMMARY FOR THE MONTH OF JANUARY 2018...

CLIMATE NORMAL PERIOD 1981 TO 2010
CLIMATE RECORD PERIOD 1888 TO 2018

WEATHER         OBSERVED          NORMAL  DEPART
                 VALUE   DATE(S)  VALUE   FROM
                                          NORMAL
................................................
TEMPERATURE (F)
RECORD
 HIGH              76   01/24/1950
 LOW              -19   01/12/1918
HIGHEST            72   01/21        42      30
LOWEST             -8   01/17        20     -28
AVG. MAXIMUM     43.3              42.9     0.4
AVG. MINIMUM     20.2              22.4    -2.2
MEAN             31.7              32.6    -0.9
DAYS MAX >= 90      0               0.0     0.0
DAYS MAX <= 32      9               6.2     2.8
DAYS MIN <= 32     24              25.0    -1.0
DAYS MIN <= 0       3               1.3     1.7

PRECIPITATION (INCHES)
RECORD
 MAXIMUM         9.31   1916
 MINIMUM         0.07   1943
TOTALS           1.96              2.47   -0.51
DAILY AVG.       0.06              0.08   -0.02
DAYS >= .01         6               8.2    -2.2
DAYS >= .10         4               4.2    -0.2
DAYS >= .50         2               1.5     0.5
DAYS >= 1.00        0               0.6    -0.6
GREATEST
 24 HR. TOTAL    0.95   01/21 TO 01/21

SNOWFALL (INCHES)
TOTALS            2.7
SINCE 7/1         4.5
DAYS >= TRACE       7

DEGREE_DAYS
HEATING TOTAL    1022              1003      19
 SINCE 7/1       2576              2813    -237
COOLING TOTAL       0                 0       0
 SINCE 1/1          0                 0       0
.................................................

WIND (MPH)
AVERAGE WIND SPEED              11.1
HIGHEST WIND SPEED/DIRECTION    33/190    DATE  01/26
HIGHEST GUST SPEED/DIRECTION    48/230    DATE  01/22

SKY COVER
POSSIBLE SUNSHINE (PERCENT)   MM
AVERAGE SKY COVER           0.40
NUMBER OF DAYS FAIR           17
NUMBER OF DAYS PC              8
NUMBER OF DAYS CLOUDY          6

AVERAGE RH (PERCENT)     65

WEATHER CONDITIONS. NUMBER OF DAYS WITH
THUNDERSTORM              0     MIXED PRECIP               0
HEAVY RAIN                2     RAIN                       4
LIGHT RAIN                7     FREEZING RAIN              1
LT FREEZING RAIN          2     HAIL                       0
HEAVY SNOW                0     SNOW                       1
LIGHT SNOW                6     SLEET                      2
FOG                      12     FOG W/VIS <= 1/4 MILE      2
HAZE                      1

-  INDICATES NEGATIVE NUMBERS.
R  INDICATES RECORD WAS SET OR TIED.
MM INDICATES DATA IS MISSING.
T  INDICATES TRACE AMOUNT.

$$
