000
CXUS53 KSGF 010631
CLMSGF


CLIMATE REPORT
NATIONAL WEATHER SERVICE SPRINGFIELD MO
130 AM CDT SUN APR 1 2018

...................................

...THE SPRINGFIELD MO CLIMATE SUMMARY FOR THE MONTH OF MARCH 2018...

CLIMATE NORMAL PERIOD 1981 TO 2010
CLIMATE RECORD PERIOD 1888 TO 2018

WEATHER         OBSERVED          NORMAL  DEPART
                 VALUE   DATE(S)  VALUE   FROM
                                          NORMAL
................................................
TEMPERATURE (F)
RECORD
 HIGH              92   03/20/1907
 LOW               -8   03/07/1943
HIGHEST            74   03/15        57      17
LOWEST             21   03/08        34     -13
AVG. MAXIMUM     58.5              57.5     1.0
AVG. MINIMUM     36.3              35.2     1.1
MEAN             47.4              46.3     1.1
DAYS MAX >= 90      0               0.0     0.0
DAYS MAX <= 32      0               0.5    -0.5
DAYS MIN <= 32      9              12.2    -3.2
DAYS MIN <= 0       0               0.0     0.0

PRECIPITATION (INCHES)
RECORD
 MAXIMUM         9.40   2008
 MINIMUM         0.50   1956
TOTALS           3.61              3.62   -0.01
DAILY AVG.       0.12              0.12    0.00
DAYS >= .01        12              10.5     1.5
DAYS >= .10         8               6.5     1.5
DAYS >= .50         1               2.3    -1.3
DAYS >= 1.00        1               1.0     0.0
GREATEST
 24 HR. TOTAL    2.29   03/27 TO 03/27

SNOWFALL (INCHES)
TOTALS              T
SINCE 7/1         5.4
DAYS >= TRACE       1

DEGREE_DAYS
HEATING TOTAL     536               581     -45
 SINCE 7/1       3825              4174    -349
COOLING TOTAL       0                 3      -3
 SINCE 1/1          1                 3      -2
.................................................

WIND (MPH)
AVERAGE WIND SPEED              11.1
HIGHEST WIND SPEED/DIRECTION    36/280    DATE  03/06
HIGHEST GUST SPEED/DIRECTION    52/310    DATE  03/06

SKY COVER
POSSIBLE SUNSHINE (PERCENT)   MM
AVERAGE SKY COVER           0.50
NUMBER OF DAYS FAIR           11
NUMBER OF DAYS PC             12
NUMBER OF DAYS CLOUDY          8

AVERAGE RH (PERCENT)     66

WEATHER CONDITIONS. NUMBER OF DAYS WITH
  0
  6
  0
  0
  0
  0
  1
HAZE                      4

-  INDICATES NEGATIVE NUMBERS.
R  INDICATES RECORD WAS SET OR TIED.
MM INDICATES DATA IS MISSING.
T  INDICATES TRACE AMOUNT.

$$
